{"id":248,"date":"2015-06-23T09:56:57","date_gmt":"2015-06-23T09:56:57","guid":{"rendered":"http:\/\/healthcoach.stylemixthemes.com\/demo\/?page_id=248"},"modified":"2024-08-21T19:14:49","modified_gmt":"2024-08-21T17:14:49","slug":"kontakt","status":"publish","type":"page","link":"https:\/\/pieceofcake.coach\/gesundheitsshop\/kontakt","title":{"rendered":"Kontakt"},"content":{"rendered":"<div class=\"wpb-content-wrapper\"><p>[vc_row show_bump=&#8220;true&#8220;][vc_column width=&#8220;1\/2&#8243;][vc_custom_heading text=&#8220;Kontakt&#8220; font_container=&#8220;tag:h1|text_align:left&#8220; use_theme_fonts=&#8220;yes&#8220;][vc_separator color=&#8220;custom&#8220; align=&#8220;align_left&#8220; el_width=&#8220;20&#8243; css_animation=&#8220;left-to-right&#8220; accent_color=&#8220;#e1e1e1&#8243;][vc_column_text css=&#8220;.vc_custom_1724260160556{padding-bottom: 10px !important;}&#8220;]<strong>piece of cake GESUNDHEITSSHOP<\/strong><\/p>\n<p>Postadresse, kein Ladengensch\u00e4ft:<br \/>\nRothenfelsstr.1<br \/>\n87509 Immenstadt im Allg\u00e4u<\/p>\n<p>Telefon: <a href=\"tel:03034068974\">+49 (30) 340 68 974<\/a><br \/>\nE-Mail: daniel@pieceofcake.coach[\/vc_column_text][\/vc_column][vc_column width=&#8220;1\/2&#8243;][vc_column_text css=&#8220;.vc_custom_1724260484655{padding-bottom: 10px !important;}&#8220;]<strong><img loading=\"lazy\" decoding=\"async\" class=\"alignleft wp-image-30577\" src=\"https:\/\/pieceofcake.coach\/gesundheitsshop\/wp-content\/uploads\/sites\/5\/2022\/03\/daniel-aichinger-hochf-80x80.jpg\" alt=\"\" width=\"200\" height=\"300\" srcset=\"https:\/\/pieceofcake.coach\/gesundheitsshop\/wp-content\/uploads\/sites\/5\/2022\/03\/daniel-aichinger-hochf-200x300.jpg 200w, https:\/\/pieceofcake.coach\/gesundheitsshop\/wp-content\/uploads\/sites\/5\/2022\/03\/daniel-aichinger-hochf.jpg 400w\" sizes=\"auto, (max-width: 200px) 100vw, 200px\" \/><\/strong><\/p>\n<h3><strong>Telefonische<br \/>\n<\/strong><strong>Beratung<\/strong><\/h3>\n<p><strong>Wenn Du eine Frage zu einem Produkt hast, z\u00f6gere nicht mich zu kontaktieren.<\/strong><br \/>\nIch berate Dich gerne telefonisch und helfe Dir, genau die Produkte zu w\u00e4hlen, die zu Deinem Anliegen passen. Das kann ich, weil ich als ganzheitlicher Ern\u00e4hrungsberater bereits hunderte Klienten individuell beraten habe. Das ist meine Leidenschaft. Ich rufe Dich auch zur\u00fcck.[\/vc_column_text][\/vc_column][\/vc_row]<\/p>\n<\/div>","protected":false},"excerpt":{"rendered":"<p>[vc_row show_bump=&#8220;true&#8220;][vc_column width=&#8220;1\/2&#8243;][vc_custom_heading text=&#8220;Kontakt&#8220; font_container=&#8220;tag:h1|text_align:left&#8220; use_theme_fonts=&#8220;yes&#8220;][vc_separator color=&#8220;custom&#8220; align=&#8220;align_left&#8220; el_width=&#8220;20&#8243; css_animation=&#8220;left-to-right&#8220; accent_color=&#8220;#e1e1e1&#8243;][vc_column_text css=&#8220;.vc_custom_1724260160556{padding-bottom: 10px !important;}&#8220;]piece of cake GESUNDHEITSSHOP Postadresse, kein Ladengensch\u00e4ft: Rothenfelsstr.1 87509 Immenstadt im Allg\u00e4u Telefon: +49 (30) 340 68 974 E-Mail: daniel@pieceofcake.coach[\/vc_column_text][\/vc_column][vc_column width=&#8220;1\/2&#8243;][vc_column_text css=&#8220;.vc_custom_1724260484655{padding-bottom: 10px !important;}&#8220;] Telefonische Beratung Wenn Du eine Frage zu einem Produkt hast, z\u00f6gere nicht mich zu kontaktieren. Ich berate Dich&hellip;<\/p>\n","protected":false},"author":1,"featured_media":0,"parent":0,"menu_order":0,"comment_status":"closed","ping_status":"closed","template":"","meta":{"footnotes":""},"class_list":["post-248","page","type-page","status-publish","hentry","description-off"],"yoast_head":"<!-- This site is optimized with the Yoast SEO plugin v26.4 - https:\/\/yoast.com\/wordpress\/plugins\/seo\/ -->\n<title>Kontakt - piece of cake Gesundheitsshop Ern\u00e4hrungsberatung &amp; Gesundheitsshop<\/title>\n<meta name=\"description\" content=\"Deine individuelle Ern\u00e4hrungsberatung und gesunde Dinge kaufen kannst Du in meinem Ladengesch\u00e4ft in Berlin- Wei\u00dfensee. Oder online. Ich freue mich auf Dich.\" \/>\n<meta name=\"robots\" content=\"index, follow, max-snippet:-1, max-image-preview:large, max-video-preview:-1\" \/>\n<link rel=\"canonical\" href=\"https:\/\/pieceofcake.coach\/gesundheitsshop\/kontakt\" \/>\n<meta property=\"og:locale\" content=\"de_DE\" \/>\n<meta property=\"og:type\" content=\"article\" \/>\n<meta property=\"og:title\" content=\"Kontakt - piece of cake Gesundheitsshop Ern\u00e4hrungsberatung &amp; Gesundheitsshop\" \/>\n<meta property=\"og:description\" content=\"Deine individuelle Ern\u00e4hrungsberatung und gesunde Dinge kaufen kannst Du in meinem Ladengesch\u00e4ft in Berlin- Wei\u00dfensee. Oder online. Ich freue mich auf Dich.\" \/>\n<meta property=\"og:url\" content=\"https:\/\/pieceofcake.coach\/gesundheitsshop\/kontakt\" \/>\n<meta property=\"og:site_name\" content=\"piece of cake Gesundheitsshop\" \/>\n<meta property=\"article:modified_time\" content=\"2024-08-21T17:14:49+00:00\" \/>\n<meta property=\"og:image\" content=\"https:\/\/pieceofcake.coach\/gesundheitsshop\/wp-content\/uploads\/sites\/5\/2022\/03\/daniel-aichinger-hochf-80x80.jpg\" \/>\n<meta name=\"twitter:card\" content=\"summary_large_image\" \/>\n<meta name=\"twitter:label1\" content=\"Gesch\u00e4tzte Lesezeit\" \/>\n\t<meta name=\"twitter:data1\" content=\"1\u00a0Minute\" \/>\n<script type=\"application\/ld+json\" class=\"yoast-schema-graph\">{\"@context\":\"https:\/\/schema.org\",\"@graph\":[{\"@type\":\"WebPage\",\"@id\":\"https:\/\/pieceofcake.coach\/gesundheitsshop\/kontakt\",\"url\":\"https:\/\/pieceofcake.coach\/gesundheitsshop\/kontakt\",\"name\":\"Kontakt - piece of cake Gesundheitsshop Ern\u00e4hrungsberatung & Gesundheitsshop\",\"isPartOf\":{\"@id\":\"https:\/\/pieceofcake.coach\/gesundheitsshop\/#website\"},\"primaryImageOfPage\":{\"@id\":\"https:\/\/pieceofcake.coach\/gesundheitsshop\/kontakt#primaryimage\"},\"image\":{\"@id\":\"https:\/\/pieceofcake.coach\/gesundheitsshop\/kontakt#primaryimage\"},\"thumbnailUrl\":\"https:\/\/pieceofcake.coach\/gesundheitsshop\/wp-content\/uploads\/sites\/5\/2022\/03\/daniel-aichinger-hochf-80x80.jpg\",\"datePublished\":\"2015-06-23T09:56:57+00:00\",\"dateModified\":\"2024-08-21T17:14:49+00:00\",\"description\":\"Deine individuelle Ern\u00e4hrungsberatung und gesunde Dinge kaufen kannst Du in meinem Ladengesch\u00e4ft in Berlin- Wei\u00dfensee. Oder online. Ich freue mich auf Dich.\",\"breadcrumb\":{\"@id\":\"https:\/\/pieceofcake.coach\/gesundheitsshop\/kontakt#breadcrumb\"},\"inLanguage\":\"de\",\"potentialAction\":[{\"@type\":\"ReadAction\",\"target\":[\"https:\/\/pieceofcake.coach\/gesundheitsshop\/kontakt\"]}]},{\"@type\":\"ImageObject\",\"inLanguage\":\"de\",\"@id\":\"https:\/\/pieceofcake.coach\/gesundheitsshop\/kontakt#primaryimage\",\"url\":\"https:\/\/pieceofcake.coach\/gesundheitsshop\/wp-content\/uploads\/sites\/5\/2022\/03\/daniel-aichinger-hochf.jpg\",\"contentUrl\":\"https:\/\/pieceofcake.coach\/gesundheitsshop\/wp-content\/uploads\/sites\/5\/2022\/03\/daniel-aichinger-hochf.jpg\",\"width\":400,\"height\":600},{\"@type\":\"BreadcrumbList\",\"@id\":\"https:\/\/pieceofcake.coach\/gesundheitsshop\/kontakt#breadcrumb\",\"itemListElement\":[{\"@type\":\"ListItem\",\"position\":1,\"name\":\"Startseite\",\"item\":\"https:\/\/pieceofcake.coach\/gesundheitsshop\/\"},{\"@type\":\"ListItem\",\"position\":2,\"name\":\"Kontakt\"}]},{\"@type\":\"WebSite\",\"@id\":\"https:\/\/pieceofcake.coach\/gesundheitsshop\/#website\",\"url\":\"https:\/\/pieceofcake.coach\/gesundheitsshop\/\",\"name\":\"piece of cake Gesundheitsshop\",\"description\":\"\",\"potentialAction\":[{\"@type\":\"SearchAction\",\"target\":{\"@type\":\"EntryPoint\",\"urlTemplate\":\"https:\/\/pieceofcake.coach\/gesundheitsshop\/?s={search_term_string}\"},\"query-input\":{\"@type\":\"PropertyValueSpecification\",\"valueRequired\":true,\"valueName\":\"search_term_string\"}}],\"inLanguage\":\"de\"}]}<\/script>\n<!-- \/ Yoast SEO plugin. -->","yoast_head_json":{"title":"Kontakt - piece of cake Gesundheitsshop Ern\u00e4hrungsberatung & Gesundheitsshop","description":"Deine individuelle Ern\u00e4hrungsberatung und gesunde Dinge kaufen kannst Du in meinem Ladengesch\u00e4ft in Berlin- Wei\u00dfensee. Oder online. Ich freue mich auf Dich.","robots":{"index":"index","follow":"follow","max-snippet":"max-snippet:-1","max-image-preview":"max-image-preview:large","max-video-preview":"max-video-preview:-1"},"canonical":"https:\/\/pieceofcake.coach\/gesundheitsshop\/kontakt","og_locale":"de_DE","og_type":"article","og_title":"Kontakt - piece of cake Gesundheitsshop Ern\u00e4hrungsberatung & Gesundheitsshop","og_description":"Deine individuelle Ern\u00e4hrungsberatung und gesunde Dinge kaufen kannst Du in meinem Ladengesch\u00e4ft in Berlin- Wei\u00dfensee. Oder online. Ich freue mich auf Dich.","og_url":"https:\/\/pieceofcake.coach\/gesundheitsshop\/kontakt","og_site_name":"piece of cake Gesundheitsshop","article_modified_time":"2024-08-21T17:14:49+00:00","og_image":[{"url":"https:\/\/pieceofcake.coach\/gesundheitsshop\/wp-content\/uploads\/sites\/5\/2022\/03\/daniel-aichinger-hochf-80x80.jpg","type":"","width":"","height":""}],"twitter_card":"summary_large_image","twitter_misc":{"Gesch\u00e4tzte Lesezeit":"1\u00a0Minute"},"schema":{"@context":"https:\/\/schema.org","@graph":[{"@type":"WebPage","@id":"https:\/\/pieceofcake.coach\/gesundheitsshop\/kontakt","url":"https:\/\/pieceofcake.coach\/gesundheitsshop\/kontakt","name":"Kontakt - piece of cake Gesundheitsshop Ern\u00e4hrungsberatung & Gesundheitsshop","isPartOf":{"@id":"https:\/\/pieceofcake.coach\/gesundheitsshop\/#website"},"primaryImageOfPage":{"@id":"https:\/\/pieceofcake.coach\/gesundheitsshop\/kontakt#primaryimage"},"image":{"@id":"https:\/\/pieceofcake.coach\/gesundheitsshop\/kontakt#primaryimage"},"thumbnailUrl":"https:\/\/pieceofcake.coach\/gesundheitsshop\/wp-content\/uploads\/sites\/5\/2022\/03\/daniel-aichinger-hochf-80x80.jpg","datePublished":"2015-06-23T09:56:57+00:00","dateModified":"2024-08-21T17:14:49+00:00","description":"Deine individuelle Ern\u00e4hrungsberatung und gesunde Dinge kaufen kannst Du in meinem Ladengesch\u00e4ft in Berlin- Wei\u00dfensee. Oder online. Ich freue mich auf Dich.","breadcrumb":{"@id":"https:\/\/pieceofcake.coach\/gesundheitsshop\/kontakt#breadcrumb"},"inLanguage":"de","potentialAction":[{"@type":"ReadAction","target":["https:\/\/pieceofcake.coach\/gesundheitsshop\/kontakt"]}]},{"@type":"ImageObject","inLanguage":"de","@id":"https:\/\/pieceofcake.coach\/gesundheitsshop\/kontakt#primaryimage","url":"https:\/\/pieceofcake.coach\/gesundheitsshop\/wp-content\/uploads\/sites\/5\/2022\/03\/daniel-aichinger-hochf.jpg","contentUrl":"https:\/\/pieceofcake.coach\/gesundheitsshop\/wp-content\/uploads\/sites\/5\/2022\/03\/daniel-aichinger-hochf.jpg","width":400,"height":600},{"@type":"BreadcrumbList","@id":"https:\/\/pieceofcake.coach\/gesundheitsshop\/kontakt#breadcrumb","itemListElement":[{"@type":"ListItem","position":1,"name":"Startseite","item":"https:\/\/pieceofcake.coach\/gesundheitsshop\/"},{"@type":"ListItem","position":2,"name":"Kontakt"}]},{"@type":"WebSite","@id":"https:\/\/pieceofcake.coach\/gesundheitsshop\/#website","url":"https:\/\/pieceofcake.coach\/gesundheitsshop\/","name":"piece of cake Gesundheitsshop","description":"","potentialAction":[{"@type":"SearchAction","target":{"@type":"EntryPoint","urlTemplate":"https:\/\/pieceofcake.coach\/gesundheitsshop\/?s={search_term_string}"},"query-input":{"@type":"PropertyValueSpecification","valueRequired":true,"valueName":"search_term_string"}}],"inLanguage":"de"}]}},"_links":{"self":[{"href":"https:\/\/pieceofcake.coach\/gesundheitsshop\/wp-json\/wp\/v2\/pages\/248","targetHints":{"allow":["GET"]}}],"collection":[{"href":"https:\/\/pieceofcake.coach\/gesundheitsshop\/wp-json\/wp\/v2\/pages"}],"about":[{"href":"https:\/\/pieceofcake.coach\/gesundheitsshop\/wp-json\/wp\/v2\/types\/page"}],"author":[{"embeddable":true,"href":"https:\/\/pieceofcake.coach\/gesundheitsshop\/wp-json\/wp\/v2\/users\/1"}],"replies":[{"embeddable":true,"href":"https:\/\/pieceofcake.coach\/gesundheitsshop\/wp-json\/wp\/v2\/comments?post=248"}],"version-history":[{"count":169,"href":"https:\/\/pieceofcake.coach\/gesundheitsshop\/wp-json\/wp\/v2\/pages\/248\/revisions"}],"predecessor-version":[{"id":31661,"href":"https:\/\/pieceofcake.coach\/gesundheitsshop\/wp-json\/wp\/v2\/pages\/248\/revisions\/31661"}],"wp:attachment":[{"href":"https:\/\/pieceofcake.coach\/gesundheitsshop\/wp-json\/wp\/v2\/media?parent=248"}],"curies":[{"name":"wp","href":"https:\/\/api.w.org\/{rel}","templated":true}]}}