{"id":28344,"date":"2020-05-12T15:12:44","date_gmt":"2020-05-12T13:12:44","guid":{"rendered":"https:\/\/pieceofcake.shop\/?post_type=product&#038;p=28344"},"modified":"2025-12-15T16:51:11","modified_gmt":"2025-12-15T15:51:11","slug":"bio-kokosoel-fair-gehandelt","status":"publish","type":"product","link":"https:\/\/pieceofcake.coach\/gesundheitsshop\/produkte\/bio-kokosoel-fair-gehandelt","title":{"rendered":"Bio Kokos\u00f6l fair gehandelt"},"content":{"rendered":"<div class=\"wpb-content-wrapper\"><p>[vc_row][vc_column][vc_column_text css=&#8220;&#8220;]<\/p>\n<h2>Dieses Bio Kokos\u00f6l fair gehandelt kann alles &#8211; au\u00dfer fliegen<\/h2>\n<p>Dieses Bio Kokos\u00f6l fair gehandelt ist wirklich ein einmaliges Produkt. Denn es erf\u00fcllt bis ins Detail jedes Kriterium, das Du stellen kannst. Abgesehen nat\u00fcrlich davon, dass es von Sri Lanka einen langen Weg nach Europa zur\u00fcck legen musste. Aber in Europa wachsen nun mal keine Kokospalmen. Der Anbau in Sri Lanka erfolgt unter besten Bedingungen f\u00fcr Natur und Mensch, was durch das strengste Bio Fairhandels Siegel <a href=\"https:\/\/www.naturland.de\/de\/naturland\/was-wir-tun\/naturland-fair\/kriterien-richtlinien.html\" target=\"_blank\" rel=\"noopener noreferrer\">Naturland Fair<\/a> best\u00e4tigt wird. Innerhalb k\u00fcrzester Zeit wird das gesamte Fruchtfleisch inklusive der Samenhaut nach der Ernte kaltgepresst und kommt in das wunderbar wiederverwertbare B\u00fcgelglas.<\/p>\n<p>Hier die Vorz\u00fcge dieses sehr leckeren Bio Kokos\u00f6ls:<\/p>\n<p>\u2705\u00f6kologischer Landbau in Sri Lanka<\/p>\n<p>\u2705kalt gepresstes Virgin Coconut Oil (VCO)<\/p>\n<p>\u2705fair gehandelt nach strengsten Kriterien<\/p>\n<p>\u2705volles Aroma, weil es auch die Samenhaut enth\u00e4lt (aus der ganzen Nuss)<\/p>\n<p>\u2705von deutschem Labor regelm\u00e4\u00dfig auf R\u00fcckstandsfreiheit gepr\u00fcft<\/p>\n<p>\u2705unbehandelt: weder desodoriert, raffiniert, gebleicht noch geh\u00e4rtet<\/p>\n<p>\u2705im schmucken, wiederverwertbaren 1l B\u00fcgelglas mit Einweckring<\/p>\n<h2>Kokos\u00f6l ist extrem gesund und vielf\u00e4ltig<\/h2>\n<p>Vielleicht hast Du vor einer Weile den Aufschrei geh\u00f6rt, als eine Frau Professor Dr. Dr. behauptete, dass Kokos\u00f6l giftig sein soll. Nun, die Dame hatte in Gyn\u00e4kologie promoviert &#8211; und schlichtweg keine Ahnung, wovon sie sprach. Nichts gegen Gyn\u00e4kologen im allgemeinen. Oder sie hatte ganz andere Interessen. Mein Leben ist viel zu kurz und zu sch\u00f6n, um mich lange damit zu befassen, aber <a href=\"https:\/\/www.zentrum-der-gesundheit.de\/professorin-verdammt-kokosoel-und-superfoods-810804.html\" target=\"_blank\" rel=\"noopener noreferrer\">hier ist ein guter Artikel dazu<\/a>. Jedenfalls wusste sie nicht oder ignorierte, dass Bio Kokos\u00f6l<\/p>\n<ul>\n<li>zwar zum Gro\u00dfteil ges\u00e4ttigte Fetts\u00e4uren enth\u00e4lt, diese aber zum gr\u00f6\u00dften Teil mittelkettige Triglyceride (MCT-\u00d6le) sind, die sehr gesund sind (Laurins\u00e4ure, Capryls\u00e4ure und Caprins\u00e4ure)<\/li>\n<li>zu knapp 50% aus Laurins\u00e4ure besteht, die ein wichtiger Bestandteil von Muttermilch ist<\/li>\n<li>und dass MCT Fette eine hervorragende, leicht zu verwertende Energiequelle sind<\/li>\n<li>neben Fett noch weitere wertvolle Inhaltsstoffe enth\u00e4lt, n\u00e4mlich Eiwei\u00df, Kohlenhydrate, Vitamine (vor allem Vitamin E, das entz\u00fcndungshemmend und antioxidativ ist) und Mineralien<\/li>\n<li>geeignet zum Braten, Frittieren und Backen ist, weil es hitzestabil ist und weder Transfette noch andere sch\u00e4dliche Stoffe bildet, wenn es erhitzt wird<\/li>\n<li>als Butterersatz und f\u00fcr Brotaufstriche geeignet ist<\/li>\n<li>als nat\u00fcrliche Kosmetik (z.B. zur Haarpflege oder als schnell einziehende und lang wirkende Hautpflege) dient<\/li>\n<li>zum \u00d6lziehen geeignet ist, einer Mundpflege, die urspr\u00fcnglich aus dem Ayurveda stammt und mit der Du Karies vorbeugen und viele Bakterien aus den Mundschleimh\u00e4uten l\u00f6sen (und dann ausspucken) kannst<\/li>\n<li>\u00e4u\u00dferlich und innerlich gegen Viren (z.B. Herpes, HIV, Grippe, Masern), Pilze (z.B. Vaginalpilze und Candida) und Bakterien (z.B. Chlamydien) wirkt<\/li>\n<li>positive Effekte bei Darmentz\u00fcndungen hat<\/li>\n<li>begleitend in der Krebstherapie eingesetzt werden kann<\/li>\n<li>bei Alzheimererkrankungen das Hirn mit Energie versorgt, wenn andere Energiequellen &#8217;nicht mehr durchkommen&#8216;<\/li>\n<li>es bei der Gewichtsreduktion helfen kann, wenn es andere Fette in der Ern\u00e4hrung ersetzt<\/li>\n<li>hervorragende Eigenschaften in puncto Herzgesundheit, Blutdruck, Arteriosklerose und Cholesterinspiegel aufweist<\/li>\n<\/ul>\n<p>Angesichts all dessen macht es m\u00f6glicherweise Sinn, das beste Bio Kokos\u00f6l zu kaufen, das Du finden kannst. Dies hier ist das beste, das ich kenne.<\/p>\n<p>&nbsp;<\/p>\n<section class=\"vc_cta3_content-container\">\n<div class=\"vc_general vc_cta3 vc_cta3-style-classic vc_cta3-shape-rounded vc_cta3-align-left vc_cta3-color-classic vc_cta3-icon-size-md vc_cta3-actions-bottom\">\n<div class=\"vc_cta3_content-container\">\n<div class=\"vc_cta3-content\">\n<blockquote>\n<h4>Meine Philosophie:<br \/>\nErstklassige Produkte, pers\u00f6nliche Beratung, entspanntes Einkaufen, durch den Versand entstehen Rohstoffe<\/h4>\n<p>Bio Kokos\u00f6l fair gehandelt beziehe ich von der <em>\u00d6lm\u00fchle Solling<\/em>, einem meiner handverlesenen Hersteller und Lieferanten. Mit meinen Gesch\u00e4ftspartnern halte ich einen oft \u00fcber Jahre gewachsenen pers\u00f6nlichen Kontakt. Und ich mache nur Gesch\u00e4fte mit Menschen, die wie ich gerne ihr Bestes geben. Bei mir bekommst Du nur hochwertige Produkte, die ich selbst getestet habe und aus fachlicher Sicht f\u00fcr sinnvoll halte. Ich berate Dich gerne telefonisch. Du kannst dabei oder danach entspannt online einkaufen. Ich rufe Dich auch gerne zur\u00fcck.<br \/>\nVom Ern\u00e4hrungsberater mit Liebe recherchierte und individuell empfohlene Produkte f\u00fcr Deinen gesunden Lebensstil. Durch den Versand Deiner Bestellung <a href=\"https:\/\/shop.pieceofcake.coach\/meine-philosophie\">entstehen mehr Rohstoffe<\/a> als verbraucht werden. Gibt es so sonst nirgends.<\/p>\n<h4>Qualit\u00e4t unterst\u00fctzen oder &#8218;billiger, billiger&#8216;<\/h4>\n<p>Nat\u00fcrlich bekommst Du meine Produkte auch anderswo und m\u00f6glicherweise hier und da sogar etwas g\u00fcnstiger. Falls Du nicht auf jeden Cent achten musst, freue ich mich, wenn Du meinen Service wertsch\u00e4tzt und mein Kunde bleibst. Damit unterst\u00fctzt Du, dass mein erstklassiges Sortiment immer weiter w\u00e4chst. <a href=\"https:\/\/shop.pieceofcake.coach\/meine-philosophie\">Stammkunden<\/a> bekommen bei mir zudem Rabatte, <a href=\"https:\/\/pieceofcake.coach\/kontakt\">sprich mich gerne darauf an.<\/a><\/p><\/blockquote>\n<\/div>\n<\/div>\n<\/div>\n<\/section>\n<p>[\/vc_column_text][\/vc_column][\/vc_row]<\/p>\n<\/div>","protected":false},"excerpt":{"rendered":"<p>Dieses<strong>\u00a0Kokos\u00f6l<\/strong> erf\u00fcllt alles, was wir uns w\u00fcnschen: Es ist <strong>biolologisch zertifiziert<\/strong>, mechanisch <strong>kaltgepresst<\/strong> inklusive der Samenhaut (was einen intensiveren Geschmack gibt), innerhalb von 72 Stunden nach der Ernte im Glas, <strong>fair gehandelt<\/strong> nach den Standards des strengsten Fairtrade Siegels. Es kommt in einem <strong>1l B\u00fcgelglas<\/strong>, das Du wiederverwenden kannst. Ein <strong>nat\u00fcrliches<\/strong>, <strong>unbehandeltes<\/strong> und auch ansonsten <strong>unver\u00e4ndertes Produkt<\/strong>. Schmecken tut es extrem gut, denn wegen der erhaltenen Samenhaut hat es ein vollkommeneres Aroma als andere \u00d6le.<\/p>\n<p>Ich nehme es zum <strong>Braten<\/strong>, im <strong>Kaffee<\/strong>, im <strong>Smoothie<\/strong>, im <strong>Porridge<\/strong>, zum <strong>\u00d6lziehen<\/strong>, f\u00fcr Energyballs, vegane Schokolade, wenn ich <strong>trockene Haut<\/strong> habe (habe ich eigentlich nicht, aber trotzdem) und schlichtweg zum Angeben.<\/p>\n<p>Inhalt: 1000 ml<\/p>\n<p>&nbsp;<\/p>\n<p><a href=\"https:\/\/pieceofcake.coach\/gesundheitsshop\/produkte\/bio-kokosoel\"><strong>Mein anderes Bio-Kokos\u00f6l<\/strong><\/a><strong> hat einen nicht ganz so intensiven nussigen Geschmack, ist etwas g\u00fcnstiger und ebenfalls eine gute Wahl.<\/strong><\/p>\n","protected":false},"featured_media":28471,"comment_status":"closed","ping_status":"closed","template":"","meta":[],"product_brand":[],"product_cat":[370,371,364,366,367,358,356,352,359,353],"product_tag":[],"class_list":{"0":"post-28344","1":"product","2":"type-product","3":"status-publish","4":"has-post-thumbnail","6":"product_cat-autonom-mit-autoimmun","7":"product_cat-mittag-und-abendessen","8":"product_cat-zum-fruehstueck","9":"product_cat-fuer-deinen-smoothie","10":"product_cat-gesunde-oele","11":"product_cat-fuer-sportler","12":"product_cat-immunsystem-staerken","13":"product_cat-vitamine-und-mineralstoffe","14":"product_cat-antioxidantien","15":"product_cat-meine-persoenlichen-favoriten","16":"description-off","18":"first","19":"instock","20":"taxable","21":"shipping-taxable","22":"purchasable","23":"product-type-simple"},"yoast_head":"<!-- This site is optimized with the Yoast SEO plugin v26.4 - https:\/\/yoast.com\/wordpress\/plugins\/seo\/ -->\n<title>Bio Kokos\u00f6l fair gehandelt - piece of cake Gesundheitsshop \ud83c\udf70<\/title>\n<meta name=\"description\" content=\"Bio Kokos\u00f6l fair gehandelt \u2705kaltgepresst \u2705zum Braten, Backen \u2705Naturland zertifiziert \u2705zum \u00d6lziehen \u2705hoher Laurins\u00e4uregehalt \u2705f\u00fcr Kosmetik \u2705im 1l B\u00fcgelglas\" \/>\n<meta name=\"robots\" content=\"index, follow, max-snippet:-1, max-image-preview:large, max-video-preview:-1\" \/>\n<link rel=\"canonical\" href=\"https:\/\/pieceofcake.coach\/gesundheitsshop\/produkte\/bio-kokosoel-fair-gehandelt\" \/>\n<meta property=\"og:locale\" content=\"de_DE\" \/>\n<meta property=\"og:type\" content=\"article\" \/>\n<meta property=\"og:title\" content=\"Bio Kokos\u00f6l fair gehandelt - piece of cake Gesundheitsshop \ud83c\udf70\" \/>\n<meta property=\"og:description\" content=\"Bio Kokos\u00f6l fair gehandelt \u2705kaltgepresst \u2705zum Braten, Backen \u2705Naturland zertifiziert \u2705zum \u00d6lziehen \u2705hoher Laurins\u00e4uregehalt \u2705f\u00fcr Kosmetik \u2705im 1l B\u00fcgelglas\" \/>\n<meta property=\"og:url\" content=\"https:\/\/pieceofcake.coach\/gesundheitsshop\/produkte\/bio-kokosoel-fair-gehandelt\" \/>\n<meta property=\"og:site_name\" content=\"piece of cake Gesundheitsshop\" \/>\n<meta property=\"article:modified_time\" content=\"2025-12-15T15:51:11+00:00\" \/>\n<meta property=\"og:image\" content=\"https:\/\/pieceofcake.coach\/gesundheitsshop\/wp-content\/uploads\/sites\/5\/2020\/06\/Kokoso\u0308l1-scaled.jpg\" \/>\n\t<meta property=\"og:image:width\" content=\"2560\" \/>\n\t<meta property=\"og:image:height\" content=\"2560\" \/>\n\t<meta property=\"og:image:type\" content=\"image\/jpeg\" \/>\n<meta name=\"twitter:card\" content=\"summary_large_image\" \/>\n<meta name=\"twitter:label1\" content=\"Gesch\u00e4tzte Lesezeit\" \/>\n\t<meta name=\"twitter:data1\" content=\"3\u00a0Minuten\" \/>\n<script type=\"application\/ld+json\" class=\"yoast-schema-graph\">{\"@context\":\"https:\/\/schema.org\",\"@graph\":[{\"@type\":\"WebPage\",\"@id\":\"https:\/\/pieceofcake.coach\/gesundheitsshop\/produkte\/bio-kokosoel-fair-gehandelt\",\"url\":\"https:\/\/pieceofcake.coach\/gesundheitsshop\/produkte\/bio-kokosoel-fair-gehandelt\",\"name\":\"Bio Kokos\u00f6l fair gehandelt - piece of cake Gesundheitsshop \ud83c\udf70\",\"isPartOf\":{\"@id\":\"https:\/\/pieceofcake.coach\/gesundheitsshop\/#website\"},\"primaryImageOfPage\":{\"@id\":\"https:\/\/pieceofcake.coach\/gesundheitsshop\/produkte\/bio-kokosoel-fair-gehandelt#primaryimage\"},\"image\":{\"@id\":\"https:\/\/pieceofcake.coach\/gesundheitsshop\/produkte\/bio-kokosoel-fair-gehandelt#primaryimage\"},\"thumbnailUrl\":\"https:\/\/pieceofcake.coach\/gesundheitsshop\/wp-content\/uploads\/sites\/5\/2020\/06\/Kokoso\u0308l1-scaled.jpg\",\"datePublished\":\"2020-05-12T13:12:44+00:00\",\"dateModified\":\"2025-12-15T15:51:11+00:00\",\"description\":\"Bio Kokos\u00f6l fair gehandelt \u2705kaltgepresst \u2705zum Braten, Backen \u2705Naturland zertifiziert \u2705zum \u00d6lziehen \u2705hoher Laurins\u00e4uregehalt \u2705f\u00fcr Kosmetik \u2705im 1l B\u00fcgelglas\",\"breadcrumb\":{\"@id\":\"https:\/\/pieceofcake.coach\/gesundheitsshop\/produkte\/bio-kokosoel-fair-gehandelt#breadcrumb\"},\"inLanguage\":\"de\",\"potentialAction\":[{\"@type\":\"ReadAction\",\"target\":[\"https:\/\/pieceofcake.coach\/gesundheitsshop\/produkte\/bio-kokosoel-fair-gehandelt\"]}]},{\"@type\":\"ImageObject\",\"inLanguage\":\"de\",\"@id\":\"https:\/\/pieceofcake.coach\/gesundheitsshop\/produkte\/bio-kokosoel-fair-gehandelt#primaryimage\",\"url\":\"https:\/\/pieceofcake.coach\/gesundheitsshop\/wp-content\/uploads\/sites\/5\/2020\/06\/Kokoso\u0308l1-scaled.jpg\",\"contentUrl\":\"https:\/\/pieceofcake.coach\/gesundheitsshop\/wp-content\/uploads\/sites\/5\/2020\/06\/Kokoso\u0308l1-scaled.jpg\",\"width\":2560,\"height\":2560,\"caption\":\"Bio Kokoso\u0308l\"},{\"@type\":\"BreadcrumbList\",\"@id\":\"https:\/\/pieceofcake.coach\/gesundheitsshop\/produkte\/bio-kokosoel-fair-gehandelt#breadcrumb\",\"itemListElement\":[{\"@type\":\"ListItem\",\"position\":1,\"name\":\"Startseite\",\"item\":\"https:\/\/pieceofcake.coach\/gesundheitsshop\/\"},{\"@type\":\"ListItem\",\"position\":2,\"name\":\"Produkte\",\"item\":\"https:\/\/pieceofcake.coach\/gesundheitsshop\/produkte\"},{\"@type\":\"ListItem\",\"position\":3,\"name\":\"Bio Kokos\u00f6l fair gehandelt\"}]},{\"@type\":\"WebSite\",\"@id\":\"https:\/\/pieceofcake.coach\/gesundheitsshop\/#website\",\"url\":\"https:\/\/pieceofcake.coach\/gesundheitsshop\/\",\"name\":\"piece of cake Gesundheitsshop\",\"description\":\"\",\"potentialAction\":[{\"@type\":\"SearchAction\",\"target\":{\"@type\":\"EntryPoint\",\"urlTemplate\":\"https:\/\/pieceofcake.coach\/gesundheitsshop\/?s={search_term_string}\"},\"query-input\":{\"@type\":\"PropertyValueSpecification\",\"valueRequired\":true,\"valueName\":\"search_term_string\"}}],\"inLanguage\":\"de\"}]}<\/script>\n<!-- \/ Yoast SEO plugin. -->","yoast_head_json":{"title":"Bio Kokos\u00f6l fair gehandelt - piece of cake Gesundheitsshop \ud83c\udf70","description":"Bio Kokos\u00f6l fair gehandelt \u2705kaltgepresst \u2705zum Braten, Backen \u2705Naturland zertifiziert \u2705zum \u00d6lziehen \u2705hoher Laurins\u00e4uregehalt \u2705f\u00fcr Kosmetik \u2705im 1l B\u00fcgelglas","robots":{"index":"index","follow":"follow","max-snippet":"max-snippet:-1","max-image-preview":"max-image-preview:large","max-video-preview":"max-video-preview:-1"},"canonical":"https:\/\/pieceofcake.coach\/gesundheitsshop\/produkte\/bio-kokosoel-fair-gehandelt","og_locale":"de_DE","og_type":"article","og_title":"Bio Kokos\u00f6l fair gehandelt - piece of cake Gesundheitsshop \ud83c\udf70","og_description":"Bio Kokos\u00f6l fair gehandelt \u2705kaltgepresst \u2705zum Braten, Backen \u2705Naturland zertifiziert \u2705zum \u00d6lziehen \u2705hoher Laurins\u00e4uregehalt \u2705f\u00fcr Kosmetik \u2705im 1l B\u00fcgelglas","og_url":"https:\/\/pieceofcake.coach\/gesundheitsshop\/produkte\/bio-kokosoel-fair-gehandelt","og_site_name":"piece of cake Gesundheitsshop","article_modified_time":"2025-12-15T15:51:11+00:00","og_image":[{"width":2560,"height":2560,"url":"https:\/\/pieceofcake.coach\/gesundheitsshop\/wp-content\/uploads\/sites\/5\/2020\/06\/Kokoso\u0308l1-scaled.jpg","type":"image\/jpeg"}],"twitter_card":"summary_large_image","twitter_misc":{"Gesch\u00e4tzte Lesezeit":"3\u00a0Minuten"},"schema":{"@context":"https:\/\/schema.org","@graph":[{"@type":"WebPage","@id":"https:\/\/pieceofcake.coach\/gesundheitsshop\/produkte\/bio-kokosoel-fair-gehandelt","url":"https:\/\/pieceofcake.coach\/gesundheitsshop\/produkte\/bio-kokosoel-fair-gehandelt","name":"Bio Kokos\u00f6l fair gehandelt - piece of cake Gesundheitsshop \ud83c\udf70","isPartOf":{"@id":"https:\/\/pieceofcake.coach\/gesundheitsshop\/#website"},"primaryImageOfPage":{"@id":"https:\/\/pieceofcake.coach\/gesundheitsshop\/produkte\/bio-kokosoel-fair-gehandelt#primaryimage"},"image":{"@id":"https:\/\/pieceofcake.coach\/gesundheitsshop\/produkte\/bio-kokosoel-fair-gehandelt#primaryimage"},"thumbnailUrl":"https:\/\/pieceofcake.coach\/gesundheitsshop\/wp-content\/uploads\/sites\/5\/2020\/06\/Kokoso\u0308l1-scaled.jpg","datePublished":"2020-05-12T13:12:44+00:00","dateModified":"2025-12-15T15:51:11+00:00","description":"Bio Kokos\u00f6l fair gehandelt \u2705kaltgepresst \u2705zum Braten, Backen \u2705Naturland zertifiziert \u2705zum \u00d6lziehen \u2705hoher Laurins\u00e4uregehalt \u2705f\u00fcr Kosmetik \u2705im 1l B\u00fcgelglas","breadcrumb":{"@id":"https:\/\/pieceofcake.coach\/gesundheitsshop\/produkte\/bio-kokosoel-fair-gehandelt#breadcrumb"},"inLanguage":"de","potentialAction":[{"@type":"ReadAction","target":["https:\/\/pieceofcake.coach\/gesundheitsshop\/produkte\/bio-kokosoel-fair-gehandelt"]}]},{"@type":"ImageObject","inLanguage":"de","@id":"https:\/\/pieceofcake.coach\/gesundheitsshop\/produkte\/bio-kokosoel-fair-gehandelt#primaryimage","url":"https:\/\/pieceofcake.coach\/gesundheitsshop\/wp-content\/uploads\/sites\/5\/2020\/06\/Kokoso\u0308l1-scaled.jpg","contentUrl":"https:\/\/pieceofcake.coach\/gesundheitsshop\/wp-content\/uploads\/sites\/5\/2020\/06\/Kokoso\u0308l1-scaled.jpg","width":2560,"height":2560,"caption":"Bio Kokoso\u0308l"},{"@type":"BreadcrumbList","@id":"https:\/\/pieceofcake.coach\/gesundheitsshop\/produkte\/bio-kokosoel-fair-gehandelt#breadcrumb","itemListElement":[{"@type":"ListItem","position":1,"name":"Startseite","item":"https:\/\/pieceofcake.coach\/gesundheitsshop\/"},{"@type":"ListItem","position":2,"name":"Produkte","item":"https:\/\/pieceofcake.coach\/gesundheitsshop\/produkte"},{"@type":"ListItem","position":3,"name":"Bio Kokos\u00f6l fair gehandelt"}]},{"@type":"WebSite","@id":"https:\/\/pieceofcake.coach\/gesundheitsshop\/#website","url":"https:\/\/pieceofcake.coach\/gesundheitsshop\/","name":"piece of cake Gesundheitsshop","description":"","potentialAction":[{"@type":"SearchAction","target":{"@type":"EntryPoint","urlTemplate":"https:\/\/pieceofcake.coach\/gesundheitsshop\/?s={search_term_string}"},"query-input":{"@type":"PropertyValueSpecification","valueRequired":true,"valueName":"search_term_string"}}],"inLanguage":"de"}]}},"_links":{"self":[{"href":"https:\/\/pieceofcake.coach\/gesundheitsshop\/wp-json\/wp\/v2\/product\/28344","targetHints":{"allow":["GET"]}}],"collection":[{"href":"https:\/\/pieceofcake.coach\/gesundheitsshop\/wp-json\/wp\/v2\/product"}],"about":[{"href":"https:\/\/pieceofcake.coach\/gesundheitsshop\/wp-json\/wp\/v2\/types\/product"}],"replies":[{"embeddable":true,"href":"https:\/\/pieceofcake.coach\/gesundheitsshop\/wp-json\/wp\/v2\/comments?post=28344"}],"wp:featuredmedia":[{"embeddable":true,"href":"https:\/\/pieceofcake.coach\/gesundheitsshop\/wp-json\/wp\/v2\/media\/28471"}],"wp:attachment":[{"href":"https:\/\/pieceofcake.coach\/gesundheitsshop\/wp-json\/wp\/v2\/media?parent=28344"}],"wp:term":[{"taxonomy":"product_brand","embeddable":true,"href":"https:\/\/pieceofcake.coach\/gesundheitsshop\/wp-json\/wp\/v2\/product_brand?post=28344"},{"taxonomy":"product_cat","embeddable":true,"href":"https:\/\/pieceofcake.coach\/gesundheitsshop\/wp-json\/wp\/v2\/product_cat?post=28344"},{"taxonomy":"product_tag","embeddable":true,"href":"https:\/\/pieceofcake.coach\/gesundheitsshop\/wp-json\/wp\/v2\/product_tag?post=28344"}],"curies":[{"name":"wp","href":"https:\/\/api.w.org\/{rel}","templated":true}]}}