{"id":28528,"date":"2020-06-20T17:52:26","date_gmt":"2020-06-20T15:52:26","guid":{"rendered":"https:\/\/pieceofcake.shop\/?post_type=product&#038;p=28528"},"modified":"2025-12-15T15:44:54","modified_gmt":"2025-12-15T14:44:54","slug":"wacker-gekeimter-buchweizen-bio","status":"publish","type":"product","link":"https:\/\/pieceofcake.coach\/gesundheitsshop\/produkte\/wacker-gekeimter-buchweizen-bio","title":{"rendered":"Wacker\u00ae Gekeimter Buchweizen Bio"},"content":{"rendered":"<h2>Gekeimtes Pseudogetreide hat mehr N\u00e4hrstoffe und ist lektin- und glutenfrei<\/h2>\n<p>Wacker\u00ae Gekeimter Buchweizen Bio wird wenige Tage lang eingeweicht und dabei angekeimt bis sich ein kleiner Spross zeigt. Der signalisiert, dass der Buchweizen nun aktiviert ist. Nach dem Keimungsprozess enthalten Getreide und Pseudogetreide wie der Buchweizen mehr Enzyme und weniger Phytins\u00e4ure, die zuvor viele der wertvollen Mineralien gebunden hatte. Buchweizen ist bereits vor der Ankeimung glutenfrei. Sowohl der Anbau des Buchweizen als auch der Keimungs- und Verarbeitungsprozess finden in Deutschland statt und sind biologisch zertifiziert.<br \/>\nWacker\u00ae Gekeimter Buchweizen Bio ist noch n\u00e4hrstoffreicher, bek\u00f6mmlicher und ges\u00fcnder als herk\u00f6mmlicher Buchwiezen es ohnehin ist. Da wegen der deaktivierten Phytins\u00e4ure nun erstens weniger S\u00e4ure und zweitens mehr bioverf\u00fcgbare Minerlaien enthalten sind, empfiehlt die Herstellerin <a href=\"https:\/\/bleibwacker.com\/?sPartner=pieceofcake\" target=\"_blank\" rel=\"noopener noreferrer\">Sabine Wacker<\/a>, die das Basenfasten bekannt gemacht hat, ihren gekeimten Buchweizen ebenso wie ihre anderen Getreide f\u00fcr eine basen\u00fcbersch\u00fcssige Ern\u00e4hrung. Gleiches gilt auch f\u00fcr ihre anderen Pseudogetreide, Getreide und M\u00fcslis in meinem Sortiment.<\/p>\n<h2>Welche N\u00e4hrstoffe enth\u00e4lt Buchweizen?<br \/>\nGegenfrage: Wie viele Liegest\u00fctze schafft Chuck Norris?<\/h2>\n<p>Buchweizen geh\u00f6rt zu den sogenannten Pseudogetreiden wie zum Beispiel auch Quinoa, Amaranth und Chia. Diese haben allesamt \u00e4hnliche N\u00e4hrstoffe und Eigenschaften wie Getreide jedoch gegn\u00fcber diesen einige entscheidende Vorteile. Sie sind n\u00e4mlich allesamt glutenfrei und frei von Lektinen. Lektine k\u00f6nnen das Blut z\u00e4hfl\u00fcssiger machen und im Darm Entz\u00fcndungsprozesse f\u00f6rdern und die Darmflora st\u00f6ren. Pseudogetreide sind zudem in aller Regel sehr gut bek\u00f6mmlich.<br \/>\nBuchweizen, der biologisch betrachtet ein Kn\u00f6terichgew\u00e4chs ist, ist ein hervorragender Lieferant der folgenden N\u00e4hrstoffe. Durch das Keimen werden einige dieser N\u00e4hrstoffe erst und manche noch bioverf\u00fcgbarer und Buchweizen wird basisch:<\/p>\n<ul>\n<li>Eiwei\u00df &#8211; und zwar alle 8 essentiellen Aminos\u00e4uren in einem g\u00fcnstigen Profil)<\/li>\n<li>Kohlenhydrate &#8211; als gleichm\u00e4\u00dfige Energiequelle aufgrund der &#8230;<\/li>\n<li>Ballaststoffe &#8211; die helfen den Blutzuckerspiegel ebenso wie den Cholesterinspiegel zu regulieren (im Zusammenspiel mit Lezithin, s.u.)<\/li>\n<li>Eisen &#8211; wichtig f\u00fcr Sauerstofftransport und Energie, kombinieren mit Vitamin C f\u00fcr bessere <a href=\"https:\/\/pieceofcake.coach\/eisenmangel-natuerlich-beheben\" target=\"_blank\" rel=\"noopener noreferrer\">Eisenresorption<\/a><\/li>\n<li>Zink &#8211; als Antioxidans, f\u00fcr das Immunsystem und die Fruchtbarkeit<\/li>\n<li>Magnesium &#8211; f\u00fcr Hormonbildung, Entspannung, Calciumstoffwechsel, Entz\u00fcndungshemmung<\/li>\n<li>Mangan &#8211; f\u00fcr gesunde Knorpel, Bindegewebe, Knochen und zum Aktivieren von Enzymen<\/li>\n<li>Selen &#8211; f\u00fcr die Nervengesundheit, Muskelfunktion, Spermienbildung, Immunsystem, zur Bildung der Schilddr\u00fcsenhormone<\/li>\n<li>alle B Vitamine (au\u00dfer B12) &#8211; die B Vitamine sind wasserl\u00f6slich und k\u00f6nnen kaum gespeichert werden, deswegen sollten wir sie t\u00e4glich mit der Nahrung aufnehmen<\/li>\n<li>Lezithin &#8211; reguliert den Cholesterinspiegel, unterst\u00fctzt die Hirnfunktion, sch\u00fctzt die Leber<\/li>\n<li>Rutin &#8211; f\u00fcr gesunde Arterien, kann zur Senkung des Blutdrucks beitragen und Krampfadern und H\u00e4mmorrhoiden vorbeugen<\/li>\n<li>Chiro-Inositol &#8211; tr\u00e4gt zur Senkung des Blutzuckerspiegels bei, hervorragend f\u00fcr Diabetiker<\/li>\n<\/ul>\n<h2>Wacker\u00ae Gekeimter Buchweizen Bio passt hervorragend f\u00fcr jede Mahlzeit<\/h2>\n<p>Alright, das war \u00fcbertrieben. Chuck Norris schafft nat\u00fcrlich ALLE Liegest\u00fctzen und kein Lebensmittel enth\u00e4lt ALLE N\u00e4hrstoffe, auch nicht Buchweizen. Aber Buchweizen hat unendlich viel zu bieten und kommt gleichzeitig so bescheiden und unscheinbar daher. Ich w\u00fcrde ihn auf eine einsame Insel mitnehmen, und zwar gekeimt. Denn dann entfacht er erst seine ganze Kraft. Wacker\u00ae Gekeimter Buchweizen Bio passt zu jeder Mahlzeit, auch zum Fr\u00fchst\u00fcck. Apropos, hier sind meine <a href=\"https:\/\/pieceofcake.coach\/gesundes-fruehstueck\" target=\"_blank\" rel=\"noopener noreferrer\">Lieblingsrezepte f\u00fcr ein gesundes Fr\u00fchst\u00fcck<\/a>.<br \/>\nUnd \u00fcbrigens, Chuck Norris macht \u00fcberhaupt keine Liegest\u00fctze. Er dr\u00fcckt stattdessen die Welt nach unten. Und ich wette, er isst jede Menge Buchweizen.<\/p>\n<p>&nbsp;<\/p>\n<blockquote>\n<h4>Meine Philosophie:<br \/>\nErstklassige Produkte, pers\u00f6nliche Beratung, entspanntes Einkaufen, durch den Versand entstehen Rohstoffe<\/h4>\n<p>Wacker\u00ae Gekeimter Buchweizen Bio beziehe ich direkt von <em><a href=\"https:\/\/bleibwacker.com\/?sPartner=pieceofcake\" target=\"_blank\" rel=\"noopener noreferrer\">Sabine Wacker<\/a><\/em>, eine meiner handverlesenen Gesch\u00e4ftspartner, mit denen ich einen oft \u00fcber Jahre gewachsenen pers\u00f6nlichen Kontakt halte. Und ich mache nur Gesch\u00e4fte mit Menschen, die wie ich gerne ihr Bestes geben. Bei mir bekommst Du nur hochwertige Produkte, die ich selbst getestet habe und aus fachlicher Sicht f\u00fcr sinnvoll halte. Ich berate Dich gerne telefonisch. Du kannst dabei oder danach entspannt online einkaufen. Ich rufe Dich auch gerne zur\u00fcck.<br \/>\nVom Ern\u00e4hrungsberater mit Liebe recherchierte und individuell empfohlene Produkte f\u00fcr Deinen gesunden Lebensstil. Ich <a href=\"https:\/\/pieceofcake.coach\/gesundheitsshop\/meine-philosophie\">schaffe \u00fcbrigens mehr Rohstoffe<\/a> als durch den Versand Deiner Bestellung verbraucht werden. Gibt es so sonst nirgends.<\/p>\n<h4>Qualit\u00e4t unterst\u00fctzen oder &#8218;billiger, billiger&#8216;<\/h4>\n<p>Nat\u00fcrlich bekommst Du meine Produkte auch anderswo und m\u00f6glicherweise hier und da sogar etwas g\u00fcnstiger. Falls Du nicht auf jeden Cent achten musst, freue ich mich, wenn Du meinen Service wertsch\u00e4tzt und mein Kunde bleibst. Damit unterst\u00fctzt Du, dass mein erstklassiges Sortiment immer weiter w\u00e4chst. <a href=\"https:\/\/shop.pieceofcake.coach\/meine-philosophie\">Stammkunden<\/a> bekommen bei mir zudem Rabatte, <a href=\"https:\/\/pieceofcake.coach\/kontakt\">sprich mich gerne darauf an.<\/a><\/p><\/blockquote>\n","protected":false},"excerpt":{"rendered":"<p><strong>Wacker\u00ae Gekeimter Buchweizen Bio<\/strong> ist ideal f\u00fcr jede Mahlzeit. Du kannst aus ihm einen gesunden und leckeren Fr\u00fchst\u00fccksbrei machen oder in Dein <strong>M\u00fcsli<\/strong> oder <strong>Porridge<\/strong> integrieren. Oder er ist ideal als ballaststoffreiche Kohlenhydratquelle f\u00fcrs <strong>Mittagessen<\/strong> und (in kleinerer Menge oder nach dem Training oder harter Arbeit) auch f\u00fcrs <strong>Abendessen.<\/strong> Und Buchweizen ist so viel mehr als nur eine <strong>gesunde Kohlenhydratquelle<\/strong>, denn er strotzt nur so vor <strong>wertvollen Inhaltsstoffen<\/strong> und ist zudem so <strong>bek\u00f6mmlich.<\/strong> Umso mehr in Bioqualit\u00e4t und gekeimt wie hier.<br \/>\nGekeimtes Getreide und Pseudogetreide ist &#8218;aktiviert&#8216; und damit <strong>enzymreicher<\/strong> und <strong>n\u00e4hrstoffreicher.<\/strong> Die Phytins\u00e4ure, der pflanzliche &#8218;N\u00e4hrstoffr\u00e4uber&#8216; wird beim Keimen reduziert, <strong>lektin- und glutenfrei<\/strong> ist Buchweizen schon vorher.<br \/>\nWacker\u00ae Gekeimter Buchweizen Bio ist eines meiner absoluten <strong>Lieblingslebensmittel,<\/strong> und ich k\u00f6nnte ihn problemlos jeden Tag essen. Dieses Produkt w\u00fcrde ich auf eine einsame Insel mitnehmen.<\/p>\n<p>Inhalt: 500g<\/p>\n","protected":false},"featured_media":31846,"comment_status":"closed","ping_status":"closed","template":"","meta":[],"product_brand":[],"product_cat":[370,391,389,371,364,360,358,357,352,359,353],"product_tag":[],"class_list":{"0":"post-28528","1":"product","2":"type-product","3":"status-publish","4":"has-post-thumbnail","6":"product_cat-autonom-mit-autoimmun","7":"product_cat-fuer-vegane-ernaehrung","8":"product_cat-gekeimte-lebensmittel","9":"product_cat-mittag-und-abendessen","10":"product_cat-zum-fruehstueck","11":"product_cat-entsaeuerung","12":"product_cat-fuer-sportler","13":"product_cat-darmsanierung","14":"product_cat-vitamine-und-mineralstoffe","15":"product_cat-antioxidantien","16":"product_cat-meine-persoenlichen-favoriten","17":"description-off","19":"first","20":"instock","21":"taxable","22":"shipping-taxable","23":"purchasable","24":"product-type-simple"},"yoast_head":"<!-- This site is optimized with the Yoast SEO plugin v26.4 - https:\/\/yoast.com\/wordpress\/plugins\/seo\/ -->\n<title>Wacker\u00ae Gekeimter Buchweizen Bio - piece of cake Gesundheitsshop \ud83c\udf70<\/title>\n<meta name=\"description\" content=\"Wacker\u00ae Gekeimter Buchweizen Bio \u2705gekeimt \u2705n\u00e4hrstoffreich \u2705basisch \u2705Eisen \u2705pflanzliches Eiwei\u00df \u2705Zink \u2705kaum Phytins\u00e4ure \u2705Selen \u2705B-Vitamine\" \/>\n<meta name=\"robots\" content=\"index, follow, max-snippet:-1, max-image-preview:large, max-video-preview:-1\" \/>\n<link rel=\"canonical\" href=\"https:\/\/pieceofcake.coach\/gesundheitsshop\/produkte\/wacker-gekeimter-buchweizen-bio\" \/>\n<meta property=\"og:locale\" content=\"de_DE\" \/>\n<meta property=\"og:type\" content=\"article\" \/>\n<meta property=\"og:title\" content=\"Wacker\u00ae Gekeimter Buchweizen Bio - piece of cake Gesundheitsshop \ud83c\udf70\" \/>\n<meta property=\"og:description\" content=\"Wacker\u00ae Gekeimter Buchweizen Bio \u2705gekeimt \u2705n\u00e4hrstoffreich \u2705basisch \u2705Eisen \u2705pflanzliches Eiwei\u00df \u2705Zink \u2705kaum Phytins\u00e4ure \u2705Selen \u2705B-Vitamine\" \/>\n<meta property=\"og:url\" content=\"https:\/\/pieceofcake.coach\/gesundheitsshop\/produkte\/wacker-gekeimter-buchweizen-bio\" \/>\n<meta property=\"og:site_name\" content=\"piece of cake Gesundheitsshop\" \/>\n<meta property=\"article:modified_time\" content=\"2025-12-15T14:44:54+00:00\" \/>\n<meta property=\"og:image\" content=\"https:\/\/pieceofcake.coach\/gesundheitsshop\/wp-content\/uploads\/sites\/5\/2024\/10\/IMG_1708-scaled.jpeg\" \/>\n\t<meta property=\"og:image:width\" content=\"2560\" \/>\n\t<meta property=\"og:image:height\" content=\"2560\" \/>\n\t<meta property=\"og:image:type\" content=\"image\/jpeg\" \/>\n<meta name=\"twitter:card\" content=\"summary_large_image\" \/>\n<meta name=\"twitter:label1\" content=\"Gesch\u00e4tzte Lesezeit\" \/>\n\t<meta name=\"twitter:data1\" content=\"4\u00a0Minuten\" \/>\n<script type=\"application\/ld+json\" class=\"yoast-schema-graph\">{\"@context\":\"https:\/\/schema.org\",\"@graph\":[{\"@type\":\"WebPage\",\"@id\":\"https:\/\/pieceofcake.coach\/gesundheitsshop\/produkte\/wacker-gekeimter-buchweizen-bio\",\"url\":\"https:\/\/pieceofcake.coach\/gesundheitsshop\/produkte\/wacker-gekeimter-buchweizen-bio\",\"name\":\"Wacker\u00ae Gekeimter Buchweizen Bio - piece of cake Gesundheitsshop \ud83c\udf70\",\"isPartOf\":{\"@id\":\"https:\/\/pieceofcake.coach\/gesundheitsshop\/#website\"},\"primaryImageOfPage\":{\"@id\":\"https:\/\/pieceofcake.coach\/gesundheitsshop\/produkte\/wacker-gekeimter-buchweizen-bio#primaryimage\"},\"image\":{\"@id\":\"https:\/\/pieceofcake.coach\/gesundheitsshop\/produkte\/wacker-gekeimter-buchweizen-bio#primaryimage\"},\"thumbnailUrl\":\"https:\/\/pieceofcake.coach\/gesundheitsshop\/wp-content\/uploads\/sites\/5\/2024\/10\/IMG_1708-scaled.jpeg\",\"datePublished\":\"2020-06-20T15:52:26+00:00\",\"dateModified\":\"2025-12-15T14:44:54+00:00\",\"description\":\"Wacker\u00ae Gekeimter Buchweizen Bio \u2705gekeimt \u2705n\u00e4hrstoffreich \u2705basisch \u2705Eisen \u2705pflanzliches Eiwei\u00df \u2705Zink \u2705kaum Phytins\u00e4ure \u2705Selen \u2705B-Vitamine\",\"breadcrumb\":{\"@id\":\"https:\/\/pieceofcake.coach\/gesundheitsshop\/produkte\/wacker-gekeimter-buchweizen-bio#breadcrumb\"},\"inLanguage\":\"de\",\"potentialAction\":[{\"@type\":\"ReadAction\",\"target\":[\"https:\/\/pieceofcake.coach\/gesundheitsshop\/produkte\/wacker-gekeimter-buchweizen-bio\"]}]},{\"@type\":\"ImageObject\",\"inLanguage\":\"de\",\"@id\":\"https:\/\/pieceofcake.coach\/gesundheitsshop\/produkte\/wacker-gekeimter-buchweizen-bio#primaryimage\",\"url\":\"https:\/\/pieceofcake.coach\/gesundheitsshop\/wp-content\/uploads\/sites\/5\/2024\/10\/IMG_1708-scaled.jpeg\",\"contentUrl\":\"https:\/\/pieceofcake.coach\/gesundheitsshop\/wp-content\/uploads\/sites\/5\/2024\/10\/IMG_1708-scaled.jpeg\",\"width\":2560,\"height\":2560,\"caption\":\"Wacker\u00ae Gekeimter Buchweizen Bio\"},{\"@type\":\"BreadcrumbList\",\"@id\":\"https:\/\/pieceofcake.coach\/gesundheitsshop\/produkte\/wacker-gekeimter-buchweizen-bio#breadcrumb\",\"itemListElement\":[{\"@type\":\"ListItem\",\"position\":1,\"name\":\"Startseite\",\"item\":\"https:\/\/pieceofcake.coach\/gesundheitsshop\/\"},{\"@type\":\"ListItem\",\"position\":2,\"name\":\"Produkte\",\"item\":\"https:\/\/pieceofcake.coach\/gesundheitsshop\/produkte\"},{\"@type\":\"ListItem\",\"position\":3,\"name\":\"Wacker\u00ae Gekeimter Buchweizen Bio\"}]},{\"@type\":\"WebSite\",\"@id\":\"https:\/\/pieceofcake.coach\/gesundheitsshop\/#website\",\"url\":\"https:\/\/pieceofcake.coach\/gesundheitsshop\/\",\"name\":\"piece of cake Gesundheitsshop\",\"description\":\"\",\"potentialAction\":[{\"@type\":\"SearchAction\",\"target\":{\"@type\":\"EntryPoint\",\"urlTemplate\":\"https:\/\/pieceofcake.coach\/gesundheitsshop\/?s={search_term_string}\"},\"query-input\":{\"@type\":\"PropertyValueSpecification\",\"valueRequired\":true,\"valueName\":\"search_term_string\"}}],\"inLanguage\":\"de\"}]}<\/script>\n<!-- \/ Yoast SEO plugin. -->","yoast_head_json":{"title":"Wacker\u00ae Gekeimter Buchweizen Bio - piece of cake Gesundheitsshop \ud83c\udf70","description":"Wacker\u00ae Gekeimter Buchweizen Bio \u2705gekeimt \u2705n\u00e4hrstoffreich \u2705basisch \u2705Eisen \u2705pflanzliches Eiwei\u00df \u2705Zink \u2705kaum Phytins\u00e4ure \u2705Selen \u2705B-Vitamine","robots":{"index":"index","follow":"follow","max-snippet":"max-snippet:-1","max-image-preview":"max-image-preview:large","max-video-preview":"max-video-preview:-1"},"canonical":"https:\/\/pieceofcake.coach\/gesundheitsshop\/produkte\/wacker-gekeimter-buchweizen-bio","og_locale":"de_DE","og_type":"article","og_title":"Wacker\u00ae Gekeimter Buchweizen Bio - piece of cake Gesundheitsshop \ud83c\udf70","og_description":"Wacker\u00ae Gekeimter Buchweizen Bio \u2705gekeimt \u2705n\u00e4hrstoffreich \u2705basisch \u2705Eisen \u2705pflanzliches Eiwei\u00df \u2705Zink \u2705kaum Phytins\u00e4ure \u2705Selen \u2705B-Vitamine","og_url":"https:\/\/pieceofcake.coach\/gesundheitsshop\/produkte\/wacker-gekeimter-buchweizen-bio","og_site_name":"piece of cake Gesundheitsshop","article_modified_time":"2025-12-15T14:44:54+00:00","og_image":[{"width":2560,"height":2560,"url":"https:\/\/pieceofcake.coach\/gesundheitsshop\/wp-content\/uploads\/sites\/5\/2024\/10\/IMG_1708-scaled.jpeg","type":"image\/jpeg"}],"twitter_card":"summary_large_image","twitter_misc":{"Gesch\u00e4tzte Lesezeit":"4\u00a0Minuten"},"schema":{"@context":"https:\/\/schema.org","@graph":[{"@type":"WebPage","@id":"https:\/\/pieceofcake.coach\/gesundheitsshop\/produkte\/wacker-gekeimter-buchweizen-bio","url":"https:\/\/pieceofcake.coach\/gesundheitsshop\/produkte\/wacker-gekeimter-buchweizen-bio","name":"Wacker\u00ae Gekeimter Buchweizen Bio - piece of cake Gesundheitsshop \ud83c\udf70","isPartOf":{"@id":"https:\/\/pieceofcake.coach\/gesundheitsshop\/#website"},"primaryImageOfPage":{"@id":"https:\/\/pieceofcake.coach\/gesundheitsshop\/produkte\/wacker-gekeimter-buchweizen-bio#primaryimage"},"image":{"@id":"https:\/\/pieceofcake.coach\/gesundheitsshop\/produkte\/wacker-gekeimter-buchweizen-bio#primaryimage"},"thumbnailUrl":"https:\/\/pieceofcake.coach\/gesundheitsshop\/wp-content\/uploads\/sites\/5\/2024\/10\/IMG_1708-scaled.jpeg","datePublished":"2020-06-20T15:52:26+00:00","dateModified":"2025-12-15T14:44:54+00:00","description":"Wacker\u00ae Gekeimter Buchweizen Bio \u2705gekeimt \u2705n\u00e4hrstoffreich \u2705basisch \u2705Eisen \u2705pflanzliches Eiwei\u00df \u2705Zink \u2705kaum Phytins\u00e4ure \u2705Selen \u2705B-Vitamine","breadcrumb":{"@id":"https:\/\/pieceofcake.coach\/gesundheitsshop\/produkte\/wacker-gekeimter-buchweizen-bio#breadcrumb"},"inLanguage":"de","potentialAction":[{"@type":"ReadAction","target":["https:\/\/pieceofcake.coach\/gesundheitsshop\/produkte\/wacker-gekeimter-buchweizen-bio"]}]},{"@type":"ImageObject","inLanguage":"de","@id":"https:\/\/pieceofcake.coach\/gesundheitsshop\/produkte\/wacker-gekeimter-buchweizen-bio#primaryimage","url":"https:\/\/pieceofcake.coach\/gesundheitsshop\/wp-content\/uploads\/sites\/5\/2024\/10\/IMG_1708-scaled.jpeg","contentUrl":"https:\/\/pieceofcake.coach\/gesundheitsshop\/wp-content\/uploads\/sites\/5\/2024\/10\/IMG_1708-scaled.jpeg","width":2560,"height":2560,"caption":"Wacker\u00ae Gekeimter Buchweizen Bio"},{"@type":"BreadcrumbList","@id":"https:\/\/pieceofcake.coach\/gesundheitsshop\/produkte\/wacker-gekeimter-buchweizen-bio#breadcrumb","itemListElement":[{"@type":"ListItem","position":1,"name":"Startseite","item":"https:\/\/pieceofcake.coach\/gesundheitsshop\/"},{"@type":"ListItem","position":2,"name":"Produkte","item":"https:\/\/pieceofcake.coach\/gesundheitsshop\/produkte"},{"@type":"ListItem","position":3,"name":"Wacker\u00ae Gekeimter Buchweizen Bio"}]},{"@type":"WebSite","@id":"https:\/\/pieceofcake.coach\/gesundheitsshop\/#website","url":"https:\/\/pieceofcake.coach\/gesundheitsshop\/","name":"piece of cake Gesundheitsshop","description":"","potentialAction":[{"@type":"SearchAction","target":{"@type":"EntryPoint","urlTemplate":"https:\/\/pieceofcake.coach\/gesundheitsshop\/?s={search_term_string}"},"query-input":{"@type":"PropertyValueSpecification","valueRequired":true,"valueName":"search_term_string"}}],"inLanguage":"de"}]}},"_links":{"self":[{"href":"https:\/\/pieceofcake.coach\/gesundheitsshop\/wp-json\/wp\/v2\/product\/28528","targetHints":{"allow":["GET"]}}],"collection":[{"href":"https:\/\/pieceofcake.coach\/gesundheitsshop\/wp-json\/wp\/v2\/product"}],"about":[{"href":"https:\/\/pieceofcake.coach\/gesundheitsshop\/wp-json\/wp\/v2\/types\/product"}],"replies":[{"embeddable":true,"href":"https:\/\/pieceofcake.coach\/gesundheitsshop\/wp-json\/wp\/v2\/comments?post=28528"}],"wp:featuredmedia":[{"embeddable":true,"href":"https:\/\/pieceofcake.coach\/gesundheitsshop\/wp-json\/wp\/v2\/media\/31846"}],"wp:attachment":[{"href":"https:\/\/pieceofcake.coach\/gesundheitsshop\/wp-json\/wp\/v2\/media?parent=28528"}],"wp:term":[{"taxonomy":"product_brand","embeddable":true,"href":"https:\/\/pieceofcake.coach\/gesundheitsshop\/wp-json\/wp\/v2\/product_brand?post=28528"},{"taxonomy":"product_cat","embeddable":true,"href":"https:\/\/pieceofcake.coach\/gesundheitsshop\/wp-json\/wp\/v2\/product_cat?post=28528"},{"taxonomy":"product_tag","embeddable":true,"href":"https:\/\/pieceofcake.coach\/gesundheitsshop\/wp-json\/wp\/v2\/product_tag?post=28528"}],"curies":[{"name":"wp","href":"https:\/\/api.w.org\/{rel}","templated":true}]}}