{"id":28621,"date":"2020-09-17T17:21:09","date_gmt":"2020-09-17T15:21:09","guid":{"rendered":"https:\/\/pieceofcake.shop\/?post_type=product&#038;p=28621"},"modified":"2026-01-14T11:39:05","modified_gmt":"2026-01-14T10:39:05","slug":"morning-fuel","status":"publish","type":"product","link":"https:\/\/pieceofcake.coach\/gesundheitsshop\/produkte\/morning-fuel","title":{"rendered":"Morning Fuel"},"content":{"rendered":"<p>Die Zutaten von Morning Fuel sind:<\/p>\n<ul>\n<li>Erbsenprotein (aus fermentierten Samen)<\/li>\n<li>Hafer (gemahlen)<\/li>\n<li>Kokosbl\u00fctenzucker<\/li>\n<li>Spinatsaftpulver<\/li>\n<li>MCT-\u00d6l aus Kokosn\u00fcssen<\/li>\n<li>Quinoa (gemahlen)<\/li>\n<li>Spirulina<\/li>\n<li>nat\u00fcrliches Vanille-Aroma<\/li>\n<li>Leinsamen (gemahlen)<\/li>\n<li>Flohsamenschalen<\/li>\n<li>Alfalfa-Saftpulver<\/li>\n<li>Maca-Wurzelpulver<\/li>\n<li>Mandeln (gemahlen)<\/li>\n<li>S\u00fc\u00dfkartoffeln (gemahlen)<\/li>\n<li>Matcha Teepulver<\/li>\n<li>Guarana Fruchtsaftextrakt<\/li>\n<li>Bromelain (aus der Ananas)<\/li>\n<li>Stevia-Extrakt (Stevioylglycoside)<\/li>\n<li>Vitamin B6 (Pyridoxinhydrochlorid)<\/li>\n<li>Vitamin B12 (Methylcobalamin)<\/li>\n<\/ul>\n<p>vegan, ohne Soja, keine Laktose, non GMO, in Deutschland hergestellt<\/p>\n<section class=\"vc_cta3_content-container\">\n<div class=\"vc_general vc_cta3 vc_cta3-style-classic vc_cta3-shape-rounded vc_cta3-align-left vc_cta3-color-classic vc_cta3-icon-size-md vc_cta3-actions-bottom\">\n<div class=\"vc_cta3_content-container\">\n<div class=\"vc_cta3-content\">\n<blockquote>\n<h4>Meine Philosophie:<br \/>\nErstklassige Produkte, pers\u00f6nliche Beratung, entspanntes Einkaufen, durch den Versand entstehen Rohstoffe<\/h4>\n<p>Morning Fuel beziehe ich direkt vom Hersteller <em>Alpha Foods<\/em>, einem meiner handverlesenen Gesch\u00e4ftspartner, mit denen ich einen oft \u00fcber Jahre gewachsenen pers\u00f6nlichen Kontakt halte. Und ich mache nur Gesch\u00e4fte mit Menschen, die wie ich gerne ihr Bestes geben. Bei mir bekommst Du nur hochwertige Produkte, die ich selbst getestet habe und aus fachlicher Sicht f\u00fcr sinnvoll halte. Ich berate Dich gerne telefonisch. Du kannst dabei oder danach entspannt online einkaufen. Ich rufe Dich auch gerne zur\u00fcck.<br \/>\nVom Ern\u00e4hrungsberater mit Liebe recherchierte und individuell empfohlene Produkte f\u00fcr Deinen gesunden Lebensstil. Ich <a href=\"https:\/\/pieceofcake.coach\/gesundheitsshop\/meine-philosophie\">schaffe \u00fcbrigens mehr Rohstoffe<\/a> als durch den Versand Deiner Bestellung verbraucht werden. Gibt es so sonst nirgends.<\/p>\n<h4>Qualit\u00e4t unterst\u00fctzen oder &#8218;billiger, billiger&#8216;<\/h4>\n<p>Nat\u00fcrlich bekommst Du meine Produkte auch anderswo und m\u00f6glicherweise hier und da sogar etwas g\u00fcnstiger. Falls Du nicht auf jeden Cent achten musst, freue ich mich, wenn Du meinen Service wertsch\u00e4tzt und mein Kunde bleibst. Damit unterst\u00fctzt Du, dass mein erstklassiges Sortiment immer weiter w\u00e4chst. <a href=\"https:\/\/shop.pieceofcake.coach\/meine-philosophie\">Stammkunden<\/a> bekommen bei mir zudem Rabatte, <a href=\"https:\/\/pieceofcake.coach\/kontakt\">sprich mich gerne darauf an.<\/a><\/p><\/blockquote>\n<\/div>\n<\/div>\n<\/div>\n<\/section>\n","protected":false},"excerpt":{"rendered":"<p><strong>Morning Fuel<\/strong> ist f\u00fcr mich die verbl\u00fcffend <strong>leckere Kombination<\/strong> aus <strong>Porridge<\/strong> und <strong>gr\u00fcnem Smoothie<\/strong>. Und es ist sowohl f\u00fcr ein gr\u00fcneres Porridge als auch f\u00fcr einen gr\u00fcnen Smoothie mit etwas mehr Energie eine gro\u00dfartige Zutat. Morning Fuel schmeckt sowohl <strong>kalt<\/strong> als auch <strong>warm.<\/strong> Es schmeckt ehrlich gesagt nicht nur, sondern ist <strong>saulecker.<\/strong> H\u00e4tte es nicht auch einen gerechtfertigten stolzen Preis, w\u00fcrde ich es jeden Tag nehmen. So &#8218;belohne&#8216; ich mich regelm\u00e4\u00dfig damit, wenn es <strong>morgens<\/strong> mal besonders fr\u00fch ist oder besonders <strong>schnell gehen muss<\/strong>. Wenn ich ein paar Tage <strong>unterwegs<\/strong> bin, ist Morning Fuel immer dabei. Dann bin ich nicht abh\u00e4ngig davon, was ein Hotel mir bietet (oder nicht).<\/p>\n<p>Inhalt: 600g pflanzliches Pulver, reicht f\u00fcr 20 Portionen (laut Hersteller, ich selbst nehme immer etwas mehr, weil es halt so lecker ist)<\/p>\n","protected":false},"featured_media":31066,"comment_status":"open","ping_status":"closed","template":"","meta":[],"product_brand":[],"product_cat":[389,364,366,358,363,353],"product_tag":[],"class_list":{"0":"post-28621","1":"product","2":"type-product","3":"status-publish","4":"has-post-thumbnail","6":"product_cat-gekeimte-lebensmittel","7":"product_cat-zum-fruehstueck","8":"product_cat-fuer-deinen-smoothie","9":"product_cat-fuer-sportler","10":"product_cat-unterwegs-gesund","11":"product_cat-meine-persoenlichen-favoriten","12":"description-off","14":"first","15":"outofstock","16":"taxable","17":"shipping-taxable","18":"purchasable","19":"product-type-simple"},"yoast_head":"<!-- This site is optimized with the Yoast SEO plugin v26.4 - https:\/\/yoast.com\/wordpress\/plugins\/seo\/ -->\n<title>Morning Fuel von alphafoods - piece of cake Gesundheitsshop \ud83c\udf70<\/title>\n<meta name=\"description\" content=\"Morning Fuel \u2705alphafoods \u2705pflanzliches Fr\u00fchst\u00fcckspulver \u2705Protein \u2705Hafer \u2705Maca \u2705B-Vitamine \u2705Spirulina \u2705Spinat \u2705MCT-\u00d6l \u2705Matcha \u2705Guarana \u2705lecker\" \/>\n<meta name=\"robots\" content=\"index, follow, max-snippet:-1, max-image-preview:large, max-video-preview:-1\" \/>\n<link rel=\"canonical\" href=\"https:\/\/pieceofcake.coach\/gesundheitsshop\/produkte\/morning-fuel\" \/>\n<meta property=\"og:locale\" content=\"de_DE\" \/>\n<meta property=\"og:type\" content=\"article\" \/>\n<meta property=\"og:title\" content=\"Morning Fuel von alphafoods - piece of cake Gesundheitsshop \ud83c\udf70\" \/>\n<meta property=\"og:description\" content=\"Morning Fuel \u2705alphafoods \u2705pflanzliches Fr\u00fchst\u00fcckspulver \u2705Protein \u2705Hafer \u2705Maca \u2705B-Vitamine \u2705Spirulina \u2705Spinat \u2705MCT-\u00d6l \u2705Matcha \u2705Guarana \u2705lecker\" \/>\n<meta property=\"og:url\" content=\"https:\/\/pieceofcake.coach\/gesundheitsshop\/produkte\/morning-fuel\" \/>\n<meta property=\"og:site_name\" content=\"piece of cake Gesundheitsshop\" \/>\n<meta property=\"article:modified_time\" content=\"2026-01-14T10:39:05+00:00\" \/>\n<meta property=\"og:image\" content=\"https:\/\/pieceofcake.coach\/gesundheitsshop\/wp-content\/uploads\/sites\/5\/2022\/09\/IMG_9728.jpeg\" \/>\n\t<meta property=\"og:image:width\" content=\"1772\" \/>\n\t<meta property=\"og:image:height\" content=\"1772\" \/>\n\t<meta property=\"og:image:type\" content=\"image\/jpeg\" \/>\n<meta name=\"twitter:card\" content=\"summary_large_image\" \/>\n<meta name=\"twitter:label1\" content=\"Gesch\u00e4tzte Lesezeit\" \/>\n\t<meta name=\"twitter:data1\" content=\"1\u00a0Minute\" \/>\n<script type=\"application\/ld+json\" class=\"yoast-schema-graph\">{\"@context\":\"https:\/\/schema.org\",\"@graph\":[{\"@type\":\"WebPage\",\"@id\":\"https:\/\/pieceofcake.coach\/gesundheitsshop\/produkte\/morning-fuel\",\"url\":\"https:\/\/pieceofcake.coach\/gesundheitsshop\/produkte\/morning-fuel\",\"name\":\"Morning Fuel von alphafoods - piece of cake Gesundheitsshop \ud83c\udf70\",\"isPartOf\":{\"@id\":\"https:\/\/pieceofcake.coach\/gesundheitsshop\/#website\"},\"primaryImageOfPage\":{\"@id\":\"https:\/\/pieceofcake.coach\/gesundheitsshop\/produkte\/morning-fuel#primaryimage\"},\"image\":{\"@id\":\"https:\/\/pieceofcake.coach\/gesundheitsshop\/produkte\/morning-fuel#primaryimage\"},\"thumbnailUrl\":\"https:\/\/pieceofcake.coach\/gesundheitsshop\/wp-content\/uploads\/sites\/5\/2022\/09\/IMG_9728.jpeg\",\"datePublished\":\"2020-09-17T15:21:09+00:00\",\"dateModified\":\"2026-01-14T10:39:05+00:00\",\"description\":\"Morning Fuel \u2705alphafoods \u2705pflanzliches Fr\u00fchst\u00fcckspulver \u2705Protein \u2705Hafer \u2705Maca \u2705B-Vitamine \u2705Spirulina \u2705Spinat \u2705MCT-\u00d6l \u2705Matcha \u2705Guarana \u2705lecker\",\"breadcrumb\":{\"@id\":\"https:\/\/pieceofcake.coach\/gesundheitsshop\/produkte\/morning-fuel#breadcrumb\"},\"inLanguage\":\"de\",\"potentialAction\":[{\"@type\":\"ReadAction\",\"target\":[\"https:\/\/pieceofcake.coach\/gesundheitsshop\/produkte\/morning-fuel\"]}]},{\"@type\":\"ImageObject\",\"inLanguage\":\"de\",\"@id\":\"https:\/\/pieceofcake.coach\/gesundheitsshop\/produkte\/morning-fuel#primaryimage\",\"url\":\"https:\/\/pieceofcake.coach\/gesundheitsshop\/wp-content\/uploads\/sites\/5\/2022\/09\/IMG_9728.jpeg\",\"contentUrl\":\"https:\/\/pieceofcake.coach\/gesundheitsshop\/wp-content\/uploads\/sites\/5\/2022\/09\/IMG_9728.jpeg\",\"width\":1772,\"height\":1772,\"caption\":\"morning fuel\"},{\"@type\":\"BreadcrumbList\",\"@id\":\"https:\/\/pieceofcake.coach\/gesundheitsshop\/produkte\/morning-fuel#breadcrumb\",\"itemListElement\":[{\"@type\":\"ListItem\",\"position\":1,\"name\":\"Startseite\",\"item\":\"https:\/\/pieceofcake.coach\/gesundheitsshop\/\"},{\"@type\":\"ListItem\",\"position\":2,\"name\":\"Produkte\",\"item\":\"https:\/\/pieceofcake.coach\/gesundheitsshop\/produkte\"},{\"@type\":\"ListItem\",\"position\":3,\"name\":\"Morning Fuel\"}]},{\"@type\":\"WebSite\",\"@id\":\"https:\/\/pieceofcake.coach\/gesundheitsshop\/#website\",\"url\":\"https:\/\/pieceofcake.coach\/gesundheitsshop\/\",\"name\":\"piece of cake Gesundheitsshop\",\"description\":\"\",\"potentialAction\":[{\"@type\":\"SearchAction\",\"target\":{\"@type\":\"EntryPoint\",\"urlTemplate\":\"https:\/\/pieceofcake.coach\/gesundheitsshop\/?s={search_term_string}\"},\"query-input\":{\"@type\":\"PropertyValueSpecification\",\"valueRequired\":true,\"valueName\":\"search_term_string\"}}],\"inLanguage\":\"de\"}]}<\/script>\n<!-- \/ Yoast SEO plugin. -->","yoast_head_json":{"title":"Morning Fuel von alphafoods - piece of cake Gesundheitsshop \ud83c\udf70","description":"Morning Fuel \u2705alphafoods \u2705pflanzliches Fr\u00fchst\u00fcckspulver \u2705Protein \u2705Hafer \u2705Maca \u2705B-Vitamine \u2705Spirulina \u2705Spinat \u2705MCT-\u00d6l \u2705Matcha \u2705Guarana \u2705lecker","robots":{"index":"index","follow":"follow","max-snippet":"max-snippet:-1","max-image-preview":"max-image-preview:large","max-video-preview":"max-video-preview:-1"},"canonical":"https:\/\/pieceofcake.coach\/gesundheitsshop\/produkte\/morning-fuel","og_locale":"de_DE","og_type":"article","og_title":"Morning Fuel von alphafoods - piece of cake Gesundheitsshop \ud83c\udf70","og_description":"Morning Fuel \u2705alphafoods \u2705pflanzliches Fr\u00fchst\u00fcckspulver \u2705Protein \u2705Hafer \u2705Maca \u2705B-Vitamine \u2705Spirulina \u2705Spinat \u2705MCT-\u00d6l \u2705Matcha \u2705Guarana \u2705lecker","og_url":"https:\/\/pieceofcake.coach\/gesundheitsshop\/produkte\/morning-fuel","og_site_name":"piece of cake Gesundheitsshop","article_modified_time":"2026-01-14T10:39:05+00:00","og_image":[{"width":1772,"height":1772,"url":"https:\/\/pieceofcake.coach\/gesundheitsshop\/wp-content\/uploads\/sites\/5\/2022\/09\/IMG_9728.jpeg","type":"image\/jpeg"}],"twitter_card":"summary_large_image","twitter_misc":{"Gesch\u00e4tzte Lesezeit":"1\u00a0Minute"},"schema":{"@context":"https:\/\/schema.org","@graph":[{"@type":"WebPage","@id":"https:\/\/pieceofcake.coach\/gesundheitsshop\/produkte\/morning-fuel","url":"https:\/\/pieceofcake.coach\/gesundheitsshop\/produkte\/morning-fuel","name":"Morning Fuel von alphafoods - piece of cake Gesundheitsshop \ud83c\udf70","isPartOf":{"@id":"https:\/\/pieceofcake.coach\/gesundheitsshop\/#website"},"primaryImageOfPage":{"@id":"https:\/\/pieceofcake.coach\/gesundheitsshop\/produkte\/morning-fuel#primaryimage"},"image":{"@id":"https:\/\/pieceofcake.coach\/gesundheitsshop\/produkte\/morning-fuel#primaryimage"},"thumbnailUrl":"https:\/\/pieceofcake.coach\/gesundheitsshop\/wp-content\/uploads\/sites\/5\/2022\/09\/IMG_9728.jpeg","datePublished":"2020-09-17T15:21:09+00:00","dateModified":"2026-01-14T10:39:05+00:00","description":"Morning Fuel \u2705alphafoods \u2705pflanzliches Fr\u00fchst\u00fcckspulver \u2705Protein \u2705Hafer \u2705Maca \u2705B-Vitamine \u2705Spirulina \u2705Spinat \u2705MCT-\u00d6l \u2705Matcha \u2705Guarana \u2705lecker","breadcrumb":{"@id":"https:\/\/pieceofcake.coach\/gesundheitsshop\/produkte\/morning-fuel#breadcrumb"},"inLanguage":"de","potentialAction":[{"@type":"ReadAction","target":["https:\/\/pieceofcake.coach\/gesundheitsshop\/produkte\/morning-fuel"]}]},{"@type":"ImageObject","inLanguage":"de","@id":"https:\/\/pieceofcake.coach\/gesundheitsshop\/produkte\/morning-fuel#primaryimage","url":"https:\/\/pieceofcake.coach\/gesundheitsshop\/wp-content\/uploads\/sites\/5\/2022\/09\/IMG_9728.jpeg","contentUrl":"https:\/\/pieceofcake.coach\/gesundheitsshop\/wp-content\/uploads\/sites\/5\/2022\/09\/IMG_9728.jpeg","width":1772,"height":1772,"caption":"morning fuel"},{"@type":"BreadcrumbList","@id":"https:\/\/pieceofcake.coach\/gesundheitsshop\/produkte\/morning-fuel#breadcrumb","itemListElement":[{"@type":"ListItem","position":1,"name":"Startseite","item":"https:\/\/pieceofcake.coach\/gesundheitsshop\/"},{"@type":"ListItem","position":2,"name":"Produkte","item":"https:\/\/pieceofcake.coach\/gesundheitsshop\/produkte"},{"@type":"ListItem","position":3,"name":"Morning Fuel"}]},{"@type":"WebSite","@id":"https:\/\/pieceofcake.coach\/gesundheitsshop\/#website","url":"https:\/\/pieceofcake.coach\/gesundheitsshop\/","name":"piece of cake Gesundheitsshop","description":"","potentialAction":[{"@type":"SearchAction","target":{"@type":"EntryPoint","urlTemplate":"https:\/\/pieceofcake.coach\/gesundheitsshop\/?s={search_term_string}"},"query-input":{"@type":"PropertyValueSpecification","valueRequired":true,"valueName":"search_term_string"}}],"inLanguage":"de"}]}},"_links":{"self":[{"href":"https:\/\/pieceofcake.coach\/gesundheitsshop\/wp-json\/wp\/v2\/product\/28621","targetHints":{"allow":["GET"]}}],"collection":[{"href":"https:\/\/pieceofcake.coach\/gesundheitsshop\/wp-json\/wp\/v2\/product"}],"about":[{"href":"https:\/\/pieceofcake.coach\/gesundheitsshop\/wp-json\/wp\/v2\/types\/product"}],"replies":[{"embeddable":true,"href":"https:\/\/pieceofcake.coach\/gesundheitsshop\/wp-json\/wp\/v2\/comments?post=28621"}],"wp:featuredmedia":[{"embeddable":true,"href":"https:\/\/pieceofcake.coach\/gesundheitsshop\/wp-json\/wp\/v2\/media\/31066"}],"wp:attachment":[{"href":"https:\/\/pieceofcake.coach\/gesundheitsshop\/wp-json\/wp\/v2\/media?parent=28621"}],"wp:term":[{"taxonomy":"product_brand","embeddable":true,"href":"https:\/\/pieceofcake.coach\/gesundheitsshop\/wp-json\/wp\/v2\/product_brand?post=28621"},{"taxonomy":"product_cat","embeddable":true,"href":"https:\/\/pieceofcake.coach\/gesundheitsshop\/wp-json\/wp\/v2\/product_cat?post=28621"},{"taxonomy":"product_tag","embeddable":true,"href":"https:\/\/pieceofcake.coach\/gesundheitsshop\/wp-json\/wp\/v2\/product_tag?post=28621"}],"curies":[{"name":"wp","href":"https:\/\/api.w.org\/{rel}","templated":true}]}}