{"id":28625,"date":"2020-09-17T19:37:35","date_gmt":"2020-09-17T17:37:35","guid":{"rendered":"https:\/\/pieceofcake.shop\/?post_type=product&#038;p=28625"},"modified":"2025-12-15T15:44:10","modified_gmt":"2025-12-15T14:44:10","slug":"wacker-gekeimtes-muesli-bio","status":"publish","type":"product","link":"https:\/\/pieceofcake.coach\/gesundheitsshop\/produkte\/wacker-gekeimtes-muesli-bio","title":{"rendered":"Wacker\u00ae Gekeimtes M\u00fcsli Bio"},"content":{"rendered":"<h2>Gekeimtes Getreide ist sehr gesund, n\u00e4hrstoffreicher und bek\u00f6mmlicher<\/h2>\n<p>Wacker\u00ae Gekeimtes M\u00fcsli Bio enth\u00e4lt gekeimte Bio Haferflocken, gekeimten Bio Buchweizen und Bio Datteln. Das Keimen macht viele Pflanzen n\u00e4hrstoffreicher und bek\u00f6mmlicher, weil sie aktiviert&#8216; werden. Sie enthalten mehr Amylasen, also Enzyme, die zur Verdauung von Kohlenhydraten gebraucht werden. Der Gehalt an Phytins\u00e4ure, die als &#8218;N\u00e4hrstoffr\u00e4uber&#8216; gilt, wird ebenfalls deutlich geringer. Und laut Laboranalysen der Herstellerin <a href=\"https:\/\/bleibwacker.com\/?sPartner=pieceofcake\" target=\"_blank\" rel=\"noopener noreferrer\">Sabine Wacker<\/a> dieses tollen Produktes erh\u00f6ht sich deswegen der Mineralgehalt. Deswegen eignet sich gekeimtes Getreide auf einmal zu einer basen\u00fcbersch\u00fcssigen Ern\u00e4hrung, denn <a href=\"https:\/\/pieceofcake.coach\/gesundheitsshop\/produkte\/wacker-gekeimte-haferflocken-bio\">Haferflocken<\/a> und <a href=\"https:\/\/pieceofcake.coach\/gesundheitsshop\/produkte\/wacker-gekeimter-buchweizen-bio\">Buchweizen<\/a> bieten allerhand Mineralien und Spurenelemente, die durch das Keimen erst richtig verf\u00fcgbar werden. Beide enthalten zudem wichtige B Vitamine (B1, B6, B7), die wir t\u00e4glich mit der Nahrung aufnehmen sollten. Da sich beim Keimen auch die Struktur einiger Glutenanteile ver\u00e4ndert, werden glutenhaltige Getreide wie z.B. Hafer f\u00fcr viele Menschen, sogar f\u00fcr manche, die glutensensitiv sind, auch besser bek\u00f6mmlich.<\/p>\n<h2>Wacker\u00ae Gekeimtes M\u00fcsli Bio ist ein gesunder Genuss<\/h2>\n<p>Ich nehme dieses M\u00fcsli oder auch das <a href=\"https:\/\/pieceofcake.coach\/gesundheitsshop\/produkte\/wacker-gekeimtes-nussmuesli-bio\">Gekeimte Nussm\u00fcsli<\/a> Bio sehr gerne zum Fr\u00fchst\u00fcck oder kombiniere sie sogar. Du kannst Dein M\u00fcsli einfach mit hei\u00dfem Wasser etwas k\u00f6cheln und ziehen lassen oder mit einer Pflanzenmilch kurz aufkochen. Ich nehme es f\u00fcr <a href=\"https:\/\/pieceofcake.coach\/gesundes-fruehstueck\" target=\"_blank\" rel=\"noopener noreferrer\">mein morgendliches Porridge<\/a> gerne noch mit etwas <a href=\"https:\/\/pieceofcake.coach\/gesundheitsshop\/produkte\/bio-kokosoel\">Kokos\u00f6l<\/a>, Zimt, Kakao, Vanille, Kardamom, Ingwer und einem Apfel, den ich leicht mitgare. Dann ein paar Blaubeeren und Granatapfelkerne oben drauf. Aus den anderen gekeimten Produkten kannst Du Dir auch Deine eigene Lieblingsfr\u00fchst\u00fccksmischung zusammenstellen.<\/p>\n<p>&nbsp;<\/p>\n<blockquote>\n<h4>Meine Philosophie:<br \/>\nErstklassige Produkte, pers\u00f6nliche Beratung, entspanntes Einkaufen, durch den Versand entstehen Rohstoffe<\/h4>\n<p>Wacker\u00ae Gekeimtes M\u00fcsli Bio beziehe ich direkt von der Herstellerin <em><a href=\"https:\/\/bleibwacker.com\/?sPartner=pieceofcake\" target=\"_blank\" rel=\"noopener noreferrer\">Sabine Wacker<\/a><\/em>, eine meiner handverlesenen Gesch\u00e4ftspartner, mit denen ich einen oft \u00fcber Jahre gewachsenen pers\u00f6nlichen Kontakt halte. Und ich mache nur Gesch\u00e4fte mit Menschen, die wie ich gerne ihr Bestes geben. Bei mir bekommst Du nur hochwertige Produkte, die ich selbst getestet habe und aus fachlicher Sicht f\u00fcr sinnvoll halte. Ich berate Dich gerne telefonisch. Du kannst dabei oder danach entspannt online einkaufen. Ich rufe Dich auch gerne zur\u00fcck.<br \/>\nVom Ern\u00e4hrungsberater mit Liebe recherchierte und individuell empfohlene Produkte f\u00fcr Deinen gesunden Lebensstil. Ich <a href=\"https:\/\/pieceofcake.coach\/gesundheitsshop\/meine-philosophie\">schaffe \u00fcbrigens mehr Rohstoffe<\/a> als durch den Versand Deiner Bestellung verbraucht werden. Gibt es so sonst nirgends.<\/p>\n<h4>Qualit\u00e4t unterst\u00fctzen oder &#8218;billiger, billiger&#8216;<\/h4>\n<p>Nat\u00fcrlich bekommst Du meine Produkte auch anderswo und m\u00f6glicherweise hier und da sogar etwas g\u00fcnstiger. Falls Du nicht auf jeden Cent achten musst, freue ich mich, wenn Du meinen Service wertsch\u00e4tzt und mein Kunde bleibst. Damit unterst\u00fctzt Du, dass mein erstklassiges Sortiment immer weiter w\u00e4chst. <a href=\"https:\/\/shop.pieceofcake.coach\/meine-philosophie\">Stammkunden<\/a> bekommen bei mir zudem Rabatte, <a href=\"https:\/\/pieceofcake.coach\/kontakt\">sprich mich gerne darauf an.<\/a><\/p><\/blockquote>\n","protected":false},"excerpt":{"rendered":"<p><strong>Wacker\u00ae Gekeimtes M\u00fcsli Bio<\/strong> ist die perfekte Grundlage f\u00fcr Dein <strong>Lieblingsporridge.<\/strong> Du kannst kreieren und kombinieren oder in die fertige Mischung einfach zum Beispiel Mandelmilch geben und sofort genie\u00dfen.<br \/>\n<strong>Gekeimtes Getreide<\/strong> und Pseudogetreide ist &#8218;aktiviert&#8216; und damit <strong>enzymreicher<\/strong> und <strong>n\u00e4hrstoffreicher.<\/strong> Es wird damit <strong>bek\u00f6mmlicher<\/strong> und wie ich pers\u00f6nlich finde sogar noch <strong>schmackhafter.<\/strong> Hier sind <strong>Haferflocken<\/strong> und <strong>Buchweizen<\/strong> kombiniert mit <strong>Datteln.<\/strong> Alle Zutaten haben Bioqualit\u00e4t. Und es schmeckt.<\/p>\n<p>Inhalt: 1kg<\/p>\n","protected":false},"featured_media":31772,"comment_status":"closed","ping_status":"closed","template":"","meta":[],"product_brand":[],"product_cat":[370,389,364,360,358,352],"product_tag":[],"class_list":{"0":"post-28625","1":"product","2":"type-product","3":"status-publish","4":"has-post-thumbnail","6":"product_cat-autonom-mit-autoimmun","7":"product_cat-gekeimte-lebensmittel","8":"product_cat-zum-fruehstueck","9":"product_cat-entsaeuerung","10":"product_cat-fuer-sportler","11":"product_cat-vitamine-und-mineralstoffe","12":"description-off","14":"first","15":"onbackorder","16":"taxable","17":"shipping-taxable","18":"purchasable","19":"product-type-simple"},"yoast_head":"<!-- This site is optimized with the Yoast SEO plugin v26.4 - https:\/\/yoast.com\/wordpress\/plugins\/seo\/ -->\n<title>Wacker\u00ae Gekeimtes M\u00fcsli Bio - piece of cake Gesundheitsshop \ud83c\udf70<\/title>\n<meta name=\"description\" content=\"Wacker\u00ae Gekeimtes M\u00fcsli Bio \u2705gekeimt und n\u00e4hrstoffreich \u2705bio \u2705Basenfasten \u2705Haferflocken \u2705Buchweizen \u2705Datteln\" \/>\n<meta name=\"robots\" content=\"index, follow, max-snippet:-1, max-image-preview:large, max-video-preview:-1\" \/>\n<link rel=\"canonical\" href=\"https:\/\/pieceofcake.coach\/gesundheitsshop\/produkte\/wacker-gekeimtes-muesli-bio\" \/>\n<meta property=\"og:locale\" content=\"de_DE\" \/>\n<meta property=\"og:type\" content=\"article\" \/>\n<meta property=\"og:title\" content=\"Wacker\u00ae Gekeimtes M\u00fcsli Bio - piece of cake Gesundheitsshop \ud83c\udf70\" \/>\n<meta property=\"og:description\" content=\"Wacker\u00ae Gekeimtes M\u00fcsli Bio \u2705gekeimt und n\u00e4hrstoffreich \u2705bio \u2705Basenfasten \u2705Haferflocken \u2705Buchweizen \u2705Datteln\" \/>\n<meta property=\"og:url\" content=\"https:\/\/pieceofcake.coach\/gesundheitsshop\/produkte\/wacker-gekeimtes-muesli-bio\" \/>\n<meta property=\"og:site_name\" content=\"piece of cake Gesundheitsshop\" \/>\n<meta property=\"article:modified_time\" content=\"2025-12-15T14:44:10+00:00\" \/>\n<meta property=\"og:image\" content=\"https:\/\/pieceofcake.coach\/gesundheitsshop\/wp-content\/uploads\/sites\/5\/2024\/09\/IMG_1602.jpg\" \/>\n\t<meta property=\"og:image:width\" content=\"1512\" \/>\n\t<meta property=\"og:image:height\" content=\"1512\" \/>\n\t<meta property=\"og:image:type\" content=\"image\/jpeg\" \/>\n<meta name=\"twitter:card\" content=\"summary_large_image\" \/>\n<meta name=\"twitter:label1\" content=\"Gesch\u00e4tzte Lesezeit\" \/>\n\t<meta name=\"twitter:data1\" content=\"2\u00a0Minuten\" \/>\n<script type=\"application\/ld+json\" class=\"yoast-schema-graph\">{\"@context\":\"https:\/\/schema.org\",\"@graph\":[{\"@type\":\"WebPage\",\"@id\":\"https:\/\/pieceofcake.coach\/gesundheitsshop\/produkte\/wacker-gekeimtes-muesli-bio\",\"url\":\"https:\/\/pieceofcake.coach\/gesundheitsshop\/produkte\/wacker-gekeimtes-muesli-bio\",\"name\":\"Wacker\u00ae Gekeimtes M\u00fcsli Bio - piece of cake Gesundheitsshop \ud83c\udf70\",\"isPartOf\":{\"@id\":\"https:\/\/pieceofcake.coach\/gesundheitsshop\/#website\"},\"primaryImageOfPage\":{\"@id\":\"https:\/\/pieceofcake.coach\/gesundheitsshop\/produkte\/wacker-gekeimtes-muesli-bio#primaryimage\"},\"image\":{\"@id\":\"https:\/\/pieceofcake.coach\/gesundheitsshop\/produkte\/wacker-gekeimtes-muesli-bio#primaryimage\"},\"thumbnailUrl\":\"https:\/\/pieceofcake.coach\/gesundheitsshop\/wp-content\/uploads\/sites\/5\/2024\/09\/IMG_1602.jpg\",\"datePublished\":\"2020-09-17T17:37:35+00:00\",\"dateModified\":\"2025-12-15T14:44:10+00:00\",\"description\":\"Wacker\u00ae Gekeimtes M\u00fcsli Bio \u2705gekeimt und n\u00e4hrstoffreich \u2705bio \u2705Basenfasten \u2705Haferflocken \u2705Buchweizen \u2705Datteln\",\"breadcrumb\":{\"@id\":\"https:\/\/pieceofcake.coach\/gesundheitsshop\/produkte\/wacker-gekeimtes-muesli-bio#breadcrumb\"},\"inLanguage\":\"de\",\"potentialAction\":[{\"@type\":\"ReadAction\",\"target\":[\"https:\/\/pieceofcake.coach\/gesundheitsshop\/produkte\/wacker-gekeimtes-muesli-bio\"]}]},{\"@type\":\"ImageObject\",\"inLanguage\":\"de\",\"@id\":\"https:\/\/pieceofcake.coach\/gesundheitsshop\/produkte\/wacker-gekeimtes-muesli-bio#primaryimage\",\"url\":\"https:\/\/pieceofcake.coach\/gesundheitsshop\/wp-content\/uploads\/sites\/5\/2024\/09\/IMG_1602.jpg\",\"contentUrl\":\"https:\/\/pieceofcake.coach\/gesundheitsshop\/wp-content\/uploads\/sites\/5\/2024\/09\/IMG_1602.jpg\",\"width\":1512,\"height\":1512,\"caption\":\"Wacker\u00ae Gekeimtes M\u00fcsli\"},{\"@type\":\"BreadcrumbList\",\"@id\":\"https:\/\/pieceofcake.coach\/gesundheitsshop\/produkte\/wacker-gekeimtes-muesli-bio#breadcrumb\",\"itemListElement\":[{\"@type\":\"ListItem\",\"position\":1,\"name\":\"Startseite\",\"item\":\"https:\/\/pieceofcake.coach\/gesundheitsshop\/\"},{\"@type\":\"ListItem\",\"position\":2,\"name\":\"Produkte\",\"item\":\"https:\/\/pieceofcake.coach\/gesundheitsshop\/produkte\"},{\"@type\":\"ListItem\",\"position\":3,\"name\":\"Wacker\u00ae Gekeimtes M\u00fcsli Bio\"}]},{\"@type\":\"WebSite\",\"@id\":\"https:\/\/pieceofcake.coach\/gesundheitsshop\/#website\",\"url\":\"https:\/\/pieceofcake.coach\/gesundheitsshop\/\",\"name\":\"piece of cake Gesundheitsshop\",\"description\":\"\",\"potentialAction\":[{\"@type\":\"SearchAction\",\"target\":{\"@type\":\"EntryPoint\",\"urlTemplate\":\"https:\/\/pieceofcake.coach\/gesundheitsshop\/?s={search_term_string}\"},\"query-input\":{\"@type\":\"PropertyValueSpecification\",\"valueRequired\":true,\"valueName\":\"search_term_string\"}}],\"inLanguage\":\"de\"}]}<\/script>\n<!-- \/ Yoast SEO plugin. -->","yoast_head_json":{"title":"Wacker\u00ae Gekeimtes M\u00fcsli Bio - piece of cake Gesundheitsshop \ud83c\udf70","description":"Wacker\u00ae Gekeimtes M\u00fcsli Bio \u2705gekeimt und n\u00e4hrstoffreich \u2705bio \u2705Basenfasten \u2705Haferflocken \u2705Buchweizen \u2705Datteln","robots":{"index":"index","follow":"follow","max-snippet":"max-snippet:-1","max-image-preview":"max-image-preview:large","max-video-preview":"max-video-preview:-1"},"canonical":"https:\/\/pieceofcake.coach\/gesundheitsshop\/produkte\/wacker-gekeimtes-muesli-bio","og_locale":"de_DE","og_type":"article","og_title":"Wacker\u00ae Gekeimtes M\u00fcsli Bio - piece of cake Gesundheitsshop \ud83c\udf70","og_description":"Wacker\u00ae Gekeimtes M\u00fcsli Bio \u2705gekeimt und n\u00e4hrstoffreich \u2705bio \u2705Basenfasten \u2705Haferflocken \u2705Buchweizen \u2705Datteln","og_url":"https:\/\/pieceofcake.coach\/gesundheitsshop\/produkte\/wacker-gekeimtes-muesli-bio","og_site_name":"piece of cake Gesundheitsshop","article_modified_time":"2025-12-15T14:44:10+00:00","og_image":[{"width":1512,"height":1512,"url":"https:\/\/pieceofcake.coach\/gesundheitsshop\/wp-content\/uploads\/sites\/5\/2024\/09\/IMG_1602.jpg","type":"image\/jpeg"}],"twitter_card":"summary_large_image","twitter_misc":{"Gesch\u00e4tzte Lesezeit":"2\u00a0Minuten"},"schema":{"@context":"https:\/\/schema.org","@graph":[{"@type":"WebPage","@id":"https:\/\/pieceofcake.coach\/gesundheitsshop\/produkte\/wacker-gekeimtes-muesli-bio","url":"https:\/\/pieceofcake.coach\/gesundheitsshop\/produkte\/wacker-gekeimtes-muesli-bio","name":"Wacker\u00ae Gekeimtes M\u00fcsli Bio - piece of cake Gesundheitsshop \ud83c\udf70","isPartOf":{"@id":"https:\/\/pieceofcake.coach\/gesundheitsshop\/#website"},"primaryImageOfPage":{"@id":"https:\/\/pieceofcake.coach\/gesundheitsshop\/produkte\/wacker-gekeimtes-muesli-bio#primaryimage"},"image":{"@id":"https:\/\/pieceofcake.coach\/gesundheitsshop\/produkte\/wacker-gekeimtes-muesli-bio#primaryimage"},"thumbnailUrl":"https:\/\/pieceofcake.coach\/gesundheitsshop\/wp-content\/uploads\/sites\/5\/2024\/09\/IMG_1602.jpg","datePublished":"2020-09-17T17:37:35+00:00","dateModified":"2025-12-15T14:44:10+00:00","description":"Wacker\u00ae Gekeimtes M\u00fcsli Bio \u2705gekeimt und n\u00e4hrstoffreich \u2705bio \u2705Basenfasten \u2705Haferflocken \u2705Buchweizen \u2705Datteln","breadcrumb":{"@id":"https:\/\/pieceofcake.coach\/gesundheitsshop\/produkte\/wacker-gekeimtes-muesli-bio#breadcrumb"},"inLanguage":"de","potentialAction":[{"@type":"ReadAction","target":["https:\/\/pieceofcake.coach\/gesundheitsshop\/produkte\/wacker-gekeimtes-muesli-bio"]}]},{"@type":"ImageObject","inLanguage":"de","@id":"https:\/\/pieceofcake.coach\/gesundheitsshop\/produkte\/wacker-gekeimtes-muesli-bio#primaryimage","url":"https:\/\/pieceofcake.coach\/gesundheitsshop\/wp-content\/uploads\/sites\/5\/2024\/09\/IMG_1602.jpg","contentUrl":"https:\/\/pieceofcake.coach\/gesundheitsshop\/wp-content\/uploads\/sites\/5\/2024\/09\/IMG_1602.jpg","width":1512,"height":1512,"caption":"Wacker\u00ae Gekeimtes M\u00fcsli"},{"@type":"BreadcrumbList","@id":"https:\/\/pieceofcake.coach\/gesundheitsshop\/produkte\/wacker-gekeimtes-muesli-bio#breadcrumb","itemListElement":[{"@type":"ListItem","position":1,"name":"Startseite","item":"https:\/\/pieceofcake.coach\/gesundheitsshop\/"},{"@type":"ListItem","position":2,"name":"Produkte","item":"https:\/\/pieceofcake.coach\/gesundheitsshop\/produkte"},{"@type":"ListItem","position":3,"name":"Wacker\u00ae Gekeimtes M\u00fcsli Bio"}]},{"@type":"WebSite","@id":"https:\/\/pieceofcake.coach\/gesundheitsshop\/#website","url":"https:\/\/pieceofcake.coach\/gesundheitsshop\/","name":"piece of cake Gesundheitsshop","description":"","potentialAction":[{"@type":"SearchAction","target":{"@type":"EntryPoint","urlTemplate":"https:\/\/pieceofcake.coach\/gesundheitsshop\/?s={search_term_string}"},"query-input":{"@type":"PropertyValueSpecification","valueRequired":true,"valueName":"search_term_string"}}],"inLanguage":"de"}]}},"_links":{"self":[{"href":"https:\/\/pieceofcake.coach\/gesundheitsshop\/wp-json\/wp\/v2\/product\/28625","targetHints":{"allow":["GET"]}}],"collection":[{"href":"https:\/\/pieceofcake.coach\/gesundheitsshop\/wp-json\/wp\/v2\/product"}],"about":[{"href":"https:\/\/pieceofcake.coach\/gesundheitsshop\/wp-json\/wp\/v2\/types\/product"}],"replies":[{"embeddable":true,"href":"https:\/\/pieceofcake.coach\/gesundheitsshop\/wp-json\/wp\/v2\/comments?post=28625"}],"wp:featuredmedia":[{"embeddable":true,"href":"https:\/\/pieceofcake.coach\/gesundheitsshop\/wp-json\/wp\/v2\/media\/31772"}],"wp:attachment":[{"href":"https:\/\/pieceofcake.coach\/gesundheitsshop\/wp-json\/wp\/v2\/media?parent=28625"}],"wp:term":[{"taxonomy":"product_brand","embeddable":true,"href":"https:\/\/pieceofcake.coach\/gesundheitsshop\/wp-json\/wp\/v2\/product_brand?post=28625"},{"taxonomy":"product_cat","embeddable":true,"href":"https:\/\/pieceofcake.coach\/gesundheitsshop\/wp-json\/wp\/v2\/product_cat?post=28625"},{"taxonomy":"product_tag","embeddable":true,"href":"https:\/\/pieceofcake.coach\/gesundheitsshop\/wp-json\/wp\/v2\/product_tag?post=28625"}],"curies":[{"name":"wp","href":"https:\/\/api.w.org\/{rel}","templated":true}]}}