{"id":28761,"date":"2020-09-28T16:12:49","date_gmt":"2020-09-28T14:12:49","guid":{"rendered":"https:\/\/pieceofcake.shop\/?post_type=product&#038;p=28761"},"modified":"2024-10-20T17:38:53","modified_gmt":"2024-10-20T15:38:53","slug":"nalgene-trinkflasche-1-liter-violett","status":"publish","type":"product","link":"https:\/\/pieceofcake.coach\/gesundheitsshop\/produkte\/nalgene-trinkflasche-1-liter-violett","title":{"rendered":"Nalgene Trinkflasche 1 Liter violett"},"content":{"rendered":"<div class=\"wpb-content-wrapper\"><p>[vc_row][vc_column][vc_column_text css=&#8220;&#8220;]Die Nalgene Trinkflasche 1 Liter &#8211; hier in violett &#8211; ist ein Allesk\u00f6nner<\/p>\n<ul>\n<li>BPA freier Kunststoff<\/li>\n<li>beeinflusst den Geschmack Deines Lieblingsdrinks nicht<\/li>\n<li>leicht zu reinigen<\/li>\n<li>ideal f\u00fcr unterwegs, bei der Arbeit oder beim Sport<\/li>\n<li>Weithals: gut zum Bef\u00fcllen und Reinigen<\/li>\n<li>ideal kombiniert mit dem Nalgene Easy Sipper<\/li>\n<\/ul>\n<p>&nbsp;<\/p>\n<section class=\"vc_cta3_content-container\">\n<div class=\"vc_general vc_cta3 vc_cta3-style-classic vc_cta3-shape-rounded vc_cta3-align-left vc_cta3-color-classic vc_cta3-icon-size-md vc_cta3-actions-bottom\">\n<div class=\"vc_cta3_content-container\">\n<div class=\"vc_cta3-content\">\n<blockquote>\n<h4>Meine Philosophie:<br \/>\nErstklassige Produkte, pers\u00f6nliche Beratung, entspanntes Einkaufen, durch den Versand entstehen Rohstoffe<\/h4>\n<p>Nalgene Trinkflaschen beziehe ich direkt vom Hersteller <em>Nalgene,<\/em> einem meiner handverlesenen Gesch\u00e4ftspartner, mit denen ich einen oft \u00fcber Jahre gewachsenen pers\u00f6nlichen Kontakt halte. Und ich mache nur Gesch\u00e4fte mit Menschen, die wie ich gerne ihr Bestes geben.Bei mir bekommst Du nur hochwertige Produkte, die ich selbst getestet habe und aus fachlicher Sicht f\u00fcr sinnvoll halte. Ich berate Dich gerne telefonisch. Du kannst dabei oder danach entspannt online einkaufen. Ich rufe Dich auch gerne zur\u00fcck.<br \/>\nVom Ern\u00e4hrungsberater mit Liebe recherchierte und individuell empfohlene Produkte f\u00fcr Deinen gesunden Lebensstil. Ich <a href=\"https:\/\/pieceofcake.coach\/gesundheitsshop\/meine-philosophie\">schaffe \u00fcbrigens mehr Rohstoffe<\/a> als durch den Versand Deiner Bestellung verbraucht werden. Gibt es so sonst nirgends.<\/p>\n<h4>Qualit\u00e4t unterst\u00fctzen oder &#8218;billiger, billiger&#8216;<\/h4>\n<p>Nat\u00fcrlich bekommst Du meine Produkte auch anderswo und m\u00f6glicherweise hier und da sogar etwas g\u00fcnstiger. Falls Du nicht auf jeden Cent achten musst, freue ich mich, wenn Du meinen Service wertsch\u00e4tzt und mein Kunde bleibst. Damit unterst\u00fctzt Du, dass mein erstklassiges Sortiment immer weiter w\u00e4chst. <a href=\"https:\/\/shop.pieceofcake.coach\/meine-philosophie\">Stammkunden<\/a> bekommen bei mir zudem Rabatte, <a href=\"https:\/\/pieceofcake.coach\/gesundheitsshop\/kontakt\">sprich mich gerne darauf an.<\/a><\/p><\/blockquote>\n<\/div>\n<\/div>\n<\/div>\n<\/section>\n<p>[\/vc_column_text][\/vc_column][\/vc_row]<\/p>\n<\/div>","protected":false},"excerpt":{"rendered":"<p>Die <strong>1 Liter Weithals Trinkflasche<\/strong> von Nalgene ist bereits ein Klassiker: Sie ist <strong>leicht,<\/strong> wegen der <strong>gro\u00dfen \u00d6ffnung<\/strong> leicht zu reinigen, <strong>BPA frei<\/strong>, also ohne sch\u00e4dliche Weichmacher und deswegen auch bei w\u00e4rmeren Getr\u00e4nken geschmacksecht. Sie hat ein schlichtes, cooles Design, mit ml und oz Ma\u00df, wenn Du mit ihr z.B. einen Shake machen willst und auf Mengenverh\u00e4ltnisse achten willst. Sie ist ideal f\u00fcr <strong>unterwegs<\/strong> und\/oder beim <strong>Sport.<\/strong> Ich habe meine einfach auf dem Schreibtisch stehen und erinner mich so ganz beil\u00e4ufig daran, genug zu trinken.<br \/>\nIch kann Dir die Trinkflasche in <strong>diversen Farben<\/strong> anbieten und empfehle Dir dazu den <strong>Easy Sipper<\/strong>. Es ist ein kleines (und zugegeben etwas teures) St\u00fcck Plastik, das genau in die Trink\u00f6ffnung passt. Damit kannst Du in jeder Situation also auch in Bewegung oder im Verkehr gut trinken. Zum Reinigen geht der Easy Sipper dann genau so einfach wieder herauszunehmen.<\/p>\n<p><strong>Die violette Weithalsflasche hat anders als auf diesem Foto mittlerweile einen schwarzen Verschluss.<\/strong><\/p>\n","protected":false},"featured_media":28494,"comment_status":"closed","ping_status":"closed","template":"","meta":[],"product_brand":[],"product_cat":[366,358,363],"product_tag":[],"class_list":{"0":"post-28761","1":"product","2":"type-product","3":"status-publish","4":"has-post-thumbnail","6":"product_cat-fuer-deinen-smoothie","7":"product_cat-fuer-sportler","8":"product_cat-unterwegs-gesund","9":"description-off","11":"first","12":"outofstock","13":"sale","14":"taxable","15":"shipping-taxable","16":"purchasable","17":"product-type-simple"},"yoast_head":"<!-- This site is optimized with the Yoast SEO plugin v26.4 - https:\/\/yoast.com\/wordpress\/plugins\/seo\/ -->\n<title>Nalgene Trinkflasche 1 Liter violett - piece of cake Gesundheitsshop \ud83c\udf70<\/title>\n<meta name=\"description\" content=\"Nalgene Trinkflasche 1 Liter violett \u2705BPA frei \u2705leicht \u2705Weithals \u2705leicht zu reinigen \u2705f\u00fcr unterwegs \u2705ideal beim Sport\" \/>\n<meta name=\"robots\" content=\"index, follow, max-snippet:-1, max-image-preview:large, max-video-preview:-1\" \/>\n<link rel=\"canonical\" href=\"https:\/\/pieceofcake.coach\/gesundheitsshop\/produkte\/nalgene-trinkflasche-1-liter-violett\" \/>\n<meta property=\"og:locale\" content=\"de_DE\" \/>\n<meta property=\"og:type\" content=\"article\" \/>\n<meta property=\"og:title\" content=\"Nalgene Trinkflasche 1 Liter violett - piece of cake Gesundheitsshop \ud83c\udf70\" \/>\n<meta property=\"og:description\" content=\"Nalgene Trinkflasche 1 Liter violett \u2705BPA frei \u2705leicht \u2705Weithals \u2705leicht zu reinigen \u2705f\u00fcr unterwegs \u2705ideal beim Sport\" \/>\n<meta property=\"og:url\" content=\"https:\/\/pieceofcake.coach\/gesundheitsshop\/produkte\/nalgene-trinkflasche-1-liter-violett\" \/>\n<meta property=\"og:site_name\" content=\"piece of cake Gesundheitsshop\" \/>\n<meta property=\"article:modified_time\" content=\"2024-10-20T15:38:53+00:00\" \/>\n<meta property=\"og:image\" content=\"https:\/\/pieceofcake.coach\/gesundheitsshop\/wp-content\/uploads\/sites\/5\/2020\/06\/Nalgene8-scaled.jpg\" \/>\n\t<meta property=\"og:image:width\" content=\"2560\" \/>\n\t<meta property=\"og:image:height\" content=\"2560\" \/>\n\t<meta property=\"og:image:type\" content=\"image\/jpeg\" \/>\n<meta name=\"twitter:card\" content=\"summary_large_image\" \/>\n<meta name=\"twitter:label1\" content=\"Gesch\u00e4tzte Lesezeit\" \/>\n\t<meta name=\"twitter:data1\" content=\"1\u00a0Minute\" \/>\n<script type=\"application\/ld+json\" class=\"yoast-schema-graph\">{\"@context\":\"https:\/\/schema.org\",\"@graph\":[{\"@type\":\"WebPage\",\"@id\":\"https:\/\/pieceofcake.coach\/gesundheitsshop\/produkte\/nalgene-trinkflasche-1-liter-violett\",\"url\":\"https:\/\/pieceofcake.coach\/gesundheitsshop\/produkte\/nalgene-trinkflasche-1-liter-violett\",\"name\":\"Nalgene Trinkflasche 1 Liter violett - piece of cake Gesundheitsshop \ud83c\udf70\",\"isPartOf\":{\"@id\":\"https:\/\/pieceofcake.coach\/gesundheitsshop\/#website\"},\"primaryImageOfPage\":{\"@id\":\"https:\/\/pieceofcake.coach\/gesundheitsshop\/produkte\/nalgene-trinkflasche-1-liter-violett#primaryimage\"},\"image\":{\"@id\":\"https:\/\/pieceofcake.coach\/gesundheitsshop\/produkte\/nalgene-trinkflasche-1-liter-violett#primaryimage\"},\"thumbnailUrl\":\"https:\/\/pieceofcake.coach\/gesundheitsshop\/wp-content\/uploads\/sites\/5\/2020\/06\/Nalgene8-scaled.jpg\",\"datePublished\":\"2020-09-28T14:12:49+00:00\",\"dateModified\":\"2024-10-20T15:38:53+00:00\",\"description\":\"Nalgene Trinkflasche 1 Liter violett \u2705BPA frei \u2705leicht \u2705Weithals \u2705leicht zu reinigen \u2705f\u00fcr unterwegs \u2705ideal beim Sport\",\"breadcrumb\":{\"@id\":\"https:\/\/pieceofcake.coach\/gesundheitsshop\/produkte\/nalgene-trinkflasche-1-liter-violett#breadcrumb\"},\"inLanguage\":\"de\",\"potentialAction\":[{\"@type\":\"ReadAction\",\"target\":[\"https:\/\/pieceofcake.coach\/gesundheitsshop\/produkte\/nalgene-trinkflasche-1-liter-violett\"]}]},{\"@type\":\"ImageObject\",\"inLanguage\":\"de\",\"@id\":\"https:\/\/pieceofcake.coach\/gesundheitsshop\/produkte\/nalgene-trinkflasche-1-liter-violett#primaryimage\",\"url\":\"https:\/\/pieceofcake.coach\/gesundheitsshop\/wp-content\/uploads\/sites\/5\/2020\/06\/Nalgene8-scaled.jpg\",\"contentUrl\":\"https:\/\/pieceofcake.coach\/gesundheitsshop\/wp-content\/uploads\/sites\/5\/2020\/06\/Nalgene8-scaled.jpg\",\"width\":2560,\"height\":2560,\"caption\":\"Nalgene violett\"},{\"@type\":\"BreadcrumbList\",\"@id\":\"https:\/\/pieceofcake.coach\/gesundheitsshop\/produkte\/nalgene-trinkflasche-1-liter-violett#breadcrumb\",\"itemListElement\":[{\"@type\":\"ListItem\",\"position\":1,\"name\":\"Startseite\",\"item\":\"https:\/\/pieceofcake.coach\/gesundheitsshop\/\"},{\"@type\":\"ListItem\",\"position\":2,\"name\":\"Produkte\",\"item\":\"https:\/\/pieceofcake.coach\/gesundheitsshop\/produkte\"},{\"@type\":\"ListItem\",\"position\":3,\"name\":\"Nalgene Trinkflasche 1 Liter violett\"}]},{\"@type\":\"WebSite\",\"@id\":\"https:\/\/pieceofcake.coach\/gesundheitsshop\/#website\",\"url\":\"https:\/\/pieceofcake.coach\/gesundheitsshop\/\",\"name\":\"piece of cake Gesundheitsshop\",\"description\":\"\",\"potentialAction\":[{\"@type\":\"SearchAction\",\"target\":{\"@type\":\"EntryPoint\",\"urlTemplate\":\"https:\/\/pieceofcake.coach\/gesundheitsshop\/?s={search_term_string}\"},\"query-input\":{\"@type\":\"PropertyValueSpecification\",\"valueRequired\":true,\"valueName\":\"search_term_string\"}}],\"inLanguage\":\"de\"}]}<\/script>\n<!-- \/ Yoast SEO plugin. -->","yoast_head_json":{"title":"Nalgene Trinkflasche 1 Liter violett - piece of cake Gesundheitsshop \ud83c\udf70","description":"Nalgene Trinkflasche 1 Liter violett \u2705BPA frei \u2705leicht \u2705Weithals \u2705leicht zu reinigen \u2705f\u00fcr unterwegs \u2705ideal beim Sport","robots":{"index":"index","follow":"follow","max-snippet":"max-snippet:-1","max-image-preview":"max-image-preview:large","max-video-preview":"max-video-preview:-1"},"canonical":"https:\/\/pieceofcake.coach\/gesundheitsshop\/produkte\/nalgene-trinkflasche-1-liter-violett","og_locale":"de_DE","og_type":"article","og_title":"Nalgene Trinkflasche 1 Liter violett - piece of cake Gesundheitsshop \ud83c\udf70","og_description":"Nalgene Trinkflasche 1 Liter violett \u2705BPA frei \u2705leicht \u2705Weithals \u2705leicht zu reinigen \u2705f\u00fcr unterwegs \u2705ideal beim Sport","og_url":"https:\/\/pieceofcake.coach\/gesundheitsshop\/produkte\/nalgene-trinkflasche-1-liter-violett","og_site_name":"piece of cake Gesundheitsshop","article_modified_time":"2024-10-20T15:38:53+00:00","og_image":[{"width":2560,"height":2560,"url":"https:\/\/pieceofcake.coach\/gesundheitsshop\/wp-content\/uploads\/sites\/5\/2020\/06\/Nalgene8-scaled.jpg","type":"image\/jpeg"}],"twitter_card":"summary_large_image","twitter_misc":{"Gesch\u00e4tzte Lesezeit":"1\u00a0Minute"},"schema":{"@context":"https:\/\/schema.org","@graph":[{"@type":"WebPage","@id":"https:\/\/pieceofcake.coach\/gesundheitsshop\/produkte\/nalgene-trinkflasche-1-liter-violett","url":"https:\/\/pieceofcake.coach\/gesundheitsshop\/produkte\/nalgene-trinkflasche-1-liter-violett","name":"Nalgene Trinkflasche 1 Liter violett - piece of cake Gesundheitsshop \ud83c\udf70","isPartOf":{"@id":"https:\/\/pieceofcake.coach\/gesundheitsshop\/#website"},"primaryImageOfPage":{"@id":"https:\/\/pieceofcake.coach\/gesundheitsshop\/produkte\/nalgene-trinkflasche-1-liter-violett#primaryimage"},"image":{"@id":"https:\/\/pieceofcake.coach\/gesundheitsshop\/produkte\/nalgene-trinkflasche-1-liter-violett#primaryimage"},"thumbnailUrl":"https:\/\/pieceofcake.coach\/gesundheitsshop\/wp-content\/uploads\/sites\/5\/2020\/06\/Nalgene8-scaled.jpg","datePublished":"2020-09-28T14:12:49+00:00","dateModified":"2024-10-20T15:38:53+00:00","description":"Nalgene Trinkflasche 1 Liter violett \u2705BPA frei \u2705leicht \u2705Weithals \u2705leicht zu reinigen \u2705f\u00fcr unterwegs \u2705ideal beim Sport","breadcrumb":{"@id":"https:\/\/pieceofcake.coach\/gesundheitsshop\/produkte\/nalgene-trinkflasche-1-liter-violett#breadcrumb"},"inLanguage":"de","potentialAction":[{"@type":"ReadAction","target":["https:\/\/pieceofcake.coach\/gesundheitsshop\/produkte\/nalgene-trinkflasche-1-liter-violett"]}]},{"@type":"ImageObject","inLanguage":"de","@id":"https:\/\/pieceofcake.coach\/gesundheitsshop\/produkte\/nalgene-trinkflasche-1-liter-violett#primaryimage","url":"https:\/\/pieceofcake.coach\/gesundheitsshop\/wp-content\/uploads\/sites\/5\/2020\/06\/Nalgene8-scaled.jpg","contentUrl":"https:\/\/pieceofcake.coach\/gesundheitsshop\/wp-content\/uploads\/sites\/5\/2020\/06\/Nalgene8-scaled.jpg","width":2560,"height":2560,"caption":"Nalgene violett"},{"@type":"BreadcrumbList","@id":"https:\/\/pieceofcake.coach\/gesundheitsshop\/produkte\/nalgene-trinkflasche-1-liter-violett#breadcrumb","itemListElement":[{"@type":"ListItem","position":1,"name":"Startseite","item":"https:\/\/pieceofcake.coach\/gesundheitsshop\/"},{"@type":"ListItem","position":2,"name":"Produkte","item":"https:\/\/pieceofcake.coach\/gesundheitsshop\/produkte"},{"@type":"ListItem","position":3,"name":"Nalgene Trinkflasche 1 Liter violett"}]},{"@type":"WebSite","@id":"https:\/\/pieceofcake.coach\/gesundheitsshop\/#website","url":"https:\/\/pieceofcake.coach\/gesundheitsshop\/","name":"piece of cake Gesundheitsshop","description":"","potentialAction":[{"@type":"SearchAction","target":{"@type":"EntryPoint","urlTemplate":"https:\/\/pieceofcake.coach\/gesundheitsshop\/?s={search_term_string}"},"query-input":{"@type":"PropertyValueSpecification","valueRequired":true,"valueName":"search_term_string"}}],"inLanguage":"de"}]}},"_links":{"self":[{"href":"https:\/\/pieceofcake.coach\/gesundheitsshop\/wp-json\/wp\/v2\/product\/28761","targetHints":{"allow":["GET"]}}],"collection":[{"href":"https:\/\/pieceofcake.coach\/gesundheitsshop\/wp-json\/wp\/v2\/product"}],"about":[{"href":"https:\/\/pieceofcake.coach\/gesundheitsshop\/wp-json\/wp\/v2\/types\/product"}],"replies":[{"embeddable":true,"href":"https:\/\/pieceofcake.coach\/gesundheitsshop\/wp-json\/wp\/v2\/comments?post=28761"}],"wp:featuredmedia":[{"embeddable":true,"href":"https:\/\/pieceofcake.coach\/gesundheitsshop\/wp-json\/wp\/v2\/media\/28494"}],"wp:attachment":[{"href":"https:\/\/pieceofcake.coach\/gesundheitsshop\/wp-json\/wp\/v2\/media?parent=28761"}],"wp:term":[{"taxonomy":"product_brand","embeddable":true,"href":"https:\/\/pieceofcake.coach\/gesundheitsshop\/wp-json\/wp\/v2\/product_brand?post=28761"},{"taxonomy":"product_cat","embeddable":true,"href":"https:\/\/pieceofcake.coach\/gesundheitsshop\/wp-json\/wp\/v2\/product_cat?post=28761"},{"taxonomy":"product_tag","embeddable":true,"href":"https:\/\/pieceofcake.coach\/gesundheitsshop\/wp-json\/wp\/v2\/product_tag?post=28761"}],"curies":[{"name":"wp","href":"https:\/\/api.w.org\/{rel}","templated":true}]}}