{"id":28934,"date":"2020-10-13T16:10:26","date_gmt":"2020-10-13T14:10:26","guid":{"rendered":"https:\/\/pieceofcake.shop\/?post_type=product&#038;p=28934"},"modified":"2024-12-02T11:28:33","modified_gmt":"2024-12-02T10:28:33","slug":"neues-leben","status":"publish","type":"product","link":"https:\/\/pieceofcake.coach\/gesundheitsshop\/produkte\/neues-leben","title":{"rendered":"Neues Leben"},"content":{"rendered":"<h3>Neues Leben Pulver von Alpha Foods hat folgende Inhaltsstoffe:<\/h3>\n<ul>\n<li>Vegane Proteinmischung (Sojaproteinpulver, Erbsenprotein, Wildreisprotein)<\/li>\n<li>Aktivkohle aus Kokosnussschale<\/li>\n<li>S\u00fc\u00dfungsmittel: Xylit, Erythtrit und Stevia Extrakt (Stevioglycoside)<\/li>\n<li>nat\u00fcrliches Kokosnuss-Aroma<\/li>\n<li>Kokosnussmilchpulver<\/li>\n<li>Sonnenblumenlecithine<\/li>\n<li>Guakernmehl<\/li>\n<li>Betain-Hydrochlorid (ein Verdauungs-Enzym)<\/li>\n<li>Aloe Vera-Extrakt<\/li>\n<li>Matchapulver<\/li>\n<li>Reishi Fruchtk\u00f6rperextrakt<\/li>\n<li>Chineischer Raupenpilzmyzelextrakt<\/li>\n<li>Shiitake Fruchtk\u00f6rperextrakt<\/li>\n<li>Agaricus Blazei Fruchtk\u00f6rperextrakt<\/li>\n<li>Hericum Erinaceus Fruchtk\u00f6rperextrakt<\/li>\n<li>Bromelain (entz\u00fcndungshemmendes Enzym aus der Ananas)<\/li>\n<li>Chaga Fruchtk\u00f6rperextrakt<\/li>\n<li>Maitake Fruchtk\u00f6rperextrakt<\/li>\n<li>Silberohr Fruchtk\u00f6rperpulver<\/li>\n<li>Zimtpulver<\/li>\n<li>Kardamomsamenpulver<\/li>\n<\/ul>\n<p>Alle Inhaltsstoffe sind vegan, glutenfrei und non gmo (also ohne genmanipulierte Produkte). Hergestellt in Deutschland.<\/p>\n<p>&nbsp;<\/p>\n<section class=\"vc_cta3_content-container\">\n<div class=\"vc_general vc_cta3 vc_cta3-style-classic vc_cta3-shape-rounded vc_cta3-align-left vc_cta3-color-classic vc_cta3-icon-size-md vc_cta3-actions-bottom\">\n<div class=\"vc_cta3_content-container\">\n<div class=\"vc_cta3-content\">\n<blockquote>\n<h4>Meine Philosophie:<br \/>\nErstklassige Produkte, pers\u00f6nliche Beratung, entspanntes Einkaufen, durch den Versand entstehen Rohstoffe<\/h4>\n<p>Neues Leben beziehe ich direkt von <em>Alpha Foods<\/em>, einem meiner handverlesenen Gesch\u00e4ftspartner, mit denen ich einen oft \u00fcber Jahre gewachsenen pers\u00f6nlichen Kontakt halte. Und ich mache nur Gesch\u00e4fte mit Menschen mache, die wie ich gerne ihr Bestes geben. Bei mir bekommst Du nur hochwertige Produkte, die ich selbst getestet habe und aus fachlicher Sicht f\u00fcr sinnvoll halte. Ich berate Dich gerne telefonisch. Du kannst dabei oder danach entspannt online einkaufen. Ich rufe Dich auch gerne zur\u00fcck.<br \/>\nVom Ern\u00e4hrungsberater mit Liebe recherchierte und individuell empfohlene Produkte f\u00fcr Deinen gesunden Lebensstil. Ich <a href=\"https:\/\/pieceofcake.coach\/gesundheitsshop\/meine-philosophie\">schaffe \u00fcbrigens mehr Rohstoffe<\/a> als durch den Versand Deiner Bestellung verbraucht werden. Gibt es so sonst nirgends.<\/p>\n<h4>Qualit\u00e4t unterst\u00fctzen oder &#8218;billiger, billiger&#8216;<\/h4>\n<p>Nat\u00fcrlich bekommst Du meine Produkte auch anderswo und m\u00f6glicherweise hier und da sogar etwas g\u00fcnstiger. Falls Du nicht auf jeden Cent achten musst, freue ich mich, wenn Du meinen Service wertsch\u00e4tzt und mein Kunde bleibst. Damit unterst\u00fctzt Du, dass mein erstklassiges Sortiment immer weiter w\u00e4chst. <a href=\"https:\/\/shop.pieceofcake.coach\/meine-philosophie\">Stammkunden<\/a> bekommen bei mir zudem Rabatte, <a href=\"https:\/\/pieceofcake.coach\/gesundheitsshop\/kontakt\">sprich mich gerne darauf an.<\/a><\/p><\/blockquote>\n<\/div>\n<\/div>\n<\/div>\n<\/section>\n","protected":false},"excerpt":{"rendered":"<p><strong>Neues Leben<\/strong> ist ein ganz eigenes Produkt. Es ersetzt bei mir ab und an das <strong>Abendessen,<\/strong> wenn ich mich leichter f\u00fchlen, meine <strong>Entgiftung<\/strong> unterst\u00fctzen und\/oder meinem <strong>Immunsystem<\/strong> etwas Unterst\u00fctzung geben m\u00f6chte. Denn genau daf\u00fcr ist dieses Produkt ausgelegt. <strong>Matcha<\/strong> und <strong>Aloe Vera<\/strong> haben eine kl\u00e4rende Wirkung, <strong>Aktivkohle<\/strong> aus Kokosnussschale <strong>bindet Giftstoffe, Heilpilze<\/strong> regen das Immunsystem an, und die <strong>pflanzlichen Proteine<\/strong> aus gesprossten Samen unterst\u00fctzen den K\u00f6rper nachts beim <strong>Regenerieren.<\/strong><\/p>\n<p>Dass das <strong>Pulver<\/strong> tats\u00e4chlich <strong>tief schwarz<\/strong> ist, fasziniert mich jedes Mal aufs Neue. Der Geschmack bekommt keine drei Michelin-Sterne und auch die Textur ist ein wenig sandig. Aber wegen des hintergr\u00fcndigen <strong>Kokosgeschmacks<\/strong> ist das ganze durchaus annehmbar und alle Mal angenehmer als zum Beispiel ein Glas mit <a href=\"https:\/\/pieceofcake.coach\/gesundheitsshop\/produkte\/bio-chlorella-algen-pulver\">Chlorellawasser<\/a> oder <a href=\"https:\/\/pieceofcake.coach\/gesundheitsshop\/produkte\/bentonit-detox-pulver-400g\">Bentonit<\/a>.<\/p>\n<p>Alle Inhaltsstoffe sind <strong>vegan, glutenfrei<\/strong> und <strong>non gmo<\/strong> (also ohne genmanipulierte Produkte). Hergestellt in Deutschland.<\/p>\n<p><strong>Ich habe einen kleinen Restbestand mit abgelaufenem Mindesthalbarkeitsdatum von Mai 2024, den ich Dir zum Sonderpreis anbiete. Ich denke nicht, dass das die Qualit\u00e4t des Produktes gravierend mindert.<\/strong><\/p>\n<p>Inhalt: 600g Pulver f\u00fcr 20 Portionen \u00e0 30g<\/p>\n","protected":false},"featured_media":28247,"comment_status":"closed","ping_status":"closed","template":"","meta":[],"product_brand":[],"product_cat":[376,366,356],"product_tag":[],"class_list":{"0":"post-28934","1":"product","2":"type-product","3":"status-publish","4":"has-post-thumbnail","6":"product_cat-entgiften","7":"product_cat-fuer-deinen-smoothie","8":"product_cat-immunsystem-staerken","9":"description-off","11":"first","12":"outofstock","13":"taxable","14":"shipping-taxable","15":"purchasable","16":"product-type-simple"},"yoast_head":"<!-- This site is optimized with the Yoast SEO plugin v26.4 - https:\/\/yoast.com\/wordpress\/plugins\/seo\/ -->\n<title>Neues Leben von Alpha Foods - piece of cake Gesundheitsshop \ud83c\udf70<\/title>\n<meta name=\"description\" content=\"Neues Leben von Alpha Foods \u2705zum Entgiften \u2705zum St\u00e4rken des Immunsystems \u2705mit Aktivkohle aus Kokosnuss \u2705pflanzliches Protein \u2705Heilpilze\" \/>\n<meta name=\"robots\" content=\"index, follow, max-snippet:-1, max-image-preview:large, max-video-preview:-1\" \/>\n<link rel=\"canonical\" href=\"https:\/\/pieceofcake.coach\/gesundheitsshop\/produkte\/neues-leben\" \/>\n<meta property=\"og:locale\" content=\"de_DE\" \/>\n<meta property=\"og:type\" content=\"article\" \/>\n<meta property=\"og:title\" content=\"Neues Leben von Alpha Foods - piece of cake Gesundheitsshop \ud83c\udf70\" \/>\n<meta property=\"og:description\" content=\"Neues Leben von Alpha Foods \u2705zum Entgiften \u2705zum St\u00e4rken des Immunsystems \u2705mit Aktivkohle aus Kokosnuss \u2705pflanzliches Protein \u2705Heilpilze\" \/>\n<meta property=\"og:url\" content=\"https:\/\/pieceofcake.coach\/gesundheitsshop\/produkte\/neues-leben\" \/>\n<meta property=\"og:site_name\" content=\"piece of cake Gesundheitsshop\" \/>\n<meta property=\"article:modified_time\" content=\"2024-12-02T10:28:33+00:00\" \/>\n<meta property=\"og:image\" content=\"https:\/\/pieceofcake.coach\/gesundheitsshop\/wp-content\/uploads\/sites\/5\/2020\/05\/Neues-Leben-scaled.jpg\" \/>\n\t<meta property=\"og:image:width\" content=\"2560\" \/>\n\t<meta property=\"og:image:height\" content=\"2560\" \/>\n\t<meta property=\"og:image:type\" content=\"image\/jpeg\" \/>\n<meta name=\"twitter:card\" content=\"summary_large_image\" \/>\n<meta name=\"twitter:label1\" content=\"Gesch\u00e4tzte Lesezeit\" \/>\n\t<meta name=\"twitter:data1\" content=\"1\u00a0Minute\" \/>\n<script type=\"application\/ld+json\" class=\"yoast-schema-graph\">{\"@context\":\"https:\/\/schema.org\",\"@graph\":[{\"@type\":\"WebPage\",\"@id\":\"https:\/\/pieceofcake.coach\/gesundheitsshop\/produkte\/neues-leben\",\"url\":\"https:\/\/pieceofcake.coach\/gesundheitsshop\/produkte\/neues-leben\",\"name\":\"Neues Leben von Alpha Foods - piece of cake Gesundheitsshop \ud83c\udf70\",\"isPartOf\":{\"@id\":\"https:\/\/pieceofcake.coach\/gesundheitsshop\/#website\"},\"primaryImageOfPage\":{\"@id\":\"https:\/\/pieceofcake.coach\/gesundheitsshop\/produkte\/neues-leben#primaryimage\"},\"image\":{\"@id\":\"https:\/\/pieceofcake.coach\/gesundheitsshop\/produkte\/neues-leben#primaryimage\"},\"thumbnailUrl\":\"https:\/\/pieceofcake.coach\/gesundheitsshop\/wp-content\/uploads\/sites\/5\/2020\/05\/Neues-Leben-scaled.jpg\",\"datePublished\":\"2020-10-13T14:10:26+00:00\",\"dateModified\":\"2024-12-02T10:28:33+00:00\",\"description\":\"Neues Leben von Alpha Foods \u2705zum Entgiften \u2705zum St\u00e4rken des Immunsystems \u2705mit Aktivkohle aus Kokosnuss \u2705pflanzliches Protein \u2705Heilpilze\",\"breadcrumb\":{\"@id\":\"https:\/\/pieceofcake.coach\/gesundheitsshop\/produkte\/neues-leben#breadcrumb\"},\"inLanguage\":\"de\",\"potentialAction\":[{\"@type\":\"ReadAction\",\"target\":[\"https:\/\/pieceofcake.coach\/gesundheitsshop\/produkte\/neues-leben\"]}]},{\"@type\":\"ImageObject\",\"inLanguage\":\"de\",\"@id\":\"https:\/\/pieceofcake.coach\/gesundheitsshop\/produkte\/neues-leben#primaryimage\",\"url\":\"https:\/\/pieceofcake.coach\/gesundheitsshop\/wp-content\/uploads\/sites\/5\/2020\/05\/Neues-Leben-scaled.jpg\",\"contentUrl\":\"https:\/\/pieceofcake.coach\/gesundheitsshop\/wp-content\/uploads\/sites\/5\/2020\/05\/Neues-Leben-scaled.jpg\",\"width\":2560,\"height\":2560,\"caption\":\"Neues Leben\"},{\"@type\":\"BreadcrumbList\",\"@id\":\"https:\/\/pieceofcake.coach\/gesundheitsshop\/produkte\/neues-leben#breadcrumb\",\"itemListElement\":[{\"@type\":\"ListItem\",\"position\":1,\"name\":\"Startseite\",\"item\":\"https:\/\/pieceofcake.coach\/gesundheitsshop\/\"},{\"@type\":\"ListItem\",\"position\":2,\"name\":\"Produkte\",\"item\":\"https:\/\/pieceofcake.coach\/gesundheitsshop\/produkte\"},{\"@type\":\"ListItem\",\"position\":3,\"name\":\"Neues Leben\"}]},{\"@type\":\"WebSite\",\"@id\":\"https:\/\/pieceofcake.coach\/gesundheitsshop\/#website\",\"url\":\"https:\/\/pieceofcake.coach\/gesundheitsshop\/\",\"name\":\"piece of cake Gesundheitsshop\",\"description\":\"\",\"potentialAction\":[{\"@type\":\"SearchAction\",\"target\":{\"@type\":\"EntryPoint\",\"urlTemplate\":\"https:\/\/pieceofcake.coach\/gesundheitsshop\/?s={search_term_string}\"},\"query-input\":{\"@type\":\"PropertyValueSpecification\",\"valueRequired\":true,\"valueName\":\"search_term_string\"}}],\"inLanguage\":\"de\"}]}<\/script>\n<!-- \/ Yoast SEO plugin. -->","yoast_head_json":{"title":"Neues Leben von Alpha Foods - piece of cake Gesundheitsshop \ud83c\udf70","description":"Neues Leben von Alpha Foods \u2705zum Entgiften \u2705zum St\u00e4rken des Immunsystems \u2705mit Aktivkohle aus Kokosnuss \u2705pflanzliches Protein \u2705Heilpilze","robots":{"index":"index","follow":"follow","max-snippet":"max-snippet:-1","max-image-preview":"max-image-preview:large","max-video-preview":"max-video-preview:-1"},"canonical":"https:\/\/pieceofcake.coach\/gesundheitsshop\/produkte\/neues-leben","og_locale":"de_DE","og_type":"article","og_title":"Neues Leben von Alpha Foods - piece of cake Gesundheitsshop \ud83c\udf70","og_description":"Neues Leben von Alpha Foods \u2705zum Entgiften \u2705zum St\u00e4rken des Immunsystems \u2705mit Aktivkohle aus Kokosnuss \u2705pflanzliches Protein \u2705Heilpilze","og_url":"https:\/\/pieceofcake.coach\/gesundheitsshop\/produkte\/neues-leben","og_site_name":"piece of cake Gesundheitsshop","article_modified_time":"2024-12-02T10:28:33+00:00","og_image":[{"width":2560,"height":2560,"url":"https:\/\/pieceofcake.coach\/gesundheitsshop\/wp-content\/uploads\/sites\/5\/2020\/05\/Neues-Leben-scaled.jpg","type":"image\/jpeg"}],"twitter_card":"summary_large_image","twitter_misc":{"Gesch\u00e4tzte Lesezeit":"1\u00a0Minute"},"schema":{"@context":"https:\/\/schema.org","@graph":[{"@type":"WebPage","@id":"https:\/\/pieceofcake.coach\/gesundheitsshop\/produkte\/neues-leben","url":"https:\/\/pieceofcake.coach\/gesundheitsshop\/produkte\/neues-leben","name":"Neues Leben von Alpha Foods - piece of cake Gesundheitsshop \ud83c\udf70","isPartOf":{"@id":"https:\/\/pieceofcake.coach\/gesundheitsshop\/#website"},"primaryImageOfPage":{"@id":"https:\/\/pieceofcake.coach\/gesundheitsshop\/produkte\/neues-leben#primaryimage"},"image":{"@id":"https:\/\/pieceofcake.coach\/gesundheitsshop\/produkte\/neues-leben#primaryimage"},"thumbnailUrl":"https:\/\/pieceofcake.coach\/gesundheitsshop\/wp-content\/uploads\/sites\/5\/2020\/05\/Neues-Leben-scaled.jpg","datePublished":"2020-10-13T14:10:26+00:00","dateModified":"2024-12-02T10:28:33+00:00","description":"Neues Leben von Alpha Foods \u2705zum Entgiften \u2705zum St\u00e4rken des Immunsystems \u2705mit Aktivkohle aus Kokosnuss \u2705pflanzliches Protein \u2705Heilpilze","breadcrumb":{"@id":"https:\/\/pieceofcake.coach\/gesundheitsshop\/produkte\/neues-leben#breadcrumb"},"inLanguage":"de","potentialAction":[{"@type":"ReadAction","target":["https:\/\/pieceofcake.coach\/gesundheitsshop\/produkte\/neues-leben"]}]},{"@type":"ImageObject","inLanguage":"de","@id":"https:\/\/pieceofcake.coach\/gesundheitsshop\/produkte\/neues-leben#primaryimage","url":"https:\/\/pieceofcake.coach\/gesundheitsshop\/wp-content\/uploads\/sites\/5\/2020\/05\/Neues-Leben-scaled.jpg","contentUrl":"https:\/\/pieceofcake.coach\/gesundheitsshop\/wp-content\/uploads\/sites\/5\/2020\/05\/Neues-Leben-scaled.jpg","width":2560,"height":2560,"caption":"Neues Leben"},{"@type":"BreadcrumbList","@id":"https:\/\/pieceofcake.coach\/gesundheitsshop\/produkte\/neues-leben#breadcrumb","itemListElement":[{"@type":"ListItem","position":1,"name":"Startseite","item":"https:\/\/pieceofcake.coach\/gesundheitsshop\/"},{"@type":"ListItem","position":2,"name":"Produkte","item":"https:\/\/pieceofcake.coach\/gesundheitsshop\/produkte"},{"@type":"ListItem","position":3,"name":"Neues Leben"}]},{"@type":"WebSite","@id":"https:\/\/pieceofcake.coach\/gesundheitsshop\/#website","url":"https:\/\/pieceofcake.coach\/gesundheitsshop\/","name":"piece of cake Gesundheitsshop","description":"","potentialAction":[{"@type":"SearchAction","target":{"@type":"EntryPoint","urlTemplate":"https:\/\/pieceofcake.coach\/gesundheitsshop\/?s={search_term_string}"},"query-input":{"@type":"PropertyValueSpecification","valueRequired":true,"valueName":"search_term_string"}}],"inLanguage":"de"}]}},"_links":{"self":[{"href":"https:\/\/pieceofcake.coach\/gesundheitsshop\/wp-json\/wp\/v2\/product\/28934","targetHints":{"allow":["GET"]}}],"collection":[{"href":"https:\/\/pieceofcake.coach\/gesundheitsshop\/wp-json\/wp\/v2\/product"}],"about":[{"href":"https:\/\/pieceofcake.coach\/gesundheitsshop\/wp-json\/wp\/v2\/types\/product"}],"replies":[{"embeddable":true,"href":"https:\/\/pieceofcake.coach\/gesundheitsshop\/wp-json\/wp\/v2\/comments?post=28934"}],"wp:featuredmedia":[{"embeddable":true,"href":"https:\/\/pieceofcake.coach\/gesundheitsshop\/wp-json\/wp\/v2\/media\/28247"}],"wp:attachment":[{"href":"https:\/\/pieceofcake.coach\/gesundheitsshop\/wp-json\/wp\/v2\/media?parent=28934"}],"wp:term":[{"taxonomy":"product_brand","embeddable":true,"href":"https:\/\/pieceofcake.coach\/gesundheitsshop\/wp-json\/wp\/v2\/product_brand?post=28934"},{"taxonomy":"product_cat","embeddable":true,"href":"https:\/\/pieceofcake.coach\/gesundheitsshop\/wp-json\/wp\/v2\/product_cat?post=28934"},{"taxonomy":"product_tag","embeddable":true,"href":"https:\/\/pieceofcake.coach\/gesundheitsshop\/wp-json\/wp\/v2\/product_tag?post=28934"}],"curies":[{"name":"wp","href":"https:\/\/api.w.org\/{rel}","templated":true}]}}