{"id":29141,"date":"2020-11-09T17:09:08","date_gmt":"2020-11-09T16:09:08","guid":{"rendered":"https:\/\/pieceofcake.shop\/?post_type=product&#038;p=29141"},"modified":"2024-08-29T15:33:07","modified_gmt":"2024-08-29T13:33:07","slug":"vitamin-d-test","status":"publish","type":"product","link":"https:\/\/pieceofcake.coach\/gesundheitsshop\/produkte\/vitamin-d-test","title":{"rendered":"Vitamin D Test"},"content":{"rendered":"<div class=\"wpb-content-wrapper\"><p>[vc_row][vc_column][vc_column_text css=&#8220;&#8220;]<\/p>\n<h2>Und so funktioniert Dein Vitamin D Test f\u00fcr Zuhause<\/h2>\n<ul class=\"intro-bullets\">\n<li>Einfach Zuhause Probe (wenige Tropfen Blut) entnehmen. Alles, was Du dazu brauchst, liegt dem Vitamin D Test bei.<\/li>\n<li>Den Test bei cerascreen\u00ae, dem Hersteller, online aktvieren, Du wirst dabei um ein paar zus\u00e4tzliche Angaben gebeten<\/li>\n<li>Karte mit Deiner Blutprobe ins Labor senden (Briefumschlag und Porto sind bereits bezahlt)<\/li>\n<li>Analyse im zertifizierten\u00a0medizinischen Labor (nach ISO 13485, 9001)<\/li>\n<li>Umfangreicher Ergebnisbericht mit allgemeinen Handlungsempfehlungen<\/li>\n<li>Ergebnis innerhalb von 1-2 Werktagen nach Probeneingang<\/li>\n<li>Ich helfe Dir gerne dabei, die allgemeine Auswertung individualisiert f\u00fcr Dich einzuordnen<\/li>\n<li>Ich helfe Dir bei Bedarf ein spezifisch f\u00fcr Dich geeignetes Vitamin D Pr\u00e4parat zu finden<\/li>\n<\/ul>\n<p>&nbsp;<\/p>\n<section class=\"vc_cta3_content-container\">\n<div class=\"vc_general vc_cta3 vc_cta3-style-classic vc_cta3-shape-rounded vc_cta3-align-left vc_cta3-color-classic vc_cta3-icon-size-md vc_cta3-actions-bottom\">\n<div class=\"vc_cta3_content-container\">\n<div class=\"vc_cta3-content\">\n<blockquote>\n<h4>Meine Philosophie:<br \/>\nErstklassige Produkte, pers\u00f6nliche Beratung, entspanntes Einkaufen, durch den Versand entstehen Rohstoffe<\/h4>\n<p>Vitamin D Test beziehe ich direkt vom Hersteller <em>cerascreen\u00ae,<\/em> einem meiner handverlesenen Gesch\u00e4ftspartner, mit denen ich einen oft \u00fcber Jahre gewachsenen pers\u00f6nlichen Kontakt halte. Und ich mache nur Gesch\u00e4fte mit Menschen, die wie ich gerne ihr Bestes geben. Bei mir bekommst Du nur hochwertige Produkte, die ich selbst getestet habe und aus fachlicher Sicht f\u00fcr sinnvoll halte. Ich berate Dich gerne telefonisch. Du kannst dabei oder danach entspannt online einkaufen. Ich rufe Dich auch gerne zur\u00fcck.<br \/>\nVom Ern\u00e4hrungsberater mit Liebe recherchierte und individuell empfohlene Produkte f\u00fcr Deinen gesunden Lebensstil. Ich <a href=\"https:\/\/pieceofcake.coach\/gesundheitsshop\/meine-philosophie\">schaffe \u00fcbrigens mehr Rohstoffe<\/a> als durch den Versand Deiner Bestellung verbraucht werden. Gibt es so sonst nirgends.<\/p>\n<h4>Qualit\u00e4t unterst\u00fctzen oder &#8218;billiger, billiger&#8216;<\/h4>\n<p>Nat\u00fcrlich bekommst Du meine Produkte auch anderswo und m\u00f6glicherweise hier und da sogar etwas g\u00fcnstiger. Falls Du nicht auf jeden Cent achten musst, freue ich mich, wenn Du meinen Service wertsch\u00e4tzt und mein Kunde bleibst. Damit unterst\u00fctzt Du, dass mein erstklassiges Sortiment immer weiter w\u00e4chst. <a href=\"https:\/\/shop.pieceofcake.coach\/meine-philosophie\">Stammkunden<\/a> bekommen bei mir zudem Rabatte, <a href=\"https:\/\/pieceofcake.coach\/gesundheitsshop\/kontakt\">sprich mich gerne darauf an.<\/a><\/p><\/blockquote>\n<\/div>\n<\/div>\n<\/div>\n<\/section>\n<p>[\/vc_column_text][\/vc_column][\/vc_row]<\/p>\n<\/div>","protected":false},"excerpt":{"rendered":"<p>Mit diesem <strong>Test Kit<\/strong> kannst Du ganz <strong>unkompliziert<\/strong> von <strong>Zuhause<\/strong> aus Deinen <strong>Vitamin D Wert bestimmen<\/strong> lassen und Klarheit dar\u00fcber bekommen, ob Du Dich bereits ausreichend mit Vitamin D versorgst. Ein paar <strong>Tropfen Blut per Post ins Labor<\/strong>, die <strong>Auswertung<\/strong> rufst Du kurze Zeit sp\u00e4ter <strong>online<\/strong> ab. Ich helfe Dir dann gerne dabei, das Testergebnis einzuordnen und das f\u00fcr Dich passende Pr\u00e4parat zu bestimmen, falls Du eines brauchst.<\/p>\n<p><strong>Allgemeine Infos<\/strong> zum erstrebenden <strong>Vitamin D Wert<\/strong>, geeigneter Dosis und auch zur Gefahr von \u00dcberdosierungen bekommst Du in meinem <strong>Blogartikel <a href=\"https:\/\/pieceofcake.coach\/fakten-ueber-vitamin-d\" target=\"_blank\" rel=\"noopener noreferrer\">Fakten \u00fcber Vitamin D<\/a>.<\/strong><\/p>\n<p>Inhalt: 1 Vitamin D Test (Porto ins Labor und Auswertung im Preis inklusive)<\/p>\n<p>&nbsp;<\/p>\n<p><strong>Noch besser finde ich den <a href=\"https:\/\/pieceofcake.coach\/gesundheitsshop\/produkte\/vitamin-d-home-test\">Vitamin D Home Test<\/a>, bei dem Du das Ergebnis innerhalb weniger Minuten bekommst und in einer App speichern kannst. Dabei ersparst Du Dir den Gang zum Briefkasten und die Wartezeit auf Dein Ergebnis. Der Vitamin D Home Test kostet nur ein paar Euro mehr. Ich denke, die sind sinnvoll investiert.<\/strong><\/p>\n","protected":false},"featured_media":29142,"comment_status":"closed","ping_status":"closed","template":"","meta":[],"product_brand":[],"product_cat":[356,354,352,351],"product_tag":[],"class_list":{"0":"post-29141","1":"product","2":"type-product","3":"status-publish","4":"has-post-thumbnail","6":"product_cat-immunsystem-staerken","7":"product_cat-entzuendungshemmend","8":"product_cat-vitamine-und-mineralstoffe","9":"product_cat-vitamin-d-praeparat","10":"description-off","12":"first","13":"outofstock","14":"taxable","15":"shipping-taxable","16":"purchasable","17":"product-type-simple"},"yoast_head":"<!-- This site is optimized with the Yoast SEO plugin v26.4 - https:\/\/yoast.com\/wordpress\/plugins\/seo\/ -->\n<title>Vitamin D Test von cerascreen - piece of cake Gesundheitsshop<\/title>\n<meta name=\"description\" content=\"Vitamin D Test von Cerascreen \u2705Selbsttest f\u00fcr Zuhause \u2705einfache Anwendung \u2705misst den Vitamin D Spiegel \u2705mit Ergebnis als PDF\" \/>\n<meta name=\"robots\" content=\"index, follow, max-snippet:-1, max-image-preview:large, max-video-preview:-1\" \/>\n<link rel=\"canonical\" href=\"https:\/\/pieceofcake.coach\/gesundheitsshop\/produkte\/vitamin-d-test\" \/>\n<meta property=\"og:locale\" content=\"de_DE\" \/>\n<meta property=\"og:type\" content=\"article\" \/>\n<meta property=\"og:title\" content=\"Vitamin D Test von cerascreen - piece of cake Gesundheitsshop\" \/>\n<meta property=\"og:description\" content=\"Vitamin D Test von Cerascreen \u2705Selbsttest f\u00fcr Zuhause \u2705einfache Anwendung \u2705misst den Vitamin D Spiegel \u2705mit Ergebnis als PDF\" \/>\n<meta property=\"og:url\" content=\"https:\/\/pieceofcake.coach\/gesundheitsshop\/produkte\/vitamin-d-test\" \/>\n<meta property=\"og:site_name\" content=\"piece of cake Gesundheitsshop\" \/>\n<meta property=\"article:modified_time\" content=\"2024-08-29T13:33:07+00:00\" \/>\n<meta property=\"og:image\" content=\"https:\/\/pieceofcake.coach\/gesundheitsshop\/wp-content\/uploads\/sites\/5\/2020\/11\/IMG_1109-scaled.jpg\" \/>\n\t<meta property=\"og:image:width\" content=\"2422\" \/>\n\t<meta property=\"og:image:height\" content=\"2560\" \/>\n\t<meta property=\"og:image:type\" content=\"image\/jpeg\" \/>\n<meta name=\"twitter:card\" content=\"summary_large_image\" \/>\n<meta name=\"twitter:label1\" content=\"Gesch\u00e4tzte Lesezeit\" \/>\n\t<meta name=\"twitter:data1\" content=\"1\u00a0Minute\" \/>\n<script type=\"application\/ld+json\" class=\"yoast-schema-graph\">{\"@context\":\"https:\/\/schema.org\",\"@graph\":[{\"@type\":\"WebPage\",\"@id\":\"https:\/\/pieceofcake.coach\/gesundheitsshop\/produkte\/vitamin-d-test\",\"url\":\"https:\/\/pieceofcake.coach\/gesundheitsshop\/produkte\/vitamin-d-test\",\"name\":\"Vitamin D Test von cerascreen - piece of cake Gesundheitsshop\",\"isPartOf\":{\"@id\":\"https:\/\/pieceofcake.coach\/gesundheitsshop\/#website\"},\"primaryImageOfPage\":{\"@id\":\"https:\/\/pieceofcake.coach\/gesundheitsshop\/produkte\/vitamin-d-test#primaryimage\"},\"image\":{\"@id\":\"https:\/\/pieceofcake.coach\/gesundheitsshop\/produkte\/vitamin-d-test#primaryimage\"},\"thumbnailUrl\":\"https:\/\/pieceofcake.coach\/gesundheitsshop\/wp-content\/uploads\/sites\/5\/2020\/11\/IMG_1109-scaled.jpg\",\"datePublished\":\"2020-11-09T16:09:08+00:00\",\"dateModified\":\"2024-08-29T13:33:07+00:00\",\"description\":\"Vitamin D Test von Cerascreen \u2705Selbsttest f\u00fcr Zuhause \u2705einfache Anwendung \u2705misst den Vitamin D Spiegel \u2705mit Ergebnis als PDF\",\"breadcrumb\":{\"@id\":\"https:\/\/pieceofcake.coach\/gesundheitsshop\/produkte\/vitamin-d-test#breadcrumb\"},\"inLanguage\":\"de\",\"potentialAction\":[{\"@type\":\"ReadAction\",\"target\":[\"https:\/\/pieceofcake.coach\/gesundheitsshop\/produkte\/vitamin-d-test\"]}]},{\"@type\":\"ImageObject\",\"inLanguage\":\"de\",\"@id\":\"https:\/\/pieceofcake.coach\/gesundheitsshop\/produkte\/vitamin-d-test#primaryimage\",\"url\":\"https:\/\/pieceofcake.coach\/gesundheitsshop\/wp-content\/uploads\/sites\/5\/2020\/11\/IMG_1109-scaled.jpg\",\"contentUrl\":\"https:\/\/pieceofcake.coach\/gesundheitsshop\/wp-content\/uploads\/sites\/5\/2020\/11\/IMG_1109-scaled.jpg\",\"width\":2422,\"height\":2560,\"caption\":\"Vitamin D Test\"},{\"@type\":\"BreadcrumbList\",\"@id\":\"https:\/\/pieceofcake.coach\/gesundheitsshop\/produkte\/vitamin-d-test#breadcrumb\",\"itemListElement\":[{\"@type\":\"ListItem\",\"position\":1,\"name\":\"Startseite\",\"item\":\"https:\/\/pieceofcake.coach\/gesundheitsshop\/\"},{\"@type\":\"ListItem\",\"position\":2,\"name\":\"Produkte\",\"item\":\"https:\/\/pieceofcake.coach\/gesundheitsshop\/produkte\"},{\"@type\":\"ListItem\",\"position\":3,\"name\":\"Vitamin D Test\"}]},{\"@type\":\"WebSite\",\"@id\":\"https:\/\/pieceofcake.coach\/gesundheitsshop\/#website\",\"url\":\"https:\/\/pieceofcake.coach\/gesundheitsshop\/\",\"name\":\"piece of cake Gesundheitsshop\",\"description\":\"\",\"potentialAction\":[{\"@type\":\"SearchAction\",\"target\":{\"@type\":\"EntryPoint\",\"urlTemplate\":\"https:\/\/pieceofcake.coach\/gesundheitsshop\/?s={search_term_string}\"},\"query-input\":{\"@type\":\"PropertyValueSpecification\",\"valueRequired\":true,\"valueName\":\"search_term_string\"}}],\"inLanguage\":\"de\"}]}<\/script>\n<!-- \/ Yoast SEO plugin. -->","yoast_head_json":{"title":"Vitamin D Test von cerascreen - piece of cake Gesundheitsshop","description":"Vitamin D Test von Cerascreen \u2705Selbsttest f\u00fcr Zuhause \u2705einfache Anwendung \u2705misst den Vitamin D Spiegel \u2705mit Ergebnis als PDF","robots":{"index":"index","follow":"follow","max-snippet":"max-snippet:-1","max-image-preview":"max-image-preview:large","max-video-preview":"max-video-preview:-1"},"canonical":"https:\/\/pieceofcake.coach\/gesundheitsshop\/produkte\/vitamin-d-test","og_locale":"de_DE","og_type":"article","og_title":"Vitamin D Test von cerascreen - piece of cake Gesundheitsshop","og_description":"Vitamin D Test von Cerascreen \u2705Selbsttest f\u00fcr Zuhause \u2705einfache Anwendung \u2705misst den Vitamin D Spiegel \u2705mit Ergebnis als PDF","og_url":"https:\/\/pieceofcake.coach\/gesundheitsshop\/produkte\/vitamin-d-test","og_site_name":"piece of cake Gesundheitsshop","article_modified_time":"2024-08-29T13:33:07+00:00","og_image":[{"width":2422,"height":2560,"url":"https:\/\/pieceofcake.coach\/gesundheitsshop\/wp-content\/uploads\/sites\/5\/2020\/11\/IMG_1109-scaled.jpg","type":"image\/jpeg"}],"twitter_card":"summary_large_image","twitter_misc":{"Gesch\u00e4tzte Lesezeit":"1\u00a0Minute"},"schema":{"@context":"https:\/\/schema.org","@graph":[{"@type":"WebPage","@id":"https:\/\/pieceofcake.coach\/gesundheitsshop\/produkte\/vitamin-d-test","url":"https:\/\/pieceofcake.coach\/gesundheitsshop\/produkte\/vitamin-d-test","name":"Vitamin D Test von cerascreen - piece of cake Gesundheitsshop","isPartOf":{"@id":"https:\/\/pieceofcake.coach\/gesundheitsshop\/#website"},"primaryImageOfPage":{"@id":"https:\/\/pieceofcake.coach\/gesundheitsshop\/produkte\/vitamin-d-test#primaryimage"},"image":{"@id":"https:\/\/pieceofcake.coach\/gesundheitsshop\/produkte\/vitamin-d-test#primaryimage"},"thumbnailUrl":"https:\/\/pieceofcake.coach\/gesundheitsshop\/wp-content\/uploads\/sites\/5\/2020\/11\/IMG_1109-scaled.jpg","datePublished":"2020-11-09T16:09:08+00:00","dateModified":"2024-08-29T13:33:07+00:00","description":"Vitamin D Test von Cerascreen \u2705Selbsttest f\u00fcr Zuhause \u2705einfache Anwendung \u2705misst den Vitamin D Spiegel \u2705mit Ergebnis als PDF","breadcrumb":{"@id":"https:\/\/pieceofcake.coach\/gesundheitsshop\/produkte\/vitamin-d-test#breadcrumb"},"inLanguage":"de","potentialAction":[{"@type":"ReadAction","target":["https:\/\/pieceofcake.coach\/gesundheitsshop\/produkte\/vitamin-d-test"]}]},{"@type":"ImageObject","inLanguage":"de","@id":"https:\/\/pieceofcake.coach\/gesundheitsshop\/produkte\/vitamin-d-test#primaryimage","url":"https:\/\/pieceofcake.coach\/gesundheitsshop\/wp-content\/uploads\/sites\/5\/2020\/11\/IMG_1109-scaled.jpg","contentUrl":"https:\/\/pieceofcake.coach\/gesundheitsshop\/wp-content\/uploads\/sites\/5\/2020\/11\/IMG_1109-scaled.jpg","width":2422,"height":2560,"caption":"Vitamin D Test"},{"@type":"BreadcrumbList","@id":"https:\/\/pieceofcake.coach\/gesundheitsshop\/produkte\/vitamin-d-test#breadcrumb","itemListElement":[{"@type":"ListItem","position":1,"name":"Startseite","item":"https:\/\/pieceofcake.coach\/gesundheitsshop\/"},{"@type":"ListItem","position":2,"name":"Produkte","item":"https:\/\/pieceofcake.coach\/gesundheitsshop\/produkte"},{"@type":"ListItem","position":3,"name":"Vitamin D Test"}]},{"@type":"WebSite","@id":"https:\/\/pieceofcake.coach\/gesundheitsshop\/#website","url":"https:\/\/pieceofcake.coach\/gesundheitsshop\/","name":"piece of cake Gesundheitsshop","description":"","potentialAction":[{"@type":"SearchAction","target":{"@type":"EntryPoint","urlTemplate":"https:\/\/pieceofcake.coach\/gesundheitsshop\/?s={search_term_string}"},"query-input":{"@type":"PropertyValueSpecification","valueRequired":true,"valueName":"search_term_string"}}],"inLanguage":"de"}]}},"_links":{"self":[{"href":"https:\/\/pieceofcake.coach\/gesundheitsshop\/wp-json\/wp\/v2\/product\/29141","targetHints":{"allow":["GET"]}}],"collection":[{"href":"https:\/\/pieceofcake.coach\/gesundheitsshop\/wp-json\/wp\/v2\/product"}],"about":[{"href":"https:\/\/pieceofcake.coach\/gesundheitsshop\/wp-json\/wp\/v2\/types\/product"}],"replies":[{"embeddable":true,"href":"https:\/\/pieceofcake.coach\/gesundheitsshop\/wp-json\/wp\/v2\/comments?post=29141"}],"wp:featuredmedia":[{"embeddable":true,"href":"https:\/\/pieceofcake.coach\/gesundheitsshop\/wp-json\/wp\/v2\/media\/29142"}],"wp:attachment":[{"href":"https:\/\/pieceofcake.coach\/gesundheitsshop\/wp-json\/wp\/v2\/media?parent=29141"}],"wp:term":[{"taxonomy":"product_brand","embeddable":true,"href":"https:\/\/pieceofcake.coach\/gesundheitsshop\/wp-json\/wp\/v2\/product_brand?post=29141"},{"taxonomy":"product_cat","embeddable":true,"href":"https:\/\/pieceofcake.coach\/gesundheitsshop\/wp-json\/wp\/v2\/product_cat?post=29141"},{"taxonomy":"product_tag","embeddable":true,"href":"https:\/\/pieceofcake.coach\/gesundheitsshop\/wp-json\/wp\/v2\/product_tag?post=29141"}],"curies":[{"name":"wp","href":"https:\/\/api.w.org\/{rel}","templated":true}]}}