{"id":29442,"date":"2020-12-28T15:54:48","date_gmt":"2020-12-28T14:54:48","guid":{"rendered":"https:\/\/pieceofcake.shop\/?post_type=product&#038;p=29442"},"modified":"2024-08-30T15:53:46","modified_gmt":"2024-08-30T13:53:46","slug":"phytoform-griffonia-htp-50","status":"publish","type":"product","link":"https:\/\/pieceofcake.coach\/gesundheitsshop\/produkte\/phytoform-griffonia-htp-50","title":{"rendered":"Phytoform\u00ae Griffonia HTP 50+"},"content":{"rendered":"<section class=\"vc_cta3_content-container\">\n<div class=\"vc_general vc_cta3 vc_cta3-style-classic vc_cta3-shape-rounded vc_cta3-align-left vc_cta3-color-classic vc_cta3-icon-size-md vc_cta3-actions-bottom\">\n<div class=\"vc_cta3_content-container\">\n<div class=\"vc_cta3-content\">\n<blockquote>\n<h4>Meine Philosophie:<br \/>\nErstklassige Produkte, pers\u00f6nliche Beratung, entspanntes Einkaufen, durch den Versand entstehen Rohstoffe<\/h4>\n<p>Phytoform\u00ae Griffonia HTP 50+ beziehe ich direkt vom Hersteller <em>formmed,<\/em> einem meiner handverlesenen Gesch\u00e4ftspartner, mit denen ich einen oft \u00fcber Jahre gewachsenen pers\u00f6nlichen Kontakt halte. Und ich mache nur Gesch\u00e4fte mit Menschen, die wie ich gerne ihr Bestes geben. Bei mir bekommst Du nur hochwertige Produkte, die ich selbst getestet habe und aus fachlicher Sicht f\u00fcr sinnvoll halte. Ich berate Dich gerne telefonisch. Du kannst dabei oder danach entspannt online einkaufen. Ich rufe Dich auch gerne zur\u00fcck.<br \/>\nVom Ern\u00e4hrungsberater mit Liebe recherchierte und individuell empfohlene Produkte f\u00fcr Deinen gesunden Lebensstil. Ich <a href=\"https:\/\/pieceofcake.coach\/gesundheitsshop\/meine-philosophie\">schaffe \u00fcbrigens mehr Rohstoffe<\/a> als durch den Versand Deiner Bestellung verbraucht werden. Gibt es so sonst nirgends.<\/p>\n<h4>Qualit\u00e4t unterst\u00fctzen oder &#8218;billiger, billiger&#8216;<\/h4>\n<p>Nat\u00fcrlich bekommst Du meine Produkte auch anderswo und m\u00f6glicherweise hier und da sogar etwas g\u00fcnstiger. Falls Du nicht auf jeden Cent achten musst, freue ich mich, wenn Du meinen Service wertsch\u00e4tzt und mein Kunde bleibst. Damit unterst\u00fctzt Du, dass mein erstklassiges Sortiment immer weiter w\u00e4chst. <a href=\"https:\/\/shop.pieceofcake.coach\/meine-philosophie\">Stammkunden<\/a> bekommen bei mir zudem Rabatte, <a href=\"https:\/\/pieceofcake.coach\/gesundheitsshop\/kontakt\">sprich mich gerne darauf an.<\/a><\/p><\/blockquote>\n<\/div>\n<\/div>\n<\/div>\n<\/section>\n","protected":false},"excerpt":{"rendered":"<p>Falls Du unter <strong>depressiven Verstimmungen<\/strong> leidest, kann das aus zweierlei Gr\u00fcnden an Deiner (D\u00fcnn-)Darmgesundheit liegen. Erstens ist der Darm f\u00fcr unsere gesamte Gesundheit so entscheidend, dass es eine direkte neuronale Verbindung vom D\u00fcnndarm zum Stimmungshirn, den Vagusnerv, gibt. Falls die Darmgesundheit also im argen liegt, kann das zu depressiven Verstimmungen f\u00fchren. Auch der umgekehrte Effekt, dass n\u00e4mlich eine Depression Darmprobleme ausl\u00f6st, kommt regelm\u00e4\u00dfig vor.<br \/>\n<a href=\"https:\/\/pieceofcake.coach\/darmsanierung-weg-zur-darmgesundheit\" target=\"_blank\" rel=\"noopener noreferrer\">Falls Du Deine Darmgesundheit verbessern willst, schau mal hier in meinen Blog.<\/a><\/p>\n<p>Zweitens werden etwa 80 &#8211; 90% unseres <strong>Gl\u00fcckshormons Serotonin<\/strong> im <strong>D\u00fcnndarm<\/strong> gebildet. Einer der entscheidenden Rohstoffe daf\u00fcr ist die Aminos\u00e4ure L-Tryptophan (z.B. aus Brokkoli und Cashewkernen u.a.) aus der zun\u00e4chst <strong>5-HTP<\/strong> (5-Hydroxtryptophan) gebildet wird, eine <strong>Vorstufe von Serotonin<\/strong>. Dieses 5-HTP kommt in hoher Konzentration nat\u00fcrlich in der <strong>Schwarzbohne Griffonia<\/strong> vor. Und genau dies ist der Hauptbestandteil dieses besonderen Nahrungserg\u00e4nzungsmittels. <strong>Zus\u00e4tzlich<\/strong> sorgen einige <strong>B-Vitamine<\/strong> und <strong>Magnesium<\/strong> ebenfalls f\u00fcr nervliche und muskul\u00e4re Entspannung.<br \/>\nDa Du durchaus schl\u00e4frig werden kannst, wenn Du dieses Mittel nimmst, solltest Du Phtyofrom\u00ae Griffonia HTP 50+ nur <strong>abends etwa 30 Minuten vor dem Schlafengehen<\/strong> einnehmen. Und keinesfalls, wenn Du in irgendeiner Weise mit Maschinen hantierst oder am Stra\u00dfenverkehr teilnimmst etc.<\/p>\n<p>Inhalt: 90 Kapsel (1 Kapsel t\u00e4glich etwa 30 Minuten vor dem Schlafengehen)<\/p>\n","protected":false},"featured_media":29169,"comment_status":"closed","ping_status":"closed","template":"","meta":[],"product_brand":[],"product_cat":[390,357],"product_tag":[],"class_list":{"0":"post-29442","1":"product","2":"type-product","3":"status-publish","4":"has-post-thumbnail","6":"product_cat-stress-infekt","7":"product_cat-darmsanierung","8":"description-off","10":"first","11":"instock","12":"taxable","13":"shipping-taxable","14":"purchasable","15":"product-type-simple"},"yoast_head":"<!-- This site is optimized with the Yoast SEO plugin v26.4 - https:\/\/yoast.com\/wordpress\/plugins\/seo\/ -->\n<title>Phytoform\u00ae Griffonia HTP 50+ - piece of cake Gesundheitsshop \ud83c\udf70<\/title>\n<meta name=\"description\" content=\"Phytoform\u00ae Griffonia HTP 50+ \u2705bei depressiven Verstimmungen \u2705mit 5-HTP aus Schwarzbohne Griffonia \u2705mit B-Vitaminen und Magnesium\" \/>\n<meta name=\"robots\" content=\"noindex, nofollow\" \/>\n<meta property=\"og:locale\" content=\"de_DE\" \/>\n<meta property=\"og:type\" content=\"article\" \/>\n<meta property=\"og:title\" content=\"Phytoform\u00ae Griffonia HTP 50+ - piece of cake Gesundheitsshop \ud83c\udf70\" \/>\n<meta property=\"og:description\" content=\"Phytoform\u00ae Griffonia HTP 50+ \u2705bei depressiven Verstimmungen \u2705mit 5-HTP aus Schwarzbohne Griffonia \u2705mit B-Vitaminen und Magnesium\" \/>\n<meta property=\"og:url\" content=\"https:\/\/pieceofcake.coach\/gesundheitsshop\/produkte\/phytoform-griffonia-htp-50\" \/>\n<meta property=\"og:site_name\" content=\"piece of cake Gesundheitsshop\" \/>\n<meta property=\"article:modified_time\" content=\"2024-08-30T13:53:46+00:00\" \/>\n<meta property=\"og:image\" content=\"https:\/\/pieceofcake.coach\/gesundheitsshop\/wp-content\/uploads\/sites\/5\/2020\/11\/IMG_8849-scaled.jpg\" \/>\n\t<meta property=\"og:image:width\" content=\"2560\" \/>\n\t<meta property=\"og:image:height\" content=\"2560\" \/>\n\t<meta property=\"og:image:type\" content=\"image\/jpeg\" \/>\n<meta name=\"twitter:card\" content=\"summary_large_image\" \/>\n<meta name=\"twitter:label1\" content=\"Gesch\u00e4tzte Lesezeit\" \/>\n\t<meta name=\"twitter:data1\" content=\"1\u00a0Minute\" \/>\n<script type=\"application\/ld+json\" class=\"yoast-schema-graph\">{\"@context\":\"https:\/\/schema.org\",\"@graph\":[{\"@type\":\"WebPage\",\"@id\":\"https:\/\/pieceofcake.coach\/gesundheitsshop\/produkte\/phytoform-griffonia-htp-50\",\"url\":\"https:\/\/pieceofcake.coach\/gesundheitsshop\/produkte\/phytoform-griffonia-htp-50\",\"name\":\"Phytoform\u00ae Griffonia HTP 50+ - piece of cake Gesundheitsshop \ud83c\udf70\",\"isPartOf\":{\"@id\":\"https:\/\/pieceofcake.coach\/gesundheitsshop\/#website\"},\"primaryImageOfPage\":{\"@id\":\"https:\/\/pieceofcake.coach\/gesundheitsshop\/produkte\/phytoform-griffonia-htp-50#primaryimage\"},\"image\":{\"@id\":\"https:\/\/pieceofcake.coach\/gesundheitsshop\/produkte\/phytoform-griffonia-htp-50#primaryimage\"},\"thumbnailUrl\":\"https:\/\/pieceofcake.coach\/gesundheitsshop\/wp-content\/uploads\/sites\/5\/2020\/11\/IMG_8849-scaled.jpg\",\"datePublished\":\"2020-12-28T14:54:48+00:00\",\"dateModified\":\"2024-08-30T13:53:46+00:00\",\"description\":\"Phytoform\u00ae Griffonia HTP 50+ \u2705bei depressiven Verstimmungen \u2705mit 5-HTP aus Schwarzbohne Griffonia \u2705mit B-Vitaminen und Magnesium\",\"breadcrumb\":{\"@id\":\"https:\/\/pieceofcake.coach\/gesundheitsshop\/produkte\/phytoform-griffonia-htp-50#breadcrumb\"},\"inLanguage\":\"de\",\"potentialAction\":[{\"@type\":\"ReadAction\",\"target\":[\"https:\/\/pieceofcake.coach\/gesundheitsshop\/produkte\/phytoform-griffonia-htp-50\"]}]},{\"@type\":\"ImageObject\",\"inLanguage\":\"de\",\"@id\":\"https:\/\/pieceofcake.coach\/gesundheitsshop\/produkte\/phytoform-griffonia-htp-50#primaryimage\",\"url\":\"https:\/\/pieceofcake.coach\/gesundheitsshop\/wp-content\/uploads\/sites\/5\/2020\/11\/IMG_8849-scaled.jpg\",\"contentUrl\":\"https:\/\/pieceofcake.coach\/gesundheitsshop\/wp-content\/uploads\/sites\/5\/2020\/11\/IMG_8849-scaled.jpg\",\"width\":2560,\"height\":2560,\"caption\":\"Phytoform\u00ae Griffonia HTP 50+\"},{\"@type\":\"BreadcrumbList\",\"@id\":\"https:\/\/pieceofcake.coach\/gesundheitsshop\/produkte\/phytoform-griffonia-htp-50#breadcrumb\",\"itemListElement\":[{\"@type\":\"ListItem\",\"position\":1,\"name\":\"Startseite\",\"item\":\"https:\/\/pieceofcake.coach\/gesundheitsshop\/\"},{\"@type\":\"ListItem\",\"position\":2,\"name\":\"Produkte\",\"item\":\"https:\/\/pieceofcake.coach\/gesundheitsshop\/produkte\"},{\"@type\":\"ListItem\",\"position\":3,\"name\":\"Phytoform\u00ae Griffonia HTP 50+\"}]},{\"@type\":\"WebSite\",\"@id\":\"https:\/\/pieceofcake.coach\/gesundheitsshop\/#website\",\"url\":\"https:\/\/pieceofcake.coach\/gesundheitsshop\/\",\"name\":\"piece of cake Gesundheitsshop\",\"description\":\"\",\"potentialAction\":[{\"@type\":\"SearchAction\",\"target\":{\"@type\":\"EntryPoint\",\"urlTemplate\":\"https:\/\/pieceofcake.coach\/gesundheitsshop\/?s={search_term_string}\"},\"query-input\":{\"@type\":\"PropertyValueSpecification\",\"valueRequired\":true,\"valueName\":\"search_term_string\"}}],\"inLanguage\":\"de\"}]}<\/script>\n<!-- \/ Yoast SEO plugin. -->","yoast_head_json":{"title":"Phytoform\u00ae Griffonia HTP 50+ - piece of cake Gesundheitsshop \ud83c\udf70","description":"Phytoform\u00ae Griffonia HTP 50+ \u2705bei depressiven Verstimmungen \u2705mit 5-HTP aus Schwarzbohne Griffonia \u2705mit B-Vitaminen und Magnesium","robots":{"index":"noindex","follow":"nofollow"},"og_locale":"de_DE","og_type":"article","og_title":"Phytoform\u00ae Griffonia HTP 50+ - piece of cake Gesundheitsshop \ud83c\udf70","og_description":"Phytoform\u00ae Griffonia HTP 50+ \u2705bei depressiven Verstimmungen \u2705mit 5-HTP aus Schwarzbohne Griffonia \u2705mit B-Vitaminen und Magnesium","og_url":"https:\/\/pieceofcake.coach\/gesundheitsshop\/produkte\/phytoform-griffonia-htp-50","og_site_name":"piece of cake Gesundheitsshop","article_modified_time":"2024-08-30T13:53:46+00:00","og_image":[{"width":2560,"height":2560,"url":"https:\/\/pieceofcake.coach\/gesundheitsshop\/wp-content\/uploads\/sites\/5\/2020\/11\/IMG_8849-scaled.jpg","type":"image\/jpeg"}],"twitter_card":"summary_large_image","twitter_misc":{"Gesch\u00e4tzte Lesezeit":"1\u00a0Minute"},"schema":{"@context":"https:\/\/schema.org","@graph":[{"@type":"WebPage","@id":"https:\/\/pieceofcake.coach\/gesundheitsshop\/produkte\/phytoform-griffonia-htp-50","url":"https:\/\/pieceofcake.coach\/gesundheitsshop\/produkte\/phytoform-griffonia-htp-50","name":"Phytoform\u00ae Griffonia HTP 50+ - piece of cake Gesundheitsshop \ud83c\udf70","isPartOf":{"@id":"https:\/\/pieceofcake.coach\/gesundheitsshop\/#website"},"primaryImageOfPage":{"@id":"https:\/\/pieceofcake.coach\/gesundheitsshop\/produkte\/phytoform-griffonia-htp-50#primaryimage"},"image":{"@id":"https:\/\/pieceofcake.coach\/gesundheitsshop\/produkte\/phytoform-griffonia-htp-50#primaryimage"},"thumbnailUrl":"https:\/\/pieceofcake.coach\/gesundheitsshop\/wp-content\/uploads\/sites\/5\/2020\/11\/IMG_8849-scaled.jpg","datePublished":"2020-12-28T14:54:48+00:00","dateModified":"2024-08-30T13:53:46+00:00","description":"Phytoform\u00ae Griffonia HTP 50+ \u2705bei depressiven Verstimmungen \u2705mit 5-HTP aus Schwarzbohne Griffonia \u2705mit B-Vitaminen und Magnesium","breadcrumb":{"@id":"https:\/\/pieceofcake.coach\/gesundheitsshop\/produkte\/phytoform-griffonia-htp-50#breadcrumb"},"inLanguage":"de","potentialAction":[{"@type":"ReadAction","target":["https:\/\/pieceofcake.coach\/gesundheitsshop\/produkte\/phytoform-griffonia-htp-50"]}]},{"@type":"ImageObject","inLanguage":"de","@id":"https:\/\/pieceofcake.coach\/gesundheitsshop\/produkte\/phytoform-griffonia-htp-50#primaryimage","url":"https:\/\/pieceofcake.coach\/gesundheitsshop\/wp-content\/uploads\/sites\/5\/2020\/11\/IMG_8849-scaled.jpg","contentUrl":"https:\/\/pieceofcake.coach\/gesundheitsshop\/wp-content\/uploads\/sites\/5\/2020\/11\/IMG_8849-scaled.jpg","width":2560,"height":2560,"caption":"Phytoform\u00ae Griffonia HTP 50+"},{"@type":"BreadcrumbList","@id":"https:\/\/pieceofcake.coach\/gesundheitsshop\/produkte\/phytoform-griffonia-htp-50#breadcrumb","itemListElement":[{"@type":"ListItem","position":1,"name":"Startseite","item":"https:\/\/pieceofcake.coach\/gesundheitsshop\/"},{"@type":"ListItem","position":2,"name":"Produkte","item":"https:\/\/pieceofcake.coach\/gesundheitsshop\/produkte"},{"@type":"ListItem","position":3,"name":"Phytoform\u00ae Griffonia HTP 50+"}]},{"@type":"WebSite","@id":"https:\/\/pieceofcake.coach\/gesundheitsshop\/#website","url":"https:\/\/pieceofcake.coach\/gesundheitsshop\/","name":"piece of cake Gesundheitsshop","description":"","potentialAction":[{"@type":"SearchAction","target":{"@type":"EntryPoint","urlTemplate":"https:\/\/pieceofcake.coach\/gesundheitsshop\/?s={search_term_string}"},"query-input":{"@type":"PropertyValueSpecification","valueRequired":true,"valueName":"search_term_string"}}],"inLanguage":"de"}]}},"_links":{"self":[{"href":"https:\/\/pieceofcake.coach\/gesundheitsshop\/wp-json\/wp\/v2\/product\/29442","targetHints":{"allow":["GET"]}}],"collection":[{"href":"https:\/\/pieceofcake.coach\/gesundheitsshop\/wp-json\/wp\/v2\/product"}],"about":[{"href":"https:\/\/pieceofcake.coach\/gesundheitsshop\/wp-json\/wp\/v2\/types\/product"}],"replies":[{"embeddable":true,"href":"https:\/\/pieceofcake.coach\/gesundheitsshop\/wp-json\/wp\/v2\/comments?post=29442"}],"wp:featuredmedia":[{"embeddable":true,"href":"https:\/\/pieceofcake.coach\/gesundheitsshop\/wp-json\/wp\/v2\/media\/29169"}],"wp:attachment":[{"href":"https:\/\/pieceofcake.coach\/gesundheitsshop\/wp-json\/wp\/v2\/media?parent=29442"}],"wp:term":[{"taxonomy":"product_brand","embeddable":true,"href":"https:\/\/pieceofcake.coach\/gesundheitsshop\/wp-json\/wp\/v2\/product_brand?post=29442"},{"taxonomy":"product_cat","embeddable":true,"href":"https:\/\/pieceofcake.coach\/gesundheitsshop\/wp-json\/wp\/v2\/product_cat?post=29442"},{"taxonomy":"product_tag","embeddable":true,"href":"https:\/\/pieceofcake.coach\/gesundheitsshop\/wp-json\/wp\/v2\/product_tag?post=29442"}],"curies":[{"name":"wp","href":"https:\/\/api.w.org\/{rel}","templated":true}]}}