{"id":30371,"date":"2022-01-24T18:28:56","date_gmt":"2022-01-24T17:28:56","guid":{"rendered":"https:\/\/pieceofcake.coach\/gesundheitsshop\/?post_type=product&#038;p=30371"},"modified":"2025-05-17T11:33:03","modified_gmt":"2025-05-17T09:33:03","slug":"orgamin","status":"publish","type":"product","link":"https:\/\/pieceofcake.coach\/gesundheitsshop\/produkte\/orgamin","title":{"rendered":"OrgaMin"},"content":{"rendered":"<h2>OrgaMin kann helfen, Deinen Mineralhaushalt wieder satt aufzuf\u00fcllen<\/h2>\n<p>Falls Du genau wissen m\u00f6chtest, ob OrgaMin Dir n\u00fctzen kannst, solltest Du wissen, wie es um Deinen Minerstoffhaushalt aussieht.<\/p>\n<p>Nat\u00fcrlich bekommst Du z.B. beim Hausarzt eine sinnvolle Momentaufnahme, wenn Du wichtige Mineralstoffe per Blutbild bestimmen l\u00e4sst. Eine <a href=\"https:\/\/pieceofcake.coach\/gesundheitsshop\/produkte\/haarmineralanalyse\">Haarmineralanalyse<\/a> zeigt Dir dagegen, wie die Versorgungs- und Stoffwechsellage in den letzten 2-3 Monaten war. Und auch wie das Verh\u00e4ltnis der wichtigsten Mineralstoffe untereinander ist. Das gibt z.B. Hinweise darauf, wie Dein endokrines (hormonelles) System, aber auch Dein Energiestoffwechsel funktionieren. Wei\u00df Dein Hausarzt das? Bzw. hat er Zeit, das mit Dir zu besprechen?<\/p>\n<section class=\"vc_cta3_content-container\">\n<div class=\"vc_general vc_cta3 vc_cta3-style-classic vc_cta3-shape-rounded vc_cta3-align-left vc_cta3-color-classic vc_cta3-icon-size-md vc_cta3-actions-bottom\">\n<div class=\"vc_cta3_content-container\">\n<div class=\"vc_cta3-content\">\n<blockquote>\n<h4>Meine Philosophie:<br \/>\nErstklassige Produkte, pers\u00f6nliche Beratung, entspanntes Einkaufen, durch den Versand entstehen Rohstoffe<\/h4>\n<p>OrgaMin beziehe ich direkt vom Hersteller <em><a href=\"https:\/\/natugena.de\/Startseite.aspx?r=109602\" target=\"_blank\" rel=\"noopener\">NatuGena<\/a>,<\/em> einem meiner handverlesenen Gesch\u00e4ftspartner, mit denen ich einen oft \u00fcber Jahre gewachsenen pers\u00f6nlichen Kontakt halte. Und ich mache nur Gesch\u00e4fte mit Menschen, die wie ich gerne ihr Bestes geben. Bei mir bekommst Du nur hochwertige Produkte, die ich selbst getestet habe und aus fachlicher Sicht f\u00fcr sinnvoll halte. Ich berate Dich gerne telefonisch. Du kannst dabei oder danach entspannt online einkaufen. Ich rufe Dich auch gerne zur\u00fcck.<br \/>\nVom Ern\u00e4hrungsberater mit Liebe recherchierte und individuell empfohlene Produkte f\u00fcr Deinen gesunden Lebensstil. Ich <a href=\"https:\/\/pieceofcake.coach\/gesundheitsshop\/meine-philosophie\">schaffe \u00fcbrigens mehr Rohstoffe<\/a> als durch den Versand Deiner Bestellung verbraucht werden. Gibt es so sonst nirgends.<\/p>\n<h4>Qualit\u00e4t unterst\u00fctzen oder &#8218;billiger, billiger&#8216;<\/h4>\n<p>Nat\u00fcrlich bekommst Du meine Produkte auch anderswo und m\u00f6glicherweise hier und da sogar etwas g\u00fcnstiger. Falls Du nicht auf jeden Cent achten musst, freue ich mich, wenn Du meinen Service wertsch\u00e4tzt und mein Kunde bleibst. Damit unterst\u00fctzt Du, dass mein erstklassiges Sortiment immer weiter w\u00e4chst. <a href=\"https:\/\/shop.pieceofcake.coach\/meine-philosophie\">Stammkunden<\/a> bekommen bei mir zudem Rabatte, <a href=\"https:\/\/pieceofcake.coach\/kontakt\">sprich mich gerne darauf an.<\/a><\/p><\/blockquote>\n<\/div>\n<\/div>\n<\/div>\n<\/section>\n","protected":false},"excerpt":{"rendered":"<p>OrgaMin ist ein Mineralstoffrundumschlag, der sinnvoll ist. Hier sind alle Mineralstoffe (au\u00dfer Schwefel) enthalten, die meiner Beobachtung nach h\u00e4ufig zu wenig in unserer Nahrung (und Blutbildern) vorkommen: <strong>Kalium, Magnesium, Chrom, Eisen, Jod, Kupfer, Selen, Silicium, Phosphor, Zink sowie Molybd\u00e4n und Mangan<\/strong>.<\/p>\n<p>Schlau ist, dass diese hier gro\u00dfteils als nat\u00fcrliche organische Verbindungen vorliegen, die gut resorbierbar sind.<br \/>\nOrgaMin ist meiner Meinung nach gut, wenn Du z.B. viel Sport machst, einen erh\u00f6hten Bedarf oder latenten Mangel eines oder mehrerer der enthaltenen Mineralstoffe hast. Oder auch wenn Du z.B. aufgrund einer Erkrankung, \u00dcbers\u00e4uerung, Chelattherapie oder anderer Eingriffe in Deinen <strong>Mineralhaushalt<\/strong>, diesen wieder auff\u00fcllen willst.<\/p>\n<p>Die vergleichbare sowie g\u00fcnstigere und dabei etwas weniger spezifische Alternative ist die Sango Meereskoralle in meinem Angebot.<\/p>\n<p>Ich w\u00fcrde bei beiden Produkten das Pulver in Wasser aufgel\u00f6st \u00fcber den Tag verteilt trinken statt auf einmal einen Schwall. Dann ist die Resorption besser. Die Empfehlung des Herstellers mit 2\/3 Wasser und 1\/3 Apfelsaft ist sehr romantisch, aber f\u00fcr mein Leben zu unpraktisch (und s\u00fc\u00df).<\/p>\n<p>Inhalt: 288g Pulver f\u00fcr 30 Tagesdosen \u00e0 9,6 g<\/p>\n","protected":false},"featured_media":30341,"comment_status":"closed","ping_status":"closed","template":"","meta":[],"product_brand":[],"product_cat":[360,358,352,359],"product_tag":[],"class_list":{"0":"post-30371","1":"product","2":"type-product","3":"status-publish","4":"has-post-thumbnail","6":"product_cat-entsaeuerung","7":"product_cat-fuer-sportler","8":"product_cat-vitamine-und-mineralstoffe","9":"product_cat-antioxidantien","10":"description-off","12":"first","13":"instock","14":"taxable","15":"shipping-taxable","16":"purchasable","17":"product-type-simple"},"yoast_head":"<!-- This site is optimized with the Yoast SEO plugin v26.4 - https:\/\/yoast.com\/wordpress\/plugins\/seo\/ -->\n<title>OrgaMin von NatuGena - piece of cake Gesundheitsshop \ud83c\udf70<\/title>\n<meta name=\"description\" content=\"OrgaMin von NatuGena \u2705organische Mineralstoffe \u2705Kalium Magnesium Chrom, Jod Selen Eisen Silicium Phosphor Zink Phosphor Molybd\u00e4n Mangan u.a.\" \/>\n<meta name=\"robots\" content=\"index, follow, max-snippet:-1, max-image-preview:large, max-video-preview:-1\" \/>\n<link rel=\"canonical\" href=\"https:\/\/pieceofcake.coach\/gesundheitsshop\/produkte\/orgamin\" \/>\n<meta property=\"og:locale\" content=\"de_DE\" \/>\n<meta property=\"og:type\" content=\"article\" \/>\n<meta property=\"og:title\" content=\"OrgaMin von NatuGena - piece of cake Gesundheitsshop \ud83c\udf70\" \/>\n<meta property=\"og:description\" content=\"OrgaMin von NatuGena \u2705organische Mineralstoffe \u2705Kalium Magnesium Chrom, Jod Selen Eisen Silicium Phosphor Zink Phosphor Molybd\u00e4n Mangan u.a.\" \/>\n<meta property=\"og:url\" content=\"https:\/\/pieceofcake.coach\/gesundheitsshop\/produkte\/orgamin\" \/>\n<meta property=\"og:site_name\" content=\"piece of cake Gesundheitsshop\" \/>\n<meta property=\"article:modified_time\" content=\"2025-05-17T09:33:03+00:00\" \/>\n<meta property=\"og:image\" content=\"https:\/\/pieceofcake.coach\/gesundheitsshop\/wp-content\/uploads\/sites\/5\/2022\/01\/IMG_9874-scaled.jpg\" \/>\n\t<meta property=\"og:image:width\" content=\"2560\" \/>\n\t<meta property=\"og:image:height\" content=\"2560\" \/>\n\t<meta property=\"og:image:type\" content=\"image\/jpeg\" \/>\n<meta name=\"twitter:card\" content=\"summary_large_image\" \/>\n<meta name=\"twitter:label1\" content=\"Gesch\u00e4tzte Lesezeit\" \/>\n\t<meta name=\"twitter:data1\" content=\"1\u00a0Minute\" \/>\n<script type=\"application\/ld+json\" class=\"yoast-schema-graph\">{\"@context\":\"https:\/\/schema.org\",\"@graph\":[{\"@type\":\"WebPage\",\"@id\":\"https:\/\/pieceofcake.coach\/gesundheitsshop\/produkte\/orgamin\",\"url\":\"https:\/\/pieceofcake.coach\/gesundheitsshop\/produkte\/orgamin\",\"name\":\"OrgaMin von NatuGena - piece of cake Gesundheitsshop \ud83c\udf70\",\"isPartOf\":{\"@id\":\"https:\/\/pieceofcake.coach\/gesundheitsshop\/#website\"},\"primaryImageOfPage\":{\"@id\":\"https:\/\/pieceofcake.coach\/gesundheitsshop\/produkte\/orgamin#primaryimage\"},\"image\":{\"@id\":\"https:\/\/pieceofcake.coach\/gesundheitsshop\/produkte\/orgamin#primaryimage\"},\"thumbnailUrl\":\"https:\/\/pieceofcake.coach\/gesundheitsshop\/wp-content\/uploads\/sites\/5\/2022\/01\/IMG_9874-scaled.jpg\",\"datePublished\":\"2022-01-24T17:28:56+00:00\",\"dateModified\":\"2025-05-17T09:33:03+00:00\",\"description\":\"OrgaMin von NatuGena \u2705organische Mineralstoffe \u2705Kalium Magnesium Chrom, Jod Selen Eisen Silicium Phosphor Zink Phosphor Molybd\u00e4n Mangan u.a.\",\"breadcrumb\":{\"@id\":\"https:\/\/pieceofcake.coach\/gesundheitsshop\/produkte\/orgamin#breadcrumb\"},\"inLanguage\":\"de\",\"potentialAction\":[{\"@type\":\"ReadAction\",\"target\":[\"https:\/\/pieceofcake.coach\/gesundheitsshop\/produkte\/orgamin\"]}]},{\"@type\":\"ImageObject\",\"inLanguage\":\"de\",\"@id\":\"https:\/\/pieceofcake.coach\/gesundheitsshop\/produkte\/orgamin#primaryimage\",\"url\":\"https:\/\/pieceofcake.coach\/gesundheitsshop\/wp-content\/uploads\/sites\/5\/2022\/01\/IMG_9874-scaled.jpg\",\"contentUrl\":\"https:\/\/pieceofcake.coach\/gesundheitsshop\/wp-content\/uploads\/sites\/5\/2022\/01\/IMG_9874-scaled.jpg\",\"width\":2560,\"height\":2560,\"caption\":\"OrgaMin\"},{\"@type\":\"BreadcrumbList\",\"@id\":\"https:\/\/pieceofcake.coach\/gesundheitsshop\/produkte\/orgamin#breadcrumb\",\"itemListElement\":[{\"@type\":\"ListItem\",\"position\":1,\"name\":\"Startseite\",\"item\":\"https:\/\/pieceofcake.coach\/gesundheitsshop\/\"},{\"@type\":\"ListItem\",\"position\":2,\"name\":\"Produkte\",\"item\":\"https:\/\/pieceofcake.coach\/gesundheitsshop\/produkte\"},{\"@type\":\"ListItem\",\"position\":3,\"name\":\"OrgaMin\"}]},{\"@type\":\"WebSite\",\"@id\":\"https:\/\/pieceofcake.coach\/gesundheitsshop\/#website\",\"url\":\"https:\/\/pieceofcake.coach\/gesundheitsshop\/\",\"name\":\"piece of cake Gesundheitsshop\",\"description\":\"\",\"potentialAction\":[{\"@type\":\"SearchAction\",\"target\":{\"@type\":\"EntryPoint\",\"urlTemplate\":\"https:\/\/pieceofcake.coach\/gesundheitsshop\/?s={search_term_string}\"},\"query-input\":{\"@type\":\"PropertyValueSpecification\",\"valueRequired\":true,\"valueName\":\"search_term_string\"}}],\"inLanguage\":\"de\"}]}<\/script>\n<!-- \/ Yoast SEO plugin. -->","yoast_head_json":{"title":"OrgaMin von NatuGena - piece of cake Gesundheitsshop \ud83c\udf70","description":"OrgaMin von NatuGena \u2705organische Mineralstoffe \u2705Kalium Magnesium Chrom, Jod Selen Eisen Silicium Phosphor Zink Phosphor Molybd\u00e4n Mangan u.a.","robots":{"index":"index","follow":"follow","max-snippet":"max-snippet:-1","max-image-preview":"max-image-preview:large","max-video-preview":"max-video-preview:-1"},"canonical":"https:\/\/pieceofcake.coach\/gesundheitsshop\/produkte\/orgamin","og_locale":"de_DE","og_type":"article","og_title":"OrgaMin von NatuGena - piece of cake Gesundheitsshop \ud83c\udf70","og_description":"OrgaMin von NatuGena \u2705organische Mineralstoffe \u2705Kalium Magnesium Chrom, Jod Selen Eisen Silicium Phosphor Zink Phosphor Molybd\u00e4n Mangan u.a.","og_url":"https:\/\/pieceofcake.coach\/gesundheitsshop\/produkte\/orgamin","og_site_name":"piece of cake Gesundheitsshop","article_modified_time":"2025-05-17T09:33:03+00:00","og_image":[{"width":2560,"height":2560,"url":"https:\/\/pieceofcake.coach\/gesundheitsshop\/wp-content\/uploads\/sites\/5\/2022\/01\/IMG_9874-scaled.jpg","type":"image\/jpeg"}],"twitter_card":"summary_large_image","twitter_misc":{"Gesch\u00e4tzte Lesezeit":"1\u00a0Minute"},"schema":{"@context":"https:\/\/schema.org","@graph":[{"@type":"WebPage","@id":"https:\/\/pieceofcake.coach\/gesundheitsshop\/produkte\/orgamin","url":"https:\/\/pieceofcake.coach\/gesundheitsshop\/produkte\/orgamin","name":"OrgaMin von NatuGena - piece of cake Gesundheitsshop \ud83c\udf70","isPartOf":{"@id":"https:\/\/pieceofcake.coach\/gesundheitsshop\/#website"},"primaryImageOfPage":{"@id":"https:\/\/pieceofcake.coach\/gesundheitsshop\/produkte\/orgamin#primaryimage"},"image":{"@id":"https:\/\/pieceofcake.coach\/gesundheitsshop\/produkte\/orgamin#primaryimage"},"thumbnailUrl":"https:\/\/pieceofcake.coach\/gesundheitsshop\/wp-content\/uploads\/sites\/5\/2022\/01\/IMG_9874-scaled.jpg","datePublished":"2022-01-24T17:28:56+00:00","dateModified":"2025-05-17T09:33:03+00:00","description":"OrgaMin von NatuGena \u2705organische Mineralstoffe \u2705Kalium Magnesium Chrom, Jod Selen Eisen Silicium Phosphor Zink Phosphor Molybd\u00e4n Mangan u.a.","breadcrumb":{"@id":"https:\/\/pieceofcake.coach\/gesundheitsshop\/produkte\/orgamin#breadcrumb"},"inLanguage":"de","potentialAction":[{"@type":"ReadAction","target":["https:\/\/pieceofcake.coach\/gesundheitsshop\/produkte\/orgamin"]}]},{"@type":"ImageObject","inLanguage":"de","@id":"https:\/\/pieceofcake.coach\/gesundheitsshop\/produkte\/orgamin#primaryimage","url":"https:\/\/pieceofcake.coach\/gesundheitsshop\/wp-content\/uploads\/sites\/5\/2022\/01\/IMG_9874-scaled.jpg","contentUrl":"https:\/\/pieceofcake.coach\/gesundheitsshop\/wp-content\/uploads\/sites\/5\/2022\/01\/IMG_9874-scaled.jpg","width":2560,"height":2560,"caption":"OrgaMin"},{"@type":"BreadcrumbList","@id":"https:\/\/pieceofcake.coach\/gesundheitsshop\/produkte\/orgamin#breadcrumb","itemListElement":[{"@type":"ListItem","position":1,"name":"Startseite","item":"https:\/\/pieceofcake.coach\/gesundheitsshop\/"},{"@type":"ListItem","position":2,"name":"Produkte","item":"https:\/\/pieceofcake.coach\/gesundheitsshop\/produkte"},{"@type":"ListItem","position":3,"name":"OrgaMin"}]},{"@type":"WebSite","@id":"https:\/\/pieceofcake.coach\/gesundheitsshop\/#website","url":"https:\/\/pieceofcake.coach\/gesundheitsshop\/","name":"piece of cake Gesundheitsshop","description":"","potentialAction":[{"@type":"SearchAction","target":{"@type":"EntryPoint","urlTemplate":"https:\/\/pieceofcake.coach\/gesundheitsshop\/?s={search_term_string}"},"query-input":{"@type":"PropertyValueSpecification","valueRequired":true,"valueName":"search_term_string"}}],"inLanguage":"de"}]}},"_links":{"self":[{"href":"https:\/\/pieceofcake.coach\/gesundheitsshop\/wp-json\/wp\/v2\/product\/30371","targetHints":{"allow":["GET"]}}],"collection":[{"href":"https:\/\/pieceofcake.coach\/gesundheitsshop\/wp-json\/wp\/v2\/product"}],"about":[{"href":"https:\/\/pieceofcake.coach\/gesundheitsshop\/wp-json\/wp\/v2\/types\/product"}],"replies":[{"embeddable":true,"href":"https:\/\/pieceofcake.coach\/gesundheitsshop\/wp-json\/wp\/v2\/comments?post=30371"}],"wp:featuredmedia":[{"embeddable":true,"href":"https:\/\/pieceofcake.coach\/gesundheitsshop\/wp-json\/wp\/v2\/media\/30341"}],"wp:attachment":[{"href":"https:\/\/pieceofcake.coach\/gesundheitsshop\/wp-json\/wp\/v2\/media?parent=30371"}],"wp:term":[{"taxonomy":"product_brand","embeddable":true,"href":"https:\/\/pieceofcake.coach\/gesundheitsshop\/wp-json\/wp\/v2\/product_brand?post=30371"},{"taxonomy":"product_cat","embeddable":true,"href":"https:\/\/pieceofcake.coach\/gesundheitsshop\/wp-json\/wp\/v2\/product_cat?post=30371"},{"taxonomy":"product_tag","embeddable":true,"href":"https:\/\/pieceofcake.coach\/gesundheitsshop\/wp-json\/wp\/v2\/product_tag?post=30371"}],"curies":[{"name":"wp","href":"https:\/\/api.w.org\/{rel}","templated":true}]}}