{"id":3327,"date":"2018-07-05T15:17:19","date_gmt":"2018-07-05T13:17:19","guid":{"rendered":"https:\/\/shop.pieceofcake.coach\/?post_type=product&#038;p=3327"},"modified":"2025-12-01T12:53:21","modified_gmt":"2025-12-01T11:53:21","slug":"basische-haarspuelung-200-ml","status":"publish","type":"product","link":"https:\/\/pieceofcake.coach\/gesundheitsshop\/produkte\/basische-haarspuelung-200-ml","title":{"rendered":"Basische Haarsp\u00fclung 200 ml"},"content":{"rendered":"<h2>Basische Haarsp\u00fclung 200 ml von ph Cosmetics<\/h2>\n<p>Die hochwertige Basische Haarsp\u00fclung 200 ml ist mild und mit ihren nat\u00fcrlichen Inhaltsstoffen angenehm pflegend und insbesondere auch f\u00fcr Menschen mit empfindlicher Kopfhaut geeignet. Ich selbst verwende die Produkte der Pflegeserie seit Jahren t\u00e4glich und bin nach wie vor begeistert. Die basischen Produkte regen die Ents\u00e4uerungsfunktion, R\u00fcckfettung und Regeneration der Haut an. Die pflegenden Inhaltsstoffe sind Frischpflanzenextrakte und nat\u00fcrliche \u00e4therische \u00d6le in sorgf\u00e4ltig abgestimmten Mischungen.<br \/>\nDa keines der Produkte von pH Cosmetics Alkohol, Erd\u00f6lprodukte, Silikone, Aluminiumverbindungen, Sodium Laureth Sulfate oder Konservierungsstoffe enthalten, sind sie f\u00fcr jeden Hauttyp und auch f\u00fcr viele Menschen mit empfindlicher, entz\u00fcndeter und sonstwie ekrankter Haut geeignet. Die komplette Pflegeserie ist made in Germany und zu 100 Prozent vegan.<\/p>\n<h3>Geeignet als Unterst\u00fctzung einer Basenkur &#8211; oder jeden Tag<\/h3>\n<p>Basische Kosmetika wie die Basische Haarsp\u00fclung 200 ml unterst\u00fctzen die Ents\u00e4uerung des K\u00f6pers im Rahmen einer Basenkur. Haupts\u00e4chlich geschieht die Ents\u00e4uerung jedoch durch eine basen\u00fcbersch\u00fcssige Ern\u00e4hrung, einige Nahrungserg\u00e4nzungsmittel und z.B. <a href=\"https:\/\/shop.pieceofcake.coach\/produkte\/basenbad-1200-g\">Basenb\u00e4der<\/a>.<br \/>\nSelbstverst\u00e4ndlich k\u00f6nnen basische Kosmetika wie die Basische Haarsp\u00fclung aber auch ohne besonderen Grund verwendet werden. Denn sie sind im Vergleich zu herk\u00f6mmlichen Produkten viel ges\u00fcnder.<\/p>\n<p>Wie alle anderen Produkte von pH-Cosmetics ist auch die Basische Haarsp\u00fclung sehr ergiebig. Vielleicht magst Du diese kleinere Flasche zum Testen nehmen. Danach bist Du vermutlich von der besonderen Qualit\u00e4t \u00fcberzeugt und willst auf die gr\u00f6\u00dfere Flasche umsteigen, die im Endeffekt viel g\u00fcnstiger ist.<\/p>\n<p>&nbsp;<\/p>\n<section class=\"vc_cta3_content-container\">\n<div class=\"vc_general vc_cta3 vc_cta3-style-classic vc_cta3-shape-rounded vc_cta3-align-left vc_cta3-color-classic vc_cta3-icon-size-md vc_cta3-actions-bottom\">\n<div class=\"vc_cta3_content-container\">\n<div class=\"vc_cta3-content\">\n<blockquote>\n<h4>Meine Philosophie:<br \/>\nErstklassige Produkte, pers\u00f6nliche Beratung, entspanntes Einkaufen, durch den Versand entstehen Rohstoffe<\/h4>\n<p>Basische Haarsp\u00fclung 200ml beziehe ich direkt von <em>ph-Cosmetics<\/em>, einem meiner handverlesenen Hersteller und Lieferanten. Mit meinen Gesch\u00e4ftspartnern halte ich einen oft \u00fcber Jahre gewachsenen pers\u00f6nlichen Kontakt. Und ich mache nur Gesch\u00e4fte mit Menschen, die wie ich gerne ihr Bestes geben. Bei mir bekommst Du nur hochwertige Produkte, die ich selbst getestet habe und aus fachlicher Sicht f\u00fcr sinnvoll halte. Ich berate Dich gerne telefonisch. Du kannst dabei oder danach entspannt online einkaufen. Ich rufe Dich auch gerne zur\u00fcck.<br \/>\nVom Ern\u00e4hrungsberater mit Liebe recherchierte und individuell empfohlene Produkte f\u00fcr Deinen gesunden Lebensstil. Durch den Versand Deiner Bestellung <a href=\"https:\/\/shop.pieceofcake.coach\/meine-philosophie\">entstehen mehr Rohstoffe<\/a> als verbraucht werden. Gibt es so sonst nirgends.<\/p>\n<h4>Qualit\u00e4t unterst\u00fctzen oder &#8218;billiger, billiger&#8216;<\/h4>\n<p>Nat\u00fcrlich bekommst Du meine Produkte auch anderswo und m\u00f6glicherweise hier und da sogar etwas g\u00fcnstiger. Falls Du nicht auf jeden Cent achten musst, freue ich mich, wenn Du meinen Service wertsch\u00e4tzt und mein Kunde bleibst. Damit unterst\u00fctzt Du, dass mein erstklassiges Sortiment immer weiter w\u00e4chst. <a href=\"https:\/\/shop.pieceofcake.coach\/meine-philosophie\">Stammkunden<\/a> bekommen bei mir zudem Rabatte, <a href=\"https:\/\/pieceofcake.coach\/kontakt\">sprich mich gerne darauf an.<\/a><\/p><\/blockquote>\n<\/div>\n<\/div>\n<\/div>\n<\/section>\n","protected":false},"excerpt":{"rendered":"<p>Diese <strong>Basische Haarsp\u00fclung<\/strong> (pH Wert 7,5) ist Teil der basischen Pflegeserie von ph Cosmetics. Sie ist geeignet f\u00fcr Menschen mit <strong>empfindlicher<\/strong> oder <strong>enz\u00fcndeter<\/strong> <strong>Kopfhaut<\/strong>. Oder auch einfach nur, weil Du Dir etwas Gutes tun willst.<br \/>\nMit <strong>Aloe Vera, Avocado\u00f6l, Orange, Mandarine<\/strong> und <strong>Lavendel<\/strong>. <strong>Vegan<\/strong> und <strong>ohne sch\u00e4dliche Inhaltsstoffe<\/strong>. Die Produkte von ph Cosmetics sind nicht nur vegan, sondern ein <strong>Genuss<\/strong> und sehr <strong>ergiebig<\/strong>.<br \/>\nVom gleichen Produkt gibt es auch eine gr\u00f6\u00dfere 500 ml Flasche.<\/p>\n<p>Inhalt: 200 ml<\/p>\n","protected":false},"featured_media":27851,"comment_status":"closed","ping_status":"closed","template":"","meta":[],"product_brand":[],"product_cat":[348,361],"product_tag":[],"class_list":{"0":"post-3327","1":"product","2":"type-product","3":"status-publish","4":"has-post-thumbnail","6":"product_cat-ganzheitlich-gesund","7":"product_cat-basische-kosmetik","8":"description-off","10":"first","11":"outofstock","12":"taxable","13":"shipping-taxable","14":"purchasable","15":"product-type-simple"},"yoast_head":"<!-- This site is optimized with the Yoast SEO plugin v26.4 - https:\/\/yoast.com\/wordpress\/plugins\/seo\/ -->\n<title>Basische Haarsp\u00fclung 200 ml | piece of cake Gesundheitsshop \ud83c\udf70<\/title>\n<meta name=\"description\" content=\"Basische Haarsp\u00fclung 200 ml \u2705ph Cosmetics \u2705empfindliche Kopfhaut \u2705Aloe Vera, Avocado\u00f6l, Orange, Mandarine, Lavendel \u2705vegan \u2705ohne Schadstoffe\" \/>\n<meta name=\"robots\" content=\"index, follow, max-snippet:-1, max-image-preview:large, max-video-preview:-1\" \/>\n<link rel=\"canonical\" href=\"https:\/\/pieceofcake.coach\/gesundheitsshop\/produkte\/basische-haarspuelung-200-ml\" \/>\n<meta property=\"og:locale\" content=\"de_DE\" \/>\n<meta property=\"og:type\" content=\"article\" \/>\n<meta property=\"og:title\" content=\"Basische Haarsp\u00fclung 200 ml | piece of cake Gesundheitsshop \ud83c\udf70\" \/>\n<meta property=\"og:description\" content=\"Basische Haarsp\u00fclung 200 ml \u2705ph Cosmetics \u2705empfindliche Kopfhaut \u2705Aloe Vera, Avocado\u00f6l, Orange, Mandarine, Lavendel \u2705vegan \u2705ohne Schadstoffe\" \/>\n<meta property=\"og:url\" content=\"https:\/\/pieceofcake.coach\/gesundheitsshop\/produkte\/basische-haarspuelung-200-ml\" \/>\n<meta property=\"og:site_name\" content=\"piece of cake Gesundheitsshop\" \/>\n<meta property=\"article:modified_time\" content=\"2025-12-01T11:53:21+00:00\" \/>\n<meta property=\"og:image\" content=\"https:\/\/pieceofcake.coach\/gesundheitsshop\/wp-content\/uploads\/sites\/5\/2020\/05\/Basische-Haarspu\u0308lung-scaled.jpg\" \/>\n\t<meta property=\"og:image:width\" content=\"2560\" \/>\n\t<meta property=\"og:image:height\" content=\"2560\" \/>\n\t<meta property=\"og:image:type\" content=\"image\/jpeg\" \/>\n<meta name=\"twitter:card\" content=\"summary_large_image\" \/>\n<meta name=\"twitter:label1\" content=\"Gesch\u00e4tzte Lesezeit\" \/>\n\t<meta name=\"twitter:data1\" content=\"2\u00a0Minuten\" \/>\n<script type=\"application\/ld+json\" class=\"yoast-schema-graph\">{\"@context\":\"https:\/\/schema.org\",\"@graph\":[{\"@type\":\"WebPage\",\"@id\":\"https:\/\/pieceofcake.coach\/gesundheitsshop\/produkte\/basische-haarspuelung-200-ml\",\"url\":\"https:\/\/pieceofcake.coach\/gesundheitsshop\/produkte\/basische-haarspuelung-200-ml\",\"name\":\"Basische Haarsp\u00fclung 200 ml | piece of cake Gesundheitsshop \ud83c\udf70\",\"isPartOf\":{\"@id\":\"https:\/\/pieceofcake.coach\/gesundheitsshop\/#website\"},\"primaryImageOfPage\":{\"@id\":\"https:\/\/pieceofcake.coach\/gesundheitsshop\/produkte\/basische-haarspuelung-200-ml#primaryimage\"},\"image\":{\"@id\":\"https:\/\/pieceofcake.coach\/gesundheitsshop\/produkte\/basische-haarspuelung-200-ml#primaryimage\"},\"thumbnailUrl\":\"https:\/\/pieceofcake.coach\/gesundheitsshop\/wp-content\/uploads\/sites\/5\/2020\/05\/Basische-Haarspu\u0308lung-scaled.jpg\",\"datePublished\":\"2018-07-05T13:17:19+00:00\",\"dateModified\":\"2025-12-01T11:53:21+00:00\",\"description\":\"Basische Haarsp\u00fclung 200 ml \u2705ph Cosmetics \u2705empfindliche Kopfhaut \u2705Aloe Vera, Avocado\u00f6l, Orange, Mandarine, Lavendel \u2705vegan \u2705ohne Schadstoffe\",\"breadcrumb\":{\"@id\":\"https:\/\/pieceofcake.coach\/gesundheitsshop\/produkte\/basische-haarspuelung-200-ml#breadcrumb\"},\"inLanguage\":\"de\",\"potentialAction\":[{\"@type\":\"ReadAction\",\"target\":[\"https:\/\/pieceofcake.coach\/gesundheitsshop\/produkte\/basische-haarspuelung-200-ml\"]}]},{\"@type\":\"ImageObject\",\"inLanguage\":\"de\",\"@id\":\"https:\/\/pieceofcake.coach\/gesundheitsshop\/produkte\/basische-haarspuelung-200-ml#primaryimage\",\"url\":\"https:\/\/pieceofcake.coach\/gesundheitsshop\/wp-content\/uploads\/sites\/5\/2020\/05\/Basische-Haarspu\u0308lung-scaled.jpg\",\"contentUrl\":\"https:\/\/pieceofcake.coach\/gesundheitsshop\/wp-content\/uploads\/sites\/5\/2020\/05\/Basische-Haarspu\u0308lung-scaled.jpg\",\"width\":2560,\"height\":2560,\"caption\":\"Basische Haarspu\u0308lung 200 ml\"},{\"@type\":\"BreadcrumbList\",\"@id\":\"https:\/\/pieceofcake.coach\/gesundheitsshop\/produkte\/basische-haarspuelung-200-ml#breadcrumb\",\"itemListElement\":[{\"@type\":\"ListItem\",\"position\":1,\"name\":\"Startseite\",\"item\":\"https:\/\/pieceofcake.coach\/gesundheitsshop\/\"},{\"@type\":\"ListItem\",\"position\":2,\"name\":\"Produkte\",\"item\":\"https:\/\/pieceofcake.coach\/gesundheitsshop\/produkte\"},{\"@type\":\"ListItem\",\"position\":3,\"name\":\"Basische Haarsp\u00fclung 200 ml\"}]},{\"@type\":\"WebSite\",\"@id\":\"https:\/\/pieceofcake.coach\/gesundheitsshop\/#website\",\"url\":\"https:\/\/pieceofcake.coach\/gesundheitsshop\/\",\"name\":\"piece of cake Gesundheitsshop\",\"description\":\"\",\"potentialAction\":[{\"@type\":\"SearchAction\",\"target\":{\"@type\":\"EntryPoint\",\"urlTemplate\":\"https:\/\/pieceofcake.coach\/gesundheitsshop\/?s={search_term_string}\"},\"query-input\":{\"@type\":\"PropertyValueSpecification\",\"valueRequired\":true,\"valueName\":\"search_term_string\"}}],\"inLanguage\":\"de\"}]}<\/script>\n<!-- \/ Yoast SEO plugin. -->","yoast_head_json":{"title":"Basische Haarsp\u00fclung 200 ml | piece of cake Gesundheitsshop \ud83c\udf70","description":"Basische Haarsp\u00fclung 200 ml \u2705ph Cosmetics \u2705empfindliche Kopfhaut \u2705Aloe Vera, Avocado\u00f6l, Orange, Mandarine, Lavendel \u2705vegan \u2705ohne Schadstoffe","robots":{"index":"index","follow":"follow","max-snippet":"max-snippet:-1","max-image-preview":"max-image-preview:large","max-video-preview":"max-video-preview:-1"},"canonical":"https:\/\/pieceofcake.coach\/gesundheitsshop\/produkte\/basische-haarspuelung-200-ml","og_locale":"de_DE","og_type":"article","og_title":"Basische Haarsp\u00fclung 200 ml | piece of cake Gesundheitsshop \ud83c\udf70","og_description":"Basische Haarsp\u00fclung 200 ml \u2705ph Cosmetics \u2705empfindliche Kopfhaut \u2705Aloe Vera, Avocado\u00f6l, Orange, Mandarine, Lavendel \u2705vegan \u2705ohne Schadstoffe","og_url":"https:\/\/pieceofcake.coach\/gesundheitsshop\/produkte\/basische-haarspuelung-200-ml","og_site_name":"piece of cake Gesundheitsshop","article_modified_time":"2025-12-01T11:53:21+00:00","og_image":[{"width":2560,"height":2560,"url":"https:\/\/pieceofcake.coach\/gesundheitsshop\/wp-content\/uploads\/sites\/5\/2020\/05\/Basische-Haarspu\u0308lung-scaled.jpg","type":"image\/jpeg"}],"twitter_card":"summary_large_image","twitter_misc":{"Gesch\u00e4tzte Lesezeit":"2\u00a0Minuten"},"schema":{"@context":"https:\/\/schema.org","@graph":[{"@type":"WebPage","@id":"https:\/\/pieceofcake.coach\/gesundheitsshop\/produkte\/basische-haarspuelung-200-ml","url":"https:\/\/pieceofcake.coach\/gesundheitsshop\/produkte\/basische-haarspuelung-200-ml","name":"Basische Haarsp\u00fclung 200 ml | piece of cake Gesundheitsshop \ud83c\udf70","isPartOf":{"@id":"https:\/\/pieceofcake.coach\/gesundheitsshop\/#website"},"primaryImageOfPage":{"@id":"https:\/\/pieceofcake.coach\/gesundheitsshop\/produkte\/basische-haarspuelung-200-ml#primaryimage"},"image":{"@id":"https:\/\/pieceofcake.coach\/gesundheitsshop\/produkte\/basische-haarspuelung-200-ml#primaryimage"},"thumbnailUrl":"https:\/\/pieceofcake.coach\/gesundheitsshop\/wp-content\/uploads\/sites\/5\/2020\/05\/Basische-Haarspu\u0308lung-scaled.jpg","datePublished":"2018-07-05T13:17:19+00:00","dateModified":"2025-12-01T11:53:21+00:00","description":"Basische Haarsp\u00fclung 200 ml \u2705ph Cosmetics \u2705empfindliche Kopfhaut \u2705Aloe Vera, Avocado\u00f6l, Orange, Mandarine, Lavendel \u2705vegan \u2705ohne Schadstoffe","breadcrumb":{"@id":"https:\/\/pieceofcake.coach\/gesundheitsshop\/produkte\/basische-haarspuelung-200-ml#breadcrumb"},"inLanguage":"de","potentialAction":[{"@type":"ReadAction","target":["https:\/\/pieceofcake.coach\/gesundheitsshop\/produkte\/basische-haarspuelung-200-ml"]}]},{"@type":"ImageObject","inLanguage":"de","@id":"https:\/\/pieceofcake.coach\/gesundheitsshop\/produkte\/basische-haarspuelung-200-ml#primaryimage","url":"https:\/\/pieceofcake.coach\/gesundheitsshop\/wp-content\/uploads\/sites\/5\/2020\/05\/Basische-Haarspu\u0308lung-scaled.jpg","contentUrl":"https:\/\/pieceofcake.coach\/gesundheitsshop\/wp-content\/uploads\/sites\/5\/2020\/05\/Basische-Haarspu\u0308lung-scaled.jpg","width":2560,"height":2560,"caption":"Basische Haarspu\u0308lung 200 ml"},{"@type":"BreadcrumbList","@id":"https:\/\/pieceofcake.coach\/gesundheitsshop\/produkte\/basische-haarspuelung-200-ml#breadcrumb","itemListElement":[{"@type":"ListItem","position":1,"name":"Startseite","item":"https:\/\/pieceofcake.coach\/gesundheitsshop\/"},{"@type":"ListItem","position":2,"name":"Produkte","item":"https:\/\/pieceofcake.coach\/gesundheitsshop\/produkte"},{"@type":"ListItem","position":3,"name":"Basische Haarsp\u00fclung 200 ml"}]},{"@type":"WebSite","@id":"https:\/\/pieceofcake.coach\/gesundheitsshop\/#website","url":"https:\/\/pieceofcake.coach\/gesundheitsshop\/","name":"piece of cake Gesundheitsshop","description":"","potentialAction":[{"@type":"SearchAction","target":{"@type":"EntryPoint","urlTemplate":"https:\/\/pieceofcake.coach\/gesundheitsshop\/?s={search_term_string}"},"query-input":{"@type":"PropertyValueSpecification","valueRequired":true,"valueName":"search_term_string"}}],"inLanguage":"de"}]}},"_links":{"self":[{"href":"https:\/\/pieceofcake.coach\/gesundheitsshop\/wp-json\/wp\/v2\/product\/3327","targetHints":{"allow":["GET"]}}],"collection":[{"href":"https:\/\/pieceofcake.coach\/gesundheitsshop\/wp-json\/wp\/v2\/product"}],"about":[{"href":"https:\/\/pieceofcake.coach\/gesundheitsshop\/wp-json\/wp\/v2\/types\/product"}],"replies":[{"embeddable":true,"href":"https:\/\/pieceofcake.coach\/gesundheitsshop\/wp-json\/wp\/v2\/comments?post=3327"}],"wp:featuredmedia":[{"embeddable":true,"href":"https:\/\/pieceofcake.coach\/gesundheitsshop\/wp-json\/wp\/v2\/media\/27851"}],"wp:attachment":[{"href":"https:\/\/pieceofcake.coach\/gesundheitsshop\/wp-json\/wp\/v2\/media?parent=3327"}],"wp:term":[{"taxonomy":"product_brand","embeddable":true,"href":"https:\/\/pieceofcake.coach\/gesundheitsshop\/wp-json\/wp\/v2\/product_brand?post=3327"},{"taxonomy":"product_cat","embeddable":true,"href":"https:\/\/pieceofcake.coach\/gesundheitsshop\/wp-json\/wp\/v2\/product_cat?post=3327"},{"taxonomy":"product_tag","embeddable":true,"href":"https:\/\/pieceofcake.coach\/gesundheitsshop\/wp-json\/wp\/v2\/product_tag?post=3327"}],"curies":[{"name":"wp","href":"https:\/\/api.w.org\/{rel}","templated":true}]}}