{"id":3399,"date":"2018-07-06T19:15:34","date_gmt":"2018-07-06T17:15:34","guid":{"rendered":"https:\/\/shop.pieceofcake.coach\/?post_type=product&#038;p=3399"},"modified":"2025-10-06T07:58:02","modified_gmt":"2025-10-06T05:58:02","slug":"bentonit-detox-pulver","status":"publish","type":"product","link":"https:\/\/pieceofcake.coach\/gesundheitsshop\/produkte\/bentonit-detox-pulver","title":{"rendered":"Bentonit Detox Pulver"},"content":{"rendered":"<h2>Was ist Bentonit Detox Pulver?<\/h2>\n<p>Bentonit ist eine Vulkanerde, die durch Verwitterung von Vulkanasche entstanden ist. Aufgrund ihrer molekularen Gitterstruktur bindet sie Wasser und sch\u00e4dliche Feststoffe.<\/p>\n<h2>Wof\u00fcr eignet sich Bentonit Detox Pulver?<\/h2>\n<p>Bentonit kann \u00fcberall dort eingesetzt werden, wo Wasser oder Feststoffe gebunden werden sollen. Das macht zum Beispiel bei akuten Durchf\u00e4llen Sinn. Oder wenn im Rahmen einer Darmreinigung oder Darmsanierung Stoffe im Darm gebunden und ausgeschieden und nicht erneut resorbiert werden sollen. Im Zusammenspiel mit einer entsprechenden Ern\u00e4hrung sowie mit feinst gemahlenen <a href=\"https:\/\/shop.pieceofcake.coach\/produkte\/flohsamenschalen\">Flohsamenschalen<\/a> und einem geeigneten <a href=\"https:\/\/shop.pieceofcake.coach\/produkte\/pro-intens-ultra-probiotikum-30-kapseln\">Probiotikum<\/a> ist Bentonit integraler Bestandteil einer <a href=\"https:\/\/pieceofcake.coach\/darmsanierung-weg-zur-darmgesundheit\" target=\"_blank\" rel=\"noopener noreferrer\">Darmsanierung<\/a>.<\/p>\n<h2>Hohe Adsorptionskraft<\/h2>\n<p>Die Mineralerde liegt hier sehr fein vermahlen vor, so dass ihre Oberfl\u00e4che enorm gross ist. Zudem verf\u00fcgen ihre Partikel \u00fcber eine negative Ladung. Beide Eigenschaften f\u00fchren zu einer ungew\u00f6hnlich hohen Adsorptionsf\u00e4higkeit dieser Mineralerde. Der Begriff Adsorption beschreibt das \u201eBinden von Stoffen\u201c. Bentonit bindet Stoffe so fest wie kaum ein anderer Stoff.<\/p>\n<p>Geschieht dies im Verdauungssystem, werden die gebundenen Stoffe nicht mehr resorbiert. Sie gelangen folglich nicht in die Blutbahn, sondern werden samt der Mineralerde wieder ausgeschieden. Bentonit Detox Pulver bindet vor allem Schwermetalle, Pestizidr\u00fcckst\u00e4nde und Schimmelpilzgifte. Dies entlastet den Verdauungstrakt und schont die so wichtige Darmflora.<\/p>\n<h2>Montmorillonit bindet unter anderem Schwermetalle<\/h2>\n<p>Montmorillonit ist das Mineral, das dieses Produkt so wertvoll macht. Das vorliegende Pulver enth\u00e4lt mindestens sechzig Prozent Montmorillonit. Das Besondere an diesem Tonmineral ist sein hohes Ionenaustauschverm\u00f6gen. Es bindet in seinem Inneren Kationen, die es gegen andere Kationen austauschen kann. Kationen im Montmorillonit sind positiv geladene Ionen, wie zum Beispiel von Calcium und Natrium. Diese tauschen dann mit anderen positiv geladene Ionen von unter anderem Schwermetallen wie etwa Blei oder Cadmium die Stelle.<\/p>\n<h2>Qualit\u00e4t und Herkunft dieses Bentonits &#8211; nur in Pharmaqualit\u00e4t kaufen<\/h2>\n<p>Bentonit solltest Du nur in Pharmaqualit\u00e4t kaufen. Diese h\u00f6chste Qualit\u00e4t garantiert, dass das Produkt nicht durch Begleitgestein verunreinigt ist. Bei Bentonit Detox Pulver handelt es sich um 100 % nat\u00fcrliches Calcium-Natrium-Bentonit aus Deutschland. Es entspricht den Vorgaben des Europ\u00e4ischen Arzneibuchs, Ph. Eur. 8.2 von 2015 und der British Pharmacopoeia 2015, BP 2015.<\/p>\n<p>&nbsp;<\/p>\n<section class=\"vc_cta3_content-container\">\n<div class=\"vc_general vc_cta3 vc_cta3-style-classic vc_cta3-shape-rounded vc_cta3-align-left vc_cta3-color-classic vc_cta3-icon-size-md vc_cta3-actions-bottom\">\n<div class=\"vc_cta3_content-container\">\n<div class=\"vc_cta3-content\">\n<blockquote>\n<h4>Meine Philosophie:<br \/>\nErstklassige Produkte, pers\u00f6nliche Beratung, entspanntes Einkaufen, durch den Versand entstehen Rohstoffe<\/h4>\n<p>Bentonit Detox Pulver beziehe ich von <em>myfairtrade<\/em>, einem meiner handverlesenen Hersteller und Lieferanten. Mit meinen Gesch\u00e4ftspartnern halte ich einen oft \u00fcber Jahre gewachsenen pers\u00f6nlichen Kontakt. Und ich mache nur Gesch\u00e4fte mit Menschen, die wie ich gerne ihr Bestes geben. Bei mir bekommst Du nur hochwertige Produkte, die ich selbst getestet habe und aus fachlicher Sicht f\u00fcr sinnvoll halte. Ich berate Dich gerne telefonisch. Du kannst dabei oder danach entspannt online einkaufen. Ich rufe Dich auch gerne zur\u00fcck.<br \/>\nVom Ern\u00e4hrungsberater mit Liebe recherchierte und individuell empfohlene Produkte f\u00fcr Deinen gesunden Lebensstil. Durch den Versand Deiner Bestellung <a href=\"https:\/\/shop.pieceofcake.coach\/meine-philosophie\">entstehen mehr Rohstoffe<\/a> als verbraucht werden. Gibt es so sonst nirgends.<\/p>\n<h4>Qualit\u00e4t unterst\u00fctzen oder &#8218;billiger, billiger&#8216;<\/h4>\n<p>Nat\u00fcrlich bekommst Du meine Produkte auch anderswo und m\u00f6glicherweise hier und da sogar etwas g\u00fcnstiger. Falls Du nicht auf jeden Cent achten musst, freue ich mich, wenn Du meinen Service wertsch\u00e4tzt und mein Kunde bleibst. Damit unterst\u00fctzt Du, dass mein erstklassiges Sortiment immer weiter w\u00e4chst. <a href=\"https:\/\/shop.pieceofcake.coach\/meine-philosophie\">Stammkunden<\/a> bekommen bei mir zudem Rabatte, <a href=\"https:\/\/pieceofcake.coach\/kontakt\">sprich mich gerne darauf an.<\/a><\/p><\/blockquote>\n<\/div>\n<\/div>\n<\/div>\n<\/section>\n","protected":false},"excerpt":{"rendered":"<p><strong>Bentonit<\/strong> ist eine <strong>hochwirksame Mineralerde<\/strong>, die <strong>Schadstoffe<\/strong> im <strong>Darm binde<\/strong>t. In Verbindung mit <strong>Flohsamenschalen<\/strong> und einem geeigneten <strong>Probiotikum<\/strong> ist Bentonit Detox Pulver idealer Bestandteil einer <strong>Darmsanierung<\/strong>. Das wichtigste ist aber auch hierbei &#8211; wie immer &#8211; die Ern\u00e4hrung, nicht die Erg\u00e4nzung. <strong>Sprich gerne mit mir<\/strong> dar\u00fcber, bevor Du eine <strong>Darmsanierung auf eigene Faust<\/strong> beginnst. Als <strong>Ern\u00e4hrungsberater<\/strong> habe ich vielen <strong>Klienten<\/strong> damit <strong>geholfen<\/strong>.<\/p>\n<p>Inhalt: 400g reinstes Bentonit, Medizinprodukt der Klasse IIB<\/p>\n","protected":false},"featured_media":27619,"comment_status":"closed","ping_status":"closed","template":"","meta":[],"product_brand":[],"product_cat":[370,376,357,356],"product_tag":[],"class_list":{"0":"post-3399","1":"product","2":"type-product","3":"status-publish","4":"has-post-thumbnail","6":"product_cat-autonom-mit-autoimmun","7":"product_cat-entgiften","8":"product_cat-darmsanierung","9":"product_cat-immunsystem-staerken","10":"description-off","12":"first","13":"instock","14":"taxable","15":"shipping-taxable","16":"purchasable","17":"product-type-simple"},"yoast_head":"<!-- This site is optimized with the Yoast SEO plugin v26.4 - https:\/\/yoast.com\/wordpress\/plugins\/seo\/ -->\n<title>Bentonit Detox Pulver | piece of cake Gesundheitsshop \ud83c\udf70<\/title>\n<meta name=\"description\" content=\"Bentonit Detox Pulver \u2705bindet Schwermetalle \u2705hohe Adsorptionskraft \u2705zur Darmsanierung \u2705medizinische Reinheit \u2705\u2265 60% Montmorillonit\" \/>\n<meta name=\"robots\" content=\"index, follow, max-snippet:-1, max-image-preview:large, max-video-preview:-1\" \/>\n<link rel=\"canonical\" href=\"https:\/\/pieceofcake.coach\/gesundheitsshop\/produkte\/bentonit-detox-pulver\" \/>\n<meta property=\"og:locale\" content=\"de_DE\" \/>\n<meta property=\"og:type\" content=\"article\" \/>\n<meta property=\"og:title\" content=\"Bentonit Detox Pulver | piece of cake Gesundheitsshop \ud83c\udf70\" \/>\n<meta property=\"og:description\" content=\"Bentonit Detox Pulver \u2705bindet Schwermetalle \u2705hohe Adsorptionskraft \u2705zur Darmsanierung \u2705medizinische Reinheit \u2705\u2265 60% Montmorillonit\" \/>\n<meta property=\"og:url\" content=\"https:\/\/pieceofcake.coach\/gesundheitsshop\/produkte\/bentonit-detox-pulver\" \/>\n<meta property=\"og:site_name\" content=\"piece of cake Gesundheitsshop\" \/>\n<meta property=\"article:modified_time\" content=\"2025-10-06T05:58:02+00:00\" \/>\n<meta property=\"og:image\" content=\"https:\/\/pieceofcake.coach\/gesundheitsshop\/wp-content\/uploads\/sites\/5\/2018\/07\/Bentonit-Detox-scaled-e1585579211845.jpg\" \/>\n\t<meta property=\"og:image:width\" content=\"1000\" \/>\n\t<meta property=\"og:image:height\" content=\"1000\" \/>\n\t<meta property=\"og:image:type\" content=\"image\/jpeg\" \/>\n<meta name=\"twitter:card\" content=\"summary_large_image\" \/>\n<meta name=\"twitter:label1\" content=\"Gesch\u00e4tzte Lesezeit\" \/>\n\t<meta name=\"twitter:data1\" content=\"3\u00a0Minuten\" \/>\n<script type=\"application\/ld+json\" class=\"yoast-schema-graph\">{\"@context\":\"https:\/\/schema.org\",\"@graph\":[{\"@type\":\"WebPage\",\"@id\":\"https:\/\/pieceofcake.coach\/gesundheitsshop\/produkte\/bentonit-detox-pulver\",\"url\":\"https:\/\/pieceofcake.coach\/gesundheitsshop\/produkte\/bentonit-detox-pulver\",\"name\":\"Bentonit Detox Pulver | piece of cake Gesundheitsshop \ud83c\udf70\",\"isPartOf\":{\"@id\":\"https:\/\/pieceofcake.coach\/gesundheitsshop\/#website\"},\"primaryImageOfPage\":{\"@id\":\"https:\/\/pieceofcake.coach\/gesundheitsshop\/produkte\/bentonit-detox-pulver#primaryimage\"},\"image\":{\"@id\":\"https:\/\/pieceofcake.coach\/gesundheitsshop\/produkte\/bentonit-detox-pulver#primaryimage\"},\"thumbnailUrl\":\"https:\/\/pieceofcake.coach\/gesundheitsshop\/wp-content\/uploads\/sites\/5\/2018\/07\/Bentonit-Detox-scaled-e1585579211845.jpg\",\"datePublished\":\"2018-07-06T17:15:34+00:00\",\"dateModified\":\"2025-10-06T05:58:02+00:00\",\"description\":\"Bentonit Detox Pulver \u2705bindet Schwermetalle \u2705hohe Adsorptionskraft \u2705zur Darmsanierung \u2705medizinische Reinheit \u2705\u2265 60% Montmorillonit\",\"breadcrumb\":{\"@id\":\"https:\/\/pieceofcake.coach\/gesundheitsshop\/produkte\/bentonit-detox-pulver#breadcrumb\"},\"inLanguage\":\"de\",\"potentialAction\":[{\"@type\":\"ReadAction\",\"target\":[\"https:\/\/pieceofcake.coach\/gesundheitsshop\/produkte\/bentonit-detox-pulver\"]}]},{\"@type\":\"ImageObject\",\"inLanguage\":\"de\",\"@id\":\"https:\/\/pieceofcake.coach\/gesundheitsshop\/produkte\/bentonit-detox-pulver#primaryimage\",\"url\":\"https:\/\/pieceofcake.coach\/gesundheitsshop\/wp-content\/uploads\/sites\/5\/2018\/07\/Bentonit-Detox-scaled-e1585579211845.jpg\",\"contentUrl\":\"https:\/\/pieceofcake.coach\/gesundheitsshop\/wp-content\/uploads\/sites\/5\/2018\/07\/Bentonit-Detox-scaled-e1585579211845.jpg\",\"width\":1000,\"height\":1000,\"caption\":\"Bentonit Detox\"},{\"@type\":\"BreadcrumbList\",\"@id\":\"https:\/\/pieceofcake.coach\/gesundheitsshop\/produkte\/bentonit-detox-pulver#breadcrumb\",\"itemListElement\":[{\"@type\":\"ListItem\",\"position\":1,\"name\":\"Startseite\",\"item\":\"https:\/\/pieceofcake.coach\/gesundheitsshop\/\"},{\"@type\":\"ListItem\",\"position\":2,\"name\":\"Produkte\",\"item\":\"https:\/\/pieceofcake.coach\/gesundheitsshop\/produkte\"},{\"@type\":\"ListItem\",\"position\":3,\"name\":\"Bentonit Detox Pulver\"}]},{\"@type\":\"WebSite\",\"@id\":\"https:\/\/pieceofcake.coach\/gesundheitsshop\/#website\",\"url\":\"https:\/\/pieceofcake.coach\/gesundheitsshop\/\",\"name\":\"piece of cake Gesundheitsshop\",\"description\":\"\",\"potentialAction\":[{\"@type\":\"SearchAction\",\"target\":{\"@type\":\"EntryPoint\",\"urlTemplate\":\"https:\/\/pieceofcake.coach\/gesundheitsshop\/?s={search_term_string}\"},\"query-input\":{\"@type\":\"PropertyValueSpecification\",\"valueRequired\":true,\"valueName\":\"search_term_string\"}}],\"inLanguage\":\"de\"}]}<\/script>\n<!-- \/ Yoast SEO plugin. -->","yoast_head_json":{"title":"Bentonit Detox Pulver | piece of cake Gesundheitsshop \ud83c\udf70","description":"Bentonit Detox Pulver \u2705bindet Schwermetalle \u2705hohe Adsorptionskraft \u2705zur Darmsanierung \u2705medizinische Reinheit \u2705\u2265 60% Montmorillonit","robots":{"index":"index","follow":"follow","max-snippet":"max-snippet:-1","max-image-preview":"max-image-preview:large","max-video-preview":"max-video-preview:-1"},"canonical":"https:\/\/pieceofcake.coach\/gesundheitsshop\/produkte\/bentonit-detox-pulver","og_locale":"de_DE","og_type":"article","og_title":"Bentonit Detox Pulver | piece of cake Gesundheitsshop \ud83c\udf70","og_description":"Bentonit Detox Pulver \u2705bindet Schwermetalle \u2705hohe Adsorptionskraft \u2705zur Darmsanierung \u2705medizinische Reinheit \u2705\u2265 60% Montmorillonit","og_url":"https:\/\/pieceofcake.coach\/gesundheitsshop\/produkte\/bentonit-detox-pulver","og_site_name":"piece of cake Gesundheitsshop","article_modified_time":"2025-10-06T05:58:02+00:00","og_image":[{"width":1000,"height":1000,"url":"https:\/\/pieceofcake.coach\/gesundheitsshop\/wp-content\/uploads\/sites\/5\/2018\/07\/Bentonit-Detox-scaled-e1585579211845.jpg","type":"image\/jpeg"}],"twitter_card":"summary_large_image","twitter_misc":{"Gesch\u00e4tzte Lesezeit":"3\u00a0Minuten"},"schema":{"@context":"https:\/\/schema.org","@graph":[{"@type":"WebPage","@id":"https:\/\/pieceofcake.coach\/gesundheitsshop\/produkte\/bentonit-detox-pulver","url":"https:\/\/pieceofcake.coach\/gesundheitsshop\/produkte\/bentonit-detox-pulver","name":"Bentonit Detox Pulver | piece of cake Gesundheitsshop \ud83c\udf70","isPartOf":{"@id":"https:\/\/pieceofcake.coach\/gesundheitsshop\/#website"},"primaryImageOfPage":{"@id":"https:\/\/pieceofcake.coach\/gesundheitsshop\/produkte\/bentonit-detox-pulver#primaryimage"},"image":{"@id":"https:\/\/pieceofcake.coach\/gesundheitsshop\/produkte\/bentonit-detox-pulver#primaryimage"},"thumbnailUrl":"https:\/\/pieceofcake.coach\/gesundheitsshop\/wp-content\/uploads\/sites\/5\/2018\/07\/Bentonit-Detox-scaled-e1585579211845.jpg","datePublished":"2018-07-06T17:15:34+00:00","dateModified":"2025-10-06T05:58:02+00:00","description":"Bentonit Detox Pulver \u2705bindet Schwermetalle \u2705hohe Adsorptionskraft \u2705zur Darmsanierung \u2705medizinische Reinheit \u2705\u2265 60% Montmorillonit","breadcrumb":{"@id":"https:\/\/pieceofcake.coach\/gesundheitsshop\/produkte\/bentonit-detox-pulver#breadcrumb"},"inLanguage":"de","potentialAction":[{"@type":"ReadAction","target":["https:\/\/pieceofcake.coach\/gesundheitsshop\/produkte\/bentonit-detox-pulver"]}]},{"@type":"ImageObject","inLanguage":"de","@id":"https:\/\/pieceofcake.coach\/gesundheitsshop\/produkte\/bentonit-detox-pulver#primaryimage","url":"https:\/\/pieceofcake.coach\/gesundheitsshop\/wp-content\/uploads\/sites\/5\/2018\/07\/Bentonit-Detox-scaled-e1585579211845.jpg","contentUrl":"https:\/\/pieceofcake.coach\/gesundheitsshop\/wp-content\/uploads\/sites\/5\/2018\/07\/Bentonit-Detox-scaled-e1585579211845.jpg","width":1000,"height":1000,"caption":"Bentonit Detox"},{"@type":"BreadcrumbList","@id":"https:\/\/pieceofcake.coach\/gesundheitsshop\/produkte\/bentonit-detox-pulver#breadcrumb","itemListElement":[{"@type":"ListItem","position":1,"name":"Startseite","item":"https:\/\/pieceofcake.coach\/gesundheitsshop\/"},{"@type":"ListItem","position":2,"name":"Produkte","item":"https:\/\/pieceofcake.coach\/gesundheitsshop\/produkte"},{"@type":"ListItem","position":3,"name":"Bentonit Detox Pulver"}]},{"@type":"WebSite","@id":"https:\/\/pieceofcake.coach\/gesundheitsshop\/#website","url":"https:\/\/pieceofcake.coach\/gesundheitsshop\/","name":"piece of cake Gesundheitsshop","description":"","potentialAction":[{"@type":"SearchAction","target":{"@type":"EntryPoint","urlTemplate":"https:\/\/pieceofcake.coach\/gesundheitsshop\/?s={search_term_string}"},"query-input":{"@type":"PropertyValueSpecification","valueRequired":true,"valueName":"search_term_string"}}],"inLanguage":"de"}]}},"_links":{"self":[{"href":"https:\/\/pieceofcake.coach\/gesundheitsshop\/wp-json\/wp\/v2\/product\/3399","targetHints":{"allow":["GET"]}}],"collection":[{"href":"https:\/\/pieceofcake.coach\/gesundheitsshop\/wp-json\/wp\/v2\/product"}],"about":[{"href":"https:\/\/pieceofcake.coach\/gesundheitsshop\/wp-json\/wp\/v2\/types\/product"}],"replies":[{"embeddable":true,"href":"https:\/\/pieceofcake.coach\/gesundheitsshop\/wp-json\/wp\/v2\/comments?post=3399"}],"wp:featuredmedia":[{"embeddable":true,"href":"https:\/\/pieceofcake.coach\/gesundheitsshop\/wp-json\/wp\/v2\/media\/27619"}],"wp:attachment":[{"href":"https:\/\/pieceofcake.coach\/gesundheitsshop\/wp-json\/wp\/v2\/media?parent=3399"}],"wp:term":[{"taxonomy":"product_brand","embeddable":true,"href":"https:\/\/pieceofcake.coach\/gesundheitsshop\/wp-json\/wp\/v2\/product_brand?post=3399"},{"taxonomy":"product_cat","embeddable":true,"href":"https:\/\/pieceofcake.coach\/gesundheitsshop\/wp-json\/wp\/v2\/product_cat?post=3399"},{"taxonomy":"product_tag","embeddable":true,"href":"https:\/\/pieceofcake.coach\/gesundheitsshop\/wp-json\/wp\/v2\/product_tag?post=3399"}],"curies":[{"name":"wp","href":"https:\/\/api.w.org\/{rel}","templated":true}]}}